Back to Multiple platform build/check report for BioC 3.20: simplified long |
|
This page was generated on 2024-05-06 11:37:13 -0400 (Mon, 06 May 2024).
Hostname | OS | Arch (*) | R version | Installed pkgs |
---|---|---|---|---|
nebbiolo2 | Linux (Ubuntu 22.04.3 LTS) | x86_64 | 4.4.0 RC (2024-04-16 r86468) -- "Puppy Cup" | 4661 |
palomino4 | Windows Server 2022 Datacenter | x64 | 4.4.0 RC (2024-04-16 r86468 ucrt) -- "Puppy Cup" | 4392 |
merida1 | macOS 12.7.4 Monterey | x86_64 | 4.4.0 Patched (2024-04-24 r86482) -- "Puppy Cup" | 4423 |
Click on any hostname to see more info about the system (e.g. compilers) (*) as reported by 'uname -p', except on Windows and Mac OS X |
Package 1573/2230 | Hostname | OS / Arch | INSTALL | BUILD | CHECK | BUILD BIN | ||||||||
psichomics 1.31.0 (landing page) Nuno Saraiva-Agostinho
| nebbiolo2 | Linux (Ubuntu 22.04.3 LTS) / x86_64 | OK | OK | OK | |||||||||
palomino4 | Windows Server 2022 Datacenter / x64 | OK | ERROR | skipped | skipped | |||||||||
merida1 | macOS 12.7.4 Monterey / x86_64 | OK | OK | OK | OK | |||||||||
kjohnson1 | macOS 13.6.6 Ventura / arm64 | see weekly results here | ||||||||||||
To the developers/maintainers of the psichomics package: - Allow up to 24 hours (and sometimes 48 hours) for your latest push to git@git.bioconductor.org:packages/psichomics.git to reflect on this report. See Troubleshooting Build Report for more information. - Use the following Renviron settings to reproduce errors and warnings. - If 'R CMD check' started to fail recently on the Linux builder(s) over a missing dependency, add the missing dependency to 'Suggests:' in your DESCRIPTION file. See Renviron.bioc for more information. |
Package: psichomics |
Version: 1.31.0 |
Command: chmod a+r psichomics -R && F:\biocbuild\bbs-3.20-bioc\R\bin\R.exe CMD build --keep-empty-dirs --no-resave-data psichomics |
StartedAt: 2024-05-03 22:17:59 -0400 (Fri, 03 May 2024) |
EndedAt: 2024-05-03 22:20:24 -0400 (Fri, 03 May 2024) |
EllapsedTime: 145.7 seconds |
RetCode: 1 |
Status: ERROR |
PackageFile: None |
PackageFileSize: NA |
############################################################################## ############################################################################## ### ### Running command: ### ### chmod a+r psichomics -R && F:\biocbuild\bbs-3.20-bioc\R\bin\R.exe CMD build --keep-empty-dirs --no-resave-data psichomics ### ############################################################################## ############################################################################## * checking for file 'psichomics/DESCRIPTION' ... OK * preparing 'psichomics': * checking DESCRIPTION meta-information ... OK * cleaning src * installing the package to build vignettes * creating vignettes ... ERROR --- re-building 'AS_events_preparation.Rmd' using rmarkdown --- finished re-building 'AS_events_preparation.Rmd' --- re-building 'CLI_tutorial.Rmd' using rmarkdown Quitting from lines at lines 159-162 [quantify options] (CLI_tutorial.Rmd) Error: processing vignette 'CLI_tutorial.Rmd' failed with diagnostics: Corrupt Cache: index file See AnnotationHub's TroubleshootingTheHubs vignette section on corrupt cache cache: F:\biocbuild\AnnotationHub_cache filename: annotationhub.index.rds --- failed re-building 'CLI_tutorial.Rmd' --- re-building 'GUI_tutorial.Rmd' using rmarkdown --- finished re-building 'GUI_tutorial.Rmd' --- re-building 'custom_data.Rmd' using rmarkdown --- finished re-building 'custom_data.Rmd' SUMMARY: processing the following file failed: 'CLI_tutorial.Rmd' Error: Vignette re-building failed. Execution halted