Back to Multiple platform build/check report for BioC 3.17:   simplified   long
ABCDEFGHIJKLMNO[P]QRSTUVWXYZ

This page was generated on 2023-03-24 11:07:05 -0400 (Fri, 24 Mar 2023).

HostnameOSArch (*)R versionInstalled pkgs
nebbiolo1Linux (Ubuntu 22.04.1 LTS)x86_64R Under development (unstable) (2023-03-16 r83996) -- "Unsuffered Consequences" 4546
palomino3Windows Server 2022 Datacenterx64R Under development (unstable) (2023-03-15 r83984 ucrt) -- "Unsuffered Consequences" 4307
merida1macOS 10.14.6 Mojavex86_64R Under development (unstable) (2023-03-16 r83985) -- "Unsuffered Consequences" 4299
Click on any hostname to see more info about the system (e.g. compilers)      (*) as reported by 'uname -p', except on Windows and Mac OS X

CHECK results for psichomics on merida1


To the developers/maintainers of the psichomics package:
- Please allow up to 24 hours (and sometimes 48 hours) for your latest push to git@git.bioconductor.org:packages/psichomics.git to
reflect on this report. See How and When does the builder pull? When will my changes propagate? for more information.
- Make sure to use the following settings in order to reproduce any error or warning you see on this page.

raw results

Package 1559/2195HostnameOS / ArchINSTALLBUILDCHECKBUILD BIN
psichomics 1.25.0  (landing page)
Nuno Saraiva-Agostinho
Snapshot Date: 2023-03-23 14:00:15 -0400 (Thu, 23 Mar 2023)
git_url: https://git.bioconductor.org/packages/psichomics
git_branch: devel
git_last_commit: 2e8fe2b
git_last_commit_date: 2022-11-01 11:14:40 -0400 (Tue, 01 Nov 2022)
nebbiolo1Linux (Ubuntu 22.04.1 LTS) / x86_64  OK    OK    WARNINGS  UNNEEDED, same version is already published
palomino3Windows Server 2022 Datacenter / x64  OK    OK    WARNINGS    OK  UNNEEDED, same version is already published
merida1macOS 10.14.6 Mojave / x86_64  OK    OK    WARNINGS    OK  UNNEEDED, same version is already published

Summary

Package: psichomics
Version: 1.25.0
Command: /Library/Frameworks/R.framework/Resources/bin/R CMD check --install=check:psichomics.install-out.txt --library=/Library/Frameworks/R.framework/Resources/library --no-vignettes --timings psichomics_1.25.0.tar.gz
StartedAt: 2023-03-24 05:11:19 -0400 (Fri, 24 Mar 2023)
EndedAt: 2023-03-24 05:30:05 -0400 (Fri, 24 Mar 2023)
EllapsedTime: 1125.7 seconds
RetCode: 0
Status:   WARNINGS  
CheckDir: psichomics.Rcheck
Warnings: 1

Command output

##############################################################################
##############################################################################
###
### Running command:
###
###   /Library/Frameworks/R.framework/Resources/bin/R CMD check --install=check:psichomics.install-out.txt --library=/Library/Frameworks/R.framework/Resources/library --no-vignettes --timings psichomics_1.25.0.tar.gz
###
##############################################################################
##############################################################################


* using log directory ‘/Users/biocbuild/bbs-3.17-bioc/meat/psichomics.Rcheck’
* using R Under development (unstable) (2023-03-16 r83985)
* using platform: x86_64-apple-darwin17.0 (64-bit)
* R was compiled by
    Apple clang version 12.0.0 (clang-1200.0.32.29)
    GNU Fortran (GCC) 8.2.0
* running under: macOS Mojave 10.14.6
* using session charset: UTF-8
* using option ‘--no-vignettes’
* checking for file ‘psichomics/DESCRIPTION’ ... OK
* this is package ‘psichomics’ version ‘1.25.0’
* package encoding: UTF-8
* checking package namespace information ... OK
* checking package dependencies ... OK
* checking if this is a source package ... OK
* checking if there is a namespace ... OK
* checking for hidden files and directories ... NOTE
Found the following hidden files and directories:
  .devcontainer
These were most likely included in error. See section ‘Package
structure’ in the ‘Writing R Extensions’ manual.
* checking for portable file names ... OK
* checking for sufficient/correct file permissions ... OK
* checking whether package ‘psichomics’ can be installed ... OK
* used C++ compiler: ‘Apple clang version 11.0.0 (clang-1100.0.33.17)’
* used SDK: ‘’
* checking installed package size ... OK
* checking package directory ... OK
* checking ‘build’ directory ... OK
* checking DESCRIPTION meta-information ... OK
* checking top-level files ... OK
* checking for left-over files ... OK
* checking index information ... OK
* checking package subdirectories ... OK
* checking R files for non-ASCII characters ... OK
* checking R files for syntax errors ... OK
* checking whether the package can be loaded ... OK
* checking whether the package can be loaded with stated dependencies ... OK
* checking whether the package can be unloaded cleanly ... OK
* checking whether the namespace can be loaded with stated dependencies ... OK
* checking whether the namespace can be unloaded cleanly ... OK
* checking startup messages can be suppressed ... OK
* checking dependencies in R code ... OK
* checking S3 generic/method consistency ... WARNING
survfit:
  function(formula, ...)
survfit.survTerms:
  function(survTerms, ...)
See section ‘Generic functions and methods’ in the ‘Writing R
Extensions’ manual.
* checking replacement functions ... OK
* checking foreign function calls ... OK
* checking R code for possible problems ... OK
* checking Rd files ... OK
* checking Rd metadata ... OK
* checking Rd cross-references ... OK
* checking for missing documentation entries ... OK
* checking for code/documentation mismatches ... OK
* checking Rd \usage sections ... OK
* checking Rd contents ... OK
* checking for unstated dependencies in examples ... OK
* checking line endings in C/C++/Fortran sources/headers ... OK
* checking compiled code ... NOTE
Note: information on .o files is not available
* checking files in ‘vignettes’ ... OK
* checking examples ... OK
Examples with CPU (user + system) or elapsed time > 5s
                          user system elapsed
convertGeneIdentifiers  25.199  1.394  37.559
listSplicingAnnotations 20.854  1.281  32.421
loadAnnotation           5.369  0.340   8.508
listAllAnnotations       4.523  0.355   7.414
queryEnsemblByGene       0.190  0.012   5.204
* checking for unstated dependencies in ‘tests’ ... OK
* checking tests ...
  Running ‘spelling.R’
  Running ‘testthat.R’
 OK
* checking for unstated dependencies in vignettes ... OK
* checking package vignettes in ‘inst/doc’ ... OK
* checking running R code from vignettes ... SKIPPED
* checking re-building of vignette outputs ... SKIPPED
* checking PDF version of manual ... OK
* DONE

Status: 1 WARNING, 2 NOTEs
See
  ‘/Users/biocbuild/bbs-3.17-bioc/meat/psichomics.Rcheck/00check.log’
for details.



Installation output

psichomics.Rcheck/00install.out

##############################################################################
##############################################################################
###
### Running command:
###
###   /Library/Frameworks/R.framework/Resources/bin/R CMD INSTALL psichomics
###
##############################################################################
##############################################################################


* installing to library ‘/Library/Frameworks/R.framework/Versions/4.3/Resources/library’
* installing *source* package ‘psichomics’ ...
** using staged installation
** libs
using C++ compiler: ‘Apple clang version 11.0.0 (clang-1100.0.33.17)’
using SDK: ‘’
clang++ -mmacosx-version-min=10.13 -std=gnu++17 -I"/Library/Frameworks/R.framework/Resources/include" -DNDEBUG  -I'/Library/Frameworks/R.framework/Versions/4.3/Resources/library/Rcpp/include' -I/usr/local/include    -fPIC  -Wall -g -O2  -c RcppExports.cpp -o RcppExports.o
clang++ -mmacosx-version-min=10.13 -std=gnu++17 -I"/Library/Frameworks/R.framework/Resources/include" -DNDEBUG  -I'/Library/Frameworks/R.framework/Versions/4.3/Resources/library/Rcpp/include' -I/usr/local/include    -fPIC  -Wall -g -O2  -c progressBar.cpp -o progressBar.o
clang++ -mmacosx-version-min=10.13 -std=gnu++17 -I"/Library/Frameworks/R.framework/Resources/include" -DNDEBUG  -I'/Library/Frameworks/R.framework/Versions/4.3/Resources/library/Rcpp/include' -I/usr/local/include    -fPIC  -Wall -g -O2  -c psiFastCalc.cpp -o psiFastCalc.o
clang++ -mmacosx-version-min=10.13 -std=gnu++17 -I"/Library/Frameworks/R.framework/Resources/include" -DNDEBUG  -I'/Library/Frameworks/R.framework/Versions/4.3/Resources/library/Rcpp/include' -I/usr/local/include    -fPIC  -Wall -g -O2  -c vastToolsParser.cpp -o vastToolsParser.o
clang++ -mmacosx-version-min=10.13 -std=gnu++17 -dynamiclib -Wl,-headerpad_max_install_names -undefined dynamic_lookup -single_module -multiply_defined suppress -L/Library/Frameworks/R.framework/Resources/lib -L/usr/local/lib -o psichomics.so RcppExports.o progressBar.o psiFastCalc.o vastToolsParser.o -F/Library/Frameworks/R.framework/.. -framework R -Wl,-framework -Wl,CoreFoundation
installing to /Library/Frameworks/R.framework/Versions/4.3/Resources/library/00LOCK-psichomics/00new/psichomics/libs
** R
** inst
** byte-compile and prepare package for lazy loading
Creating a generic function for ‘colSums’ from package ‘base’ in package ‘psichomics’
** help
*** installing help indices
*** copying figures
** building package indices
** installing vignettes
** testing if installed package can be loaded from temporary location
** checking absolute paths in shared objects and dynamic libraries
** testing if installed package can be loaded from final location
** testing if installed package keeps a record of temporary installation path
* DONE (psichomics)

Tests output

psichomics.Rcheck/tests/spelling.Rout


R Under development (unstable) (2023-03-16 r83985) -- "Unsuffered Consequences"
Copyright (C) 2023 The R Foundation for Statistical Computing
Platform: x86_64-apple-darwin17.0 (64-bit)

R is free software and comes with ABSOLUTELY NO WARRANTY.
You are welcome to redistribute it under certain conditions.
Type 'license()' or 'licence()' for distribution details.

R is a collaborative project with many contributors.
Type 'contributors()' for more information and
'citation()' on how to cite R or R packages in publications.

Type 'demo()' for some demos, 'help()' for on-line help, or
'help.start()' for an HTML browser interface to help.
Type 'q()' to quit R.

> if(requireNamespace('spelling', quietly = TRUE))
+   spelling::spell_check_test(vignettes = TRUE, error = FALSE,
+                              skip_on_cran = TRUE)
NULL
> 
> proc.time()
   user  system elapsed 
  0.354   0.081   0.470 

psichomics.Rcheck/tests/testthat.Rout


R Under development (unstable) (2023-03-16 r83985) -- "Unsuffered Consequences"
Copyright (C) 2023 The R Foundation for Statistical Computing
Platform: x86_64-apple-darwin17.0 (64-bit)

R is free software and comes with ABSOLUTELY NO WARRANTY.
You are welcome to redistribute it under certain conditions.
Type 'license()' or 'licence()' for distribution details.

R is a collaborative project with many contributors.
Type 'contributors()' for more information and
'citation()' on how to cite R or R packages in publications.

Type 'demo()' for some demos, 'help()' for on-line help, or
'help.start()' for an HTML browser interface to help.
Type 'q()' to quit R.

> library(testthat)
> library(psichomics)
Loading required package: shiny
Loading required package: shinyBS
Setting options('download.file.method.GEOquery'='auto')
Setting options('GEOquery.inmemory.gpl'=FALSE)

psichomics 1.25.0: start the visual interface by running psichomics()
Full documentation and tutorials at https://nuno-agostinho.github.io/psichomics
> 
> test_check("psichomics")
  |                                        |   0% 
  |========                                |  20% 
  |================                        |  40% 
  |========================                |  60% 
  |================================        |  80% 
  |========================================| 100% 
  |                                        |   0% 
  |========                                |  20% 
  |================                        |  40% 
  |========================                |  60% 
  |================================        |  80% 
  |========================================| 100% 
  |                                        |   0% 
  |========                                |  20% 
  |================                        |  40% 
  |========================                |  60% 
  |================================        |  80% 
  |========================================| 100% 
  |                                        |   0% 
  |========                                |  20% 
  |================                        |  40% 
  |========================                |  60% 
  |================================        |  80% 
  |========================================| 100% 





























Retrieving rMATS annotation...

Parsing rMATS annotation...

Retrieving rMATS annotation...

Parsing rMATS annotation...

Retrieving MISO annotation...

Parsing MISO annotation...
  |                                        |   0% 
  |========                                |  20% 
  |================                        |  40% 
  |========================                |  60% 
  |================================        |  80% 
  |========================================| 100% 
  |                                        |   0% 
  |========                                |  20% 
  |================                        |  40% 
  |========================                |  60% 
  |================================        |  80% 
  |========================================| 100% 
  |                                        |   0% 
  |========                                |  20% 
  |================                        |  40% 
  |========================                |  60% 
  |================================        |  80% 
  |========================================| 100% 
  |                                        |   0% 
  |========                                |  20% 
  |================                        |  40% 
  |========================                |  60% 
  |================================        |  80% 
  |========================================| 100% 
  |                                        |   0% 
  |========                                |  20% 
  |================                        |  40% 
  |========================                |  60% 
  |================================        |  80% 
  |========================================| 100% 
  |                                        |   0% 
  |========                                |  20% 
  |================                        |  40% 
  |========================                |  60% 
  |================================        |  80% 
  |========================================| 100% 
  |                                        |   0% 
  |========                                |  20% 
  |================                        |  40% 
  |========================                |  60% 
  |================================        |  80% 
  |========================================| 100% 
  |                                        |   0% 
  |========                                |  20% 
  |================                        |  40% 
  |========================                |  60% 
  |================================        |  80% 
  |========================================| 100% 

Retrieving SUPPA annotation...

Parsing SUPPA annotation...

Retrieving VAST-TOOLS annotation...

Parsing VAST-TOOLS annotation...

ALT3

ALT5

COMBI

EXSK

IR

MERGE3m

MIC

MULTI
[ FAIL 0 | WARN 1 | SKIP 4 | PASS 1418 ]

══ Skipped tests ═══════════════════════════════════════════════════════════════
• Couldn't resolve host name (1)
• On Bioconductor (2)
• On CRAN (1)

[ FAIL 0 | WARN 1 | SKIP 4 | PASS 1418 ]
> 
> proc.time()
   user  system elapsed 
 43.691   1.767  63.939 

Example timings

psichomics.Rcheck/psichomics-Ex.timings

nameusersystemelapsed
addObjectAttrs0.0020.0010.002
assignValuePerSubject0.0330.0080.051
blendColours0.0010.0000.002
calculateLoadingsContribution0.1610.0040.235
convertGeneIdentifiers25.199 1.39437.559
correlateGEandAS0.0340.0040.051
createGroupByAttribute0.0020.0010.002
createJunctionsTemplate0.0040.0010.011
customRowMeans0.0010.0000.001
diffAnalyses0.1570.0070.247
downloadFiles000
ensemblToUniprot0.1340.0120.607
filterGeneExpr0.0110.0010.013
filterGroups0.0030.0010.003
filterPSI0.0250.0030.029
getAttributesTime0.0050.0000.005
getDownloadsFolder0.0010.0010.000
getFirebrowseDateFormat0.0010.0000.001
getGeneList0.0050.0000.006
getGtexDataTypes0.0740.0040.524
getGtexTissues000
getNumerics0.0030.0010.003
getSampleFromSubject0.0020.0000.002
getSplicingEventFromGenes0.0060.0000.007
getSplicingEventTypes0.0010.0000.001
getSubjectFromSample0.0000.0010.001
getTCGAdataTypes0.0790.0050.256
getValidEvents0.0060.0010.007
groupPerElem0.0010.0010.002
hchart.survfit0.4780.1310.832
isFirebrowseUp0.0080.0000.043
labelBasedOnCutoff0.0010.0010.002
leveneTest0.0160.0010.025
listAllAnnotations4.5230.3557.414
listSplicingAnnotations20.854 1.28132.421
loadAnnotation5.3690.3408.508
loadGtexData000
loadLocalFiles000
loadSRAproject000
loadTCGAdata0.0150.0010.085
missingDataModal000
normaliseGeneExpression0.0410.0010.046
optimalSurvivalCutoff0.1990.0010.258
parseCategoricalGroups0.0010.0000.008
parseFirebrowseMetadata0.0620.0020.239
parseMatsEvent0.0110.0000.011
parseMatsGeneric0.0410.0010.047
parseMisoAnnotation0.2770.0150.360
parseMisoEvent0.0080.0000.010
parseMisoEventID0.0110.0010.012
parseMisoGeneric0.0650.0030.086
parseMisoId0.0010.0000.000
parseSplicingEvent0.0090.0010.013
parseSuppaEvent0.0070.0000.008
parseSuppaGeneric0.0410.0010.057
parseTcgaSampleInfo0.0050.0010.009
parseUrlsFromFirebrowseResponse0.0380.0010.173
parseVastToolsEvent0.0120.0000.012
parseVastToolsSE0.0400.0010.041
performICA0.0120.0030.014
performPCA0.0020.0000.006
plot.GEandAScorrelation0.8310.0111.066
plotDistribution1.5690.0772.207
plotGeneExprPerSample0.1870.0370.296
plotGroupIndependence0.3190.0030.420
plotICA0.2480.0110.346
plotLibrarySize0.4350.0360.618
plotPCA0.5570.1420.917
plotPCAvariance0.0970.0420.187
plotProtein1.3340.0802.402
plotRowStats0.8380.0081.095
plotSingleICA0.4140.1230.730
plotSplicingEvent0.1040.0010.141
plotSurvivalCurves0.1710.0410.280
plotSurvivalPvaluesByCutoff0.9690.0431.460
plotTranscripts0.0330.0021.389
prepareAnnotationFromEvents0.4100.0070.463
prepareFirebrowseArchives0.0010.0010.000
prepareJunctionQuantSTAR0.0010.0000.001
prepareSRAmetadata0.0000.0010.000
processSurvTerms0.0190.0000.030
psichomics0.0000.0000.001
quantifySplicing0.0220.0030.027
queryEnsembl0.0480.0022.088
queryEnsemblByGene0.1900.0125.204
queryFirebrowseData0.0640.0020.323
queryPubMed0.0930.0070.559
queryUniprot0.1060.0030.671
readFile0.0010.0010.002
renameDuplicated0.0010.0000.001
renderBoxplot0.1560.0380.203
survdiffTerms0.0110.0010.015
survfit.survTerms0.0390.0010.058
testGroupIndependence0.0060.0000.013
testSurvival0.0350.0010.058
textSuggestions0.0010.0000.002
trimWhitespace0.0010.0000.000