Back to Multiple platform build/check report for BioC 3.16
ABCDEF[G]HIJKLMNOPQRSTUVWXYZ

This page was generated on 2022-06-24 11:06:34 -0400 (Fri, 24 Jun 2022).

HostnameOSArch (*)R versionInstalled pkgs
nebbiolo2Linux (Ubuntu 20.04.4 LTS)x86_644.2.0 Patched (2022-06-02 r82447) -- "Vigorous Calisthenics" 4331
palomino4Windows Server 2022 Datacenterx644.2.0 Patched (2022-06-02 r82447 ucrt) -- "Vigorous Calisthenics" 4136
lconwaymacOS 12.2.1 Montereyx86_644.2.0 Patched (2022-05-29 r82424) -- "Vigorous Calisthenics" 4147
Click on any hostname to see more info about the system (e.g. compilers)      (*) as reported by 'uname -p', except on Windows and Mac OS X

CHECK results for gsean on palomino4


To the developers/maintainers of the gsean package:
- Please allow up to 24 hours (and sometimes 48 hours) for your latest push to git@git.bioconductor.org:packages/gsean.git to
reflect on this report. See How and When does the builder pull? When will my changes propagate? for more information.
- Make sure to use the following settings in order to reproduce any error or warning you see on this page.

raw results

Package 848/2118HostnameOS / ArchINSTALLBUILDCHECKBUILD BIN
gsean 1.17.0  (landing page)
Dongmin Jung
Snapshot Date: 2022-06-23 14:00:04 -0400 (Thu, 23 Jun 2022)
git_url: https://git.bioconductor.org/packages/gsean
git_branch: master
git_last_commit: af86b6f
git_last_commit_date: 2022-04-26 11:46:48 -0400 (Tue, 26 Apr 2022)
nebbiolo2Linux (Ubuntu 20.04.4 LTS) / x86_64  OK    OK    ERROR  
palomino4Windows Server 2022 Datacenter / x64  OK    OK    ERROR    OK  
lconwaymacOS 12.2.1 Monterey / x86_64  OK    OK    ERROR    OK  

Summary

Package: gsean
Version: 1.17.0
Command: F:\biocbuild\bbs-3.16-bioc\R\bin\R.exe CMD check --force-multiarch --install=check:gsean.install-out.txt --library=F:\biocbuild\bbs-3.16-bioc\R\library --no-vignettes --timings gsean_1.17.0.tar.gz
StartedAt: 2022-06-24 02:19:13 -0400 (Fri, 24 Jun 2022)
EndedAt: 2022-06-24 02:19:17 -0400 (Fri, 24 Jun 2022)
EllapsedTime: 4.0 seconds
RetCode: 1
Status:   ERROR  
CheckDir: gsean.Rcheck
Warnings: NA

Command output

##############################################################################
##############################################################################
###
### Running command:
###
###   F:\biocbuild\bbs-3.16-bioc\R\bin\R.exe CMD check --force-multiarch --install=check:gsean.install-out.txt --library=F:\biocbuild\bbs-3.16-bioc\R\library --no-vignettes --timings gsean_1.17.0.tar.gz
###
##############################################################################
##############################################################################


* using log directory 'F:/biocbuild/bbs-3.16-bioc/meat/gsean.Rcheck'
* using R version 4.2.0 Patched (2022-06-02 r82447 ucrt)
* using platform: x86_64-w64-mingw32 (64-bit)
* using session charset: UTF-8
* using option '--no-vignettes'
* checking for file 'gsean/DESCRIPTION' ... OK
* checking extension type ... Package
* this is package 'gsean' version '1.17.0'
* checking package namespace information ... OK
* checking package dependencies ... ERROR
Package suggested but not available: 'RANKS'

The suggested packages are required for a complete check.
Checking can be attempted without them by setting the environment
variable _R_CHECK_FORCE_SUGGESTS_ to a false value.

See section 'The DESCRIPTION file' in the 'Writing R Extensions'
manual.
* DONE

Status: 1 ERROR
See
  'F:/biocbuild/bbs-3.16-bioc/meat/gsean.Rcheck/00check.log'
for details.


Installation output


Tests output


Example timings