Back to Build/check report for BioC 3.16
ABCDEF[G]HIJKLMNOPQRSTUVWXYZ

This page was generated on 2022-06-27 11:05:20 -0400 (Mon, 27 Jun 2022).

HostnameOSArch (*)R versionInstalled pkgs
nebbiolo2Linux (Ubuntu 20.04.4 LTS)x86_644.2.0 Patched (2022-06-02 r82447) -- "Vigorous Calisthenics" 4331
Click on any hostname to see more info about the system (e.g. compilers)      (*) as reported by 'uname -p', except on Windows and Mac OS X

CHECK results for gsean on nebbiolo2


To the developers/maintainers of the gsean package:
- Please allow up to 24 hours (and sometimes 48 hours) for your latest push to git@git.bioconductor.org:packages/gsean.git to
reflect on this report. See How and When does the builder pull? When will my changes propagate? for more information.
- Make sure to use the following settings in order to reproduce any error or warning you see on this page.

raw results

Package 848/2118HostnameOS / ArchINSTALLBUILDCHECKBUILD BIN
gsean 1.17.0  (landing page)
Dongmin Jung
Snapshot Date: 2022-06-26 14:00:03 -0400 (Sun, 26 Jun 2022)
git_url: https://git.bioconductor.org/packages/gsean
git_branch: master
git_last_commit: af86b6f
git_last_commit_date: 2022-04-26 11:46:48 -0400 (Tue, 26 Apr 2022)
nebbiolo2Linux (Ubuntu 20.04.4 LTS) / x86_64  OK    OK    ERROR  

Summary

Package: gsean
Version: 1.17.0
Command: /home/biocbuild/bbs-3.16-bioc/R/bin/R CMD check --install=check:gsean.install-out.txt --library=/home/biocbuild/bbs-3.16-bioc/R/library --no-vignettes --timings gsean_1.17.0.tar.gz
StartedAt: 2022-06-26 20:03:59 -0400 (Sun, 26 Jun 2022)
EndedAt: 2022-06-26 20:04:04 -0400 (Sun, 26 Jun 2022)
EllapsedTime: 5.0 seconds
RetCode: 1
Status:   ERROR  
CheckDir: gsean.Rcheck
Warnings: NA

Command output

##############################################################################
##############################################################################
###
### Running command:
###
###   /home/biocbuild/bbs-3.16-bioc/R/bin/R CMD check --install=check:gsean.install-out.txt --library=/home/biocbuild/bbs-3.16-bioc/R/library --no-vignettes --timings gsean_1.17.0.tar.gz
###
##############################################################################
##############################################################################


* using log directory ‘/home/biocbuild/bbs-3.16-bioc/meat/gsean.Rcheck’
* using R version 4.2.0 Patched (2022-06-02 r82447)
* using platform: x86_64-pc-linux-gnu (64-bit)
* using session charset: UTF-8
* using option ‘--no-vignettes’
* checking for file ‘gsean/DESCRIPTION’ ... OK
* checking extension type ... Package
* this is package ‘gsean’ version ‘1.17.0’
* checking package namespace information ... OK
* checking package dependencies ... ERROR
Package suggested but not available: ‘RANKS’

The suggested packages are required for a complete check.
Checking can be attempted without them by setting the environment
variable _R_CHECK_FORCE_SUGGESTS_ to a false value.

See section ‘The DESCRIPTION file’ in the ‘Writing R Extensions’
manual.
* DONE

Status: 1 ERROR
See
  ‘/home/biocbuild/bbs-3.16-bioc/meat/gsean.Rcheck/00check.log’
for details.


Installation output


Tests output


Example timings