Back to Multiple platform build/check report for BioC 3.19:   simplified   long
ABCDEFGHIJKLMNOPQR[S]TUVWXYZ

This page was generated on 2023-11-29 11:38:36 -0500 (Wed, 29 Nov 2023).

HostnameOSArch (*)R versionInstalled pkgs
nebbiolo1Linux (Ubuntu 22.04.2 LTS)x86_64R Under development (unstable) (2023-11-11 r85510) -- "Unsuffered Consequences" 4601
palomino3Windows Server 2022 Datacenterx64R Under development (unstable) (2023-11-14 r85524 ucrt) -- "Unsuffered Consequences" 4343
merida1macOS 12.7.1 Montereyx86_64R Under development (unstable) (2023-11-11 r85510) -- "Unsuffered Consequences" 4368
kunpeng2Linux (openEuler 22.03 LTS-SP1)aarch64R Under development (unstable) (2023-11-01 r85459) -- "Unsuffered Consequences" 4253
Click on any hostname to see more info about the system (e.g. compilers)      (*) as reported by 'uname -p', except on Windows and Mac OS X

Package 1847/2225HostnameOS / ArchINSTALLBUILDCHECKBUILD BIN
scMerge 1.19.0  (landing page)
Yingxin Lin
Snapshot Date: 2023-11-28 14:00:17 -0500 (Tue, 28 Nov 2023)
git_url: https://git.bioconductor.org/packages/scMerge
git_branch: devel
git_last_commit: e5feace
git_last_commit_date: 2023-10-24 11:13:27 -0500 (Tue, 24 Oct 2023)
nebbiolo1Linux (Ubuntu 22.04.2 LTS) / x86_64  OK    OK    OK  UNNEEDED, same version is already published
palomino3Windows Server 2022 Datacenter / x64  OK    ERROR  skippedskipped
merida1macOS 12.7.1 Monterey / x86_64  OK    OK    OK    NA  
kunpeng2Linux (openEuler 22.03 LTS-SP1) / aarch64  OK    ERROR  skipped

BUILD results for scMerge on kunpeng2


To the developers/maintainers of the scMerge package:
- Allow up to 24 hours (and sometimes 48 hours) for your latest push to git@git.bioconductor.org:packages/scMerge.git to reflect on this report. See Troubleshooting Build Report for more information.
- Use the following Renviron settings to reproduce errors and warnings.
- If 'R CMD check' started to fail recently on the Linux builder(s) over a missing dependency, add the missing dependency to 'Suggests:' in your DESCRIPTION file. See Renviron.bioc for more information.
- See Martin Grigorov's blog post for how to debug Linux ARM64 related issues on a x86_64 host.

raw results


Summary

Package: scMerge
Version: 1.19.0
Command: /home/biocbuild/R/R-4.4-devel-2023.11.02/bin/R CMD build --keep-empty-dirs --no-resave-data scMerge
StartedAt: 2023-11-29 02:06:00 -0000 (Wed, 29 Nov 2023)
EndedAt: 2023-11-29 02:08:26 -0000 (Wed, 29 Nov 2023)
EllapsedTime: 145.2 seconds
RetCode: 1
Status:   ERROR  
PackageFile: None
PackageFileSize: NA

Command output

##############################################################################
##############################################################################
###
### Running command:
###
###   /home/biocbuild/R/R-4.4-devel-2023.11.02/bin/R CMD build --keep-empty-dirs --no-resave-data scMerge
###
##############################################################################
##############################################################################


* checking for file ‘scMerge/DESCRIPTION’ ... OK
* preparing ‘scMerge’:
* checking DESCRIPTION meta-information ... OK
* installing the package to build vignettes
* creating vignettes ... ERROR
--- re-building ‘scMerge.Rmd’ using rmarkdown
--- finished re-building ‘scMerge.Rmd’

--- re-building ‘scMerge2.Rmd’ using rmarkdown

Quitting from lines 82-92 [unnamed-chunk-2] (scMerge2.Rmd)
Error: processing vignette 'scMerge2.Rmd' failed with diagnostics:
BiocParallel errors
  1 remote errors, element index: 1
  1 unevaluated and other errors
  first remote error:
Error in (function (A, nv = 5, nu = nv, maxit = 1000, work = nv + 7, reorth = TRUE, : function 'as_cholmod_sparse' not provided by package 'Matrix'

--- failed re-building ‘scMerge2.Rmd’

SUMMARY: processing the following file failed:
  ‘scMerge2.Rmd’

Error: Vignette re-building failed.
Execution halted