Back to Multiple platform build/check report for BioC 3.16 |
|
This page was generated on 2022-06-24 11:07:58 -0400 (Fri, 24 Jun 2022).
Hostname | OS | Arch (*) | R version | Installed pkgs |
---|---|---|---|---|
nebbiolo2 | Linux (Ubuntu 20.04.4 LTS) | x86_64 | 4.2.0 Patched (2022-06-02 r82447) -- "Vigorous Calisthenics" | 4331 |
palomino4 | Windows Server 2022 Datacenter | x64 | 4.2.0 Patched (2022-06-02 r82447 ucrt) -- "Vigorous Calisthenics" | 4136 |
lconway | macOS 12.2.1 Monterey | x86_64 | 4.2.0 Patched (2022-05-29 r82424) -- "Vigorous Calisthenics" | 4147 |
Click on any hostname to see more info about the system (e.g. compilers) (*) as reported by 'uname -p', except on Windows and Mac OS X |
To the developers/maintainers of the gsean package: - Please allow up to 24 hours (and sometimes 48 hours) for your latest push to git@git.bioconductor.org:packages/gsean.git to reflect on this report. See How and When does the builder pull? When will my changes propagate? for more information. - Make sure to use the following settings in order to reproduce any error or warning you see on this page. |
Package 848/2118 | Hostname | OS / Arch | INSTALL | BUILD | CHECK | BUILD BIN | ||||||||
gsean 1.17.0 (landing page) Dongmin Jung
| nebbiolo2 | Linux (Ubuntu 20.04.4 LTS) / x86_64 | OK | OK | ERROR | |||||||||
palomino4 | Windows Server 2022 Datacenter / x64 | OK | OK | ERROR | OK | |||||||||
lconway | macOS 12.2.1 Monterey / x86_64 | OK | OK | ERROR | OK | |||||||||
Package: gsean |
Version: 1.17.0 |
Command: /Library/Frameworks/R.framework/Resources/bin/R CMD check --install=check:gsean.install-out.txt --library=/Library/Frameworks/R.framework/Resources/library --no-vignettes --timings gsean_1.17.0.tar.gz |
StartedAt: 2022-06-23 20:35:37 -0400 (Thu, 23 Jun 2022) |
EndedAt: 2022-06-23 20:35:43 -0400 (Thu, 23 Jun 2022) |
EllapsedTime: 5.5 seconds |
RetCode: 1 |
Status: ERROR |
CheckDir: gsean.Rcheck |
Warnings: NA |
############################################################################## ############################################################################## ### ### Running command: ### ### /Library/Frameworks/R.framework/Resources/bin/R CMD check --install=check:gsean.install-out.txt --library=/Library/Frameworks/R.framework/Resources/library --no-vignettes --timings gsean_1.17.0.tar.gz ### ############################################################################## ############################################################################## * using log directory ‘/Users/biocbuild/bbs-3.16-bioc/meat/gsean.Rcheck’ * using R version 4.2.0 Patched (2022-05-29 r82424) * using platform: x86_64-apple-darwin17.0 (64-bit) * using session charset: UTF-8 * using option ‘--no-vignettes’ * checking for file ‘gsean/DESCRIPTION’ ... OK * checking extension type ... Package * this is package ‘gsean’ version ‘1.17.0’ * checking package namespace information ... OK * checking package dependencies ... ERROR Package suggested but not available: ‘RANKS’ The suggested packages are required for a complete check. Checking can be attempted without them by setting the environment variable _R_CHECK_FORCE_SUGGESTS_ to a false value. See section ‘The DESCRIPTION file’ in the ‘Writing R Extensions’ manual. * DONE Status: 1 ERROR See ‘/Users/biocbuild/bbs-3.16-bioc/meat/gsean.Rcheck/00check.log’ for details.