Back to Multiple platform build/check report for BioC 3.16
ABCDE[F]GHIJKLMNOPQRSTUVWXYZ

This page was generated on 2022-06-24 11:06:28 -0400 (Fri, 24 Jun 2022).

HostnameOSArch (*)R versionInstalled pkgs
nebbiolo2Linux (Ubuntu 20.04.4 LTS)x86_644.2.0 Patched (2022-06-02 r82447) -- "Vigorous Calisthenics" 4331
palomino4Windows Server 2022 Datacenterx644.2.0 Patched (2022-06-02 r82447 ucrt) -- "Vigorous Calisthenics" 4136
lconwaymacOS 12.2.1 Montereyx86_644.2.0 Patched (2022-05-29 r82424) -- "Vigorous Calisthenics" 4147
Click on any hostname to see more info about the system (e.g. compilers)      (*) as reported by 'uname -p', except on Windows and Mac OS X

CHECK results for flowWorkspace on palomino4


To the developers/maintainers of the flowWorkspace package:
- Please allow up to 24 hours (and sometimes 48 hours) for your latest push to git@git.bioconductor.org:packages/flowWorkspace.git to
reflect on this report. See How and When does the builder pull? When will my changes propagate? for more information.
- Make sure to use the following settings in order to reproduce any error or warning you see on this page.

raw results

Package 692/2118HostnameOS / ArchINSTALLBUILDCHECKBUILD BIN
flowWorkspace 4.9.0  (landing page)
Greg Finak , Mike Jiang
Snapshot Date: 2022-06-23 14:00:04 -0400 (Thu, 23 Jun 2022)
git_url: https://git.bioconductor.org/packages/flowWorkspace
git_branch: master
git_last_commit: 5c6e34c
git_last_commit_date: 2022-04-26 11:07:52 -0400 (Tue, 26 Apr 2022)
nebbiolo2Linux (Ubuntu 20.04.4 LTS) / x86_64  OK    OK    WARNINGS  UNNEEDED, same version is already published
palomino4Windows Server 2022 Datacenter / x64  OK    OK    WARNINGS    OK  UNNEEDED, same version is already published
lconwaymacOS 12.2.1 Monterey / x86_64  OK    OK    WARNINGS    OK  UNNEEDED, same version is already published

Summary

Package: flowWorkspace
Version: 4.9.0
Command: F:\biocbuild\bbs-3.16-bioc\R\bin\R.exe CMD check --force-multiarch --install=check:flowWorkspace.install-out.txt --library=F:\biocbuild\bbs-3.16-bioc\R\library --no-vignettes --timings flowWorkspace_4.9.0.tar.gz
StartedAt: 2022-06-24 01:45:12 -0400 (Fri, 24 Jun 2022)
EndedAt: 2022-06-24 01:50:01 -0400 (Fri, 24 Jun 2022)
EllapsedTime: 288.2 seconds
RetCode: 0
Status:   WARNINGS  
CheckDir: flowWorkspace.Rcheck
Warnings: 3

Command output

##############################################################################
##############################################################################
###
### Running command:
###
###   F:\biocbuild\bbs-3.16-bioc\R\bin\R.exe CMD check --force-multiarch --install=check:flowWorkspace.install-out.txt --library=F:\biocbuild\bbs-3.16-bioc\R\library --no-vignettes --timings flowWorkspace_4.9.0.tar.gz
###
##############################################################################
##############################################################################


* using log directory 'F:/biocbuild/bbs-3.16-bioc/meat/flowWorkspace.Rcheck'
* using R version 4.2.0 Patched (2022-06-02 r82447 ucrt)
* using platform: x86_64-w64-mingw32 (64-bit)
* using session charset: UTF-8
* using option '--no-vignettes'
* checking for file 'flowWorkspace/DESCRIPTION' ... OK
* checking extension type ... Package
* this is package 'flowWorkspace' version '4.9.0'
* package encoding: UTF-8
* checking package namespace information ... OK
* checking package dependencies ... OK
* checking if this is a source package ... OK
* checking if there is a namespace ... OK
* checking for hidden files and directories ... OK
* checking for portable file names ... OK
* checking whether package 'flowWorkspace' can be installed ... OK
* checking installed package size ... NOTE
  installed size is 11.2Mb
  sub-directories of 1Mb or more:
    lib    2.9Mb
    libs   7.0Mb
* checking package directory ... OK
* checking 'build' directory ... OK
* checking DESCRIPTION meta-information ... NOTE
Malformed Title field: should not end in a period.
* checking top-level files ... OK
* checking for left-over files ... OK
* checking index information ... OK
* checking package subdirectories ... OK
* checking R files for non-ASCII characters ... OK
* checking R files for syntax errors ... OK
* checking whether the package can be loaded ... OK
* checking whether the package can be loaded with stated dependencies ... OK
* checking whether the package can be unloaded cleanly ... OK
* checking whether the namespace can be loaded with stated dependencies ... OK
* checking whether the namespace can be unloaded cleanly ... OK
* checking dependencies in R code ... NOTE
Namespaces in Imports field not imported from:
  'RBGL' 'RProtoBufLib' 'ggplot2' 'grDevices' 'graphics' 'utils'
  All declared Imports should be used.
Unexported objects imported by ':::' calls:
  'DelayedArray:::simplify_NULL_dimnames' 'flowCore:::.estimateLogicle'
  'flowCore:::.spillover_pattern' 'flowCore:::checkClass'
  'flowCore:::guid' 'flowCore:::logicle_transform'
  'flowCore:::parse_pd_for_read_fs' 'flowCore:::txt2spillmatrix'
  'flowCore:::updateTransformKeywords'
  'flowCore:::validFilterResultList' 'graph:::.makeEdgeKeys'
  'ncdfFlow:::.isValidSamples' 'stats:::.splinefun'
  See the note in ?`:::` about the use of this operator.
* checking S3 generic/method consistency ... NOTE
Found the following apparent S3 methods exported but not registered:
  print.cytoctx
See section 'Registering S3 methods' in the 'Writing R Extensions'
manual.
* checking replacement functions ... OK
* checking foreign function calls ... OK
* checking R code for possible problems ... NOTE
.computeCV : <anonymous>: no visible binding for global variable
  'xml.count'
.computeCV : <anonymous>: no visible binding for global variable
  'openCyto.count'
.computeCV : <anonymous> : <anonymous>: no visible global function
  definition for 'IQR'
.computeCV : <anonymous> : <anonymous>: no visible global function
  definition for 'median'
.computeCV_gh : <anonymous>: no visible global function definition for
  'IQR'
.computeCV_gh : <anonymous>: no visible global function definition for
  'median'
.graph_handler : asGraphNEL: no visible global function definition for
  'new'
.graph_handler : asGraphNEL: no visible global function definition for
  'validObject'
.load_legacy: no visible global function definition for 'is'
.load_legacy: no visible global function definition for 'new'
.load_legacy: no visible global function definition for '.hasSlot'
.load_legacy : <anonymous>: no visible global function definition for
  'is'
.mergeGates : <anonymous>: no visible global function definition for
  'extends'
.preprocessMap: no visible binding for global variable 'old'
.preprocessMap: no visible binding for global variable '.'
GatingSetList: no visible global function definition for 'as'
GatingSetList: no visible global function definition for 'validObject'
booleanFilter: no visible global function definition for 'new'
booleanFilter: no visible global function definition for 'is'
cf_append_cols: no visible global function definition for 'new'
cf_flush_meta: no visible global function definition for 'is'
cf_get_uri: no visible global function definition for 'is'
cf_keyword_delete: no visible global function definition for 'is'
cf_keyword_insert: no visible global function definition for 'is'
cf_keyword_rename: no visible global function definition for 'is'
cf_keyword_rename: no visible binding for global variable 'na_idx'
cf_keyword_set: no visible global function definition for 'is'
cf_load_meta: no visible global function definition for 'is'
cf_lock: no visible global function definition for 'is'
cf_rename_channel: no visible global function definition for 'is'
cf_rename_marker: no visible global function definition for 'is'
cf_rename_marker: no visible binding for global variable 'desc'
cf_scale_time_channel: no visible global function definition for 'is'
cf_unlock: no visible global function definition for 'is'
cf_write_disk: no visible global function definition for 'is'
char2booleanFilter: no visible global function definition for 'new'
check_comp: no visible global function definition for 'is'
convert_backend: no visible binding for global variable 'output'
copy_view.cytoframe: no visible global function definition for 'new'
copy_view.cytoset: no visible global function definition for 'new'
cs_add_cytoframe: no visible global function definition for 'is'
cs_get_cytoframe: no visible global function definition for 'is'
cs_get_cytoframe: no visible global function definition for 'new'
cs_get_uri: no visible global function definition for 'is'
cs_keyword_delete: no visible global function definition for 'is'
cs_keyword_insert: no visible global function definition for 'is'
cs_keyword_rename: no visible global function definition for 'is'
cs_keyword_rename : <anonymous>: no visible binding for global variable
  'keys'
cs_keyword_set: no visible global function definition for 'is'
cs_set_cytoframe: no visible global function definition for 'is'
cytoframe_to_flowFrame: no visible global function definition for 'as'
cytoset: no visible global function definition for 'new'
cytoset_to_flowSet: no visible global function definition for 'as'
get_cytoframe_from_cs: no visible global function definition for 'is'
get_cytoframe_from_cs: no visible global function definition for 'new'
gh_apply_to_cs: no visible global function definition for 'new'
gh_pop_compare_stats: no visible binding for global variable 'node'
gh_pop_get_count: no visible binding for global variable 'count'
gh_pop_get_proportion: no visible binding for global variable 'percent'
gh_pop_get_stats_tfilter: no visible global function definition for
  'is'
gh_pop_get_stats_tfilter : <anonymous>: no visible binding for global
  variable 'Population'
gh_pop_set_gate: no visible global function definition for 'is'
gs_clone: no visible global function definition for 'new'
gs_copy_tree_only: no visible global function definition for 'new'
gs_get_singlecell_expression: no visible global function definition for
  'is'
gs_get_singlecell_expression: no visible binding for global variable
  'parallel'
gs_pop_add: no visible global function definition for 'is'
gs_pop_get_count_fast: no visible global function definition for 'is'
gs_pop_get_count_with_meta: no visible binding for global variable
  'sampleName'
gs_pop_get_data: no visible global function definition for 'new'
gs_pop_set_gate: no visible global function definition for 'is'
gs_remove_redundant_nodes : <anonymous>: no visible global function
  definition for 'is'
gslist_to_gs: no visible global function definition for 'new'
load_cytoframe: no visible global function definition for 'new'
load_cytoframe_from_fcs: no visible global function definition for
  'new'
load_cytoset_from_fcs: no visible global function definition for 'new'
load_gs: no visible global function definition for 'new'
load_gslist : <anonymous>: no visible global function definition for
  'is'
merge_list_to_gs: no visible global function definition for 'is'
merge_list_to_gs: no visible global function definition for 'new'
parse_transformer: no visible global function definition for 'is'
pop.MFI: no visible binding for global variable 'desc'
realize_view.cytoframe: no visible global function definition for 'new'
realize_view.cytoset: no visible global function definition for 'new'
transformerList: no visible global function definition for 'is'
transformerList: no visible binding for global variable 'is'
validitycheck: no visible global function definition for 'is'
GatingSet,cytoset-ANY: no visible global function definition for 'new'
Subset,cytoset-filterResultList : <anonymous>: no visible global
  function definition for 'as'
Subset,cytoset-list: no visible global function definition for 'is'
[,GatingSet-ANY: no visible global function definition for 'extends'
[,GatingSet-ANY: no visible global function definition for 'new'
[,GatingSetList-ANY: no visible global function definition for
  'callNextMethod'
[,GatingSetList-ANY: no visible global function definition for 'as'
[[,GatingSet-character: no visible global function definition for 'as'
compensate,GatingSet-ANY: no visible global function definition for
  'selectMethod'
compensate,cytoset-ANY: no visible global function definition for
  'selectMethod'
flowData,GatingSet: no visible binding for global variable 'obj'
fsApply,cytoset: no visible global function definition for
  'callNextMethod'
gs_cyto_data,GatingSet: no visible global function definition for 'new'
keyword,GatingSetList-character: no visible global function definition
  for 'selectMethod'
keyword,GatingSetList-missing: no visible global function definition
  for 'selectMethod'
keyword<-,cytoframe-list: no visible binding for global variable
  'kwdError'
pData<-,GatingSetList-data.frame: no visible global function definition
  for 'callNextMethod'
pData<-,GatingSetList-data.frame: no visible global function definition
  for 'as'
parameters,cytoframe: no visible global function definition for 'new'
phenoData,cytoset: no visible global function definition for 'new'
sampleNames<-,cytoset-ANY: no visible global function definition for
  'selectMethod'
setNode,GatingSet-character-ANY: no visible global function definition
  for 'is'
show,cytoframe: no visible global function definition for
  'selectMethod'
transform,GatingSet: no visible global function definition for 'is'
transform,GatingSet : <anonymous>: no visible global function
  definition for 'is'
transform,cytoframe: no visible global function definition for 'is'
transform,cytoset: no visible global function definition for 'is'
transform,cytoset : <anonymous>: no visible global function definition
  for 'is'
Undefined global functions or variables:
  . .hasSlot IQR Population as callNextMethod count desc extends is
  keys kwdError median na_idx new node obj old openCyto.count output
  parallel percent sampleName selectMethod validObject xml.count
Consider adding
  importFrom("methods", ".hasSlot", "as", "callNextMethod", "extends",
             "is", "new", "selectMethod", "validObject")
  importFrom("stats", "IQR", "median")
to your NAMESPACE file (and ensure that your DESCRIPTION Imports field
contains 'methods').
* checking Rd files ... OK
* checking Rd metadata ... OK
* checking Rd cross-references ... OK
* checking for missing documentation entries ... WARNING
Undocumented code objects:
  'gs_clone' 'gs_copy_tree_only'
Undocumented S4 methods:
  generic 'dimnames' and siglist 'cytoframe'
  generic 'rownames' and siglist 'cytoframe'
  generic 'rownames<-' and siglist 'cytoframe'
  generic 'show' and siglist 'cytoframe'
  generic 'transform' and siglist 'cytoframe'
All user-level objects in a package (including S4 classes and methods)
should have documentation entries.
See chapter 'Writing R documentation files' in the 'Writing R
Extensions' manual.
* checking for code/documentation mismatches ... OK
* checking Rd \usage sections ... WARNING
Documented arguments not in \usage in documentation object 'GatingSet-methods':
  '...'

Undocumented arguments in documentation object 'cf_append_cols'
  'ctx'

Undocumented arguments in documentation object 'convert'
  'backend'

Undocumented arguments in documentation object 'cs_get_uri'
  'x'

Undocumented arguments in documentation object 'cytoctx'
  '...'

Undocumented arguments in documentation object 'delete_gs'
  'ctx'

Undocumented arguments in documentation object 'gh_apply_to_new_fcs'
  'files'

Undocumented arguments in documentation object 'keyword-mutators'
  'cs'

Undocumented arguments in documentation object 'load_cytoframe_from_fcs'
  'backend' 'uri'

Undocumented arguments in documentation object 'load_cytoset_from_fcs'
  'backend' 'backend_dir'

Undocumented arguments in documentation object 'save_gs'
  'cdf' 'backend_readonly'

Functions with \usage entries need to have the appropriate \alias
entries, and all their arguments documented.
The \usage entries must correspond to syntactically valid R code.
See chapter 'Writing R documentation files' in the 'Writing R
Extensions' manual.
S3 methods shown with full name in documentation object 'cytoctx':
  'print.cytoctx'

The \usage entries for S3 methods should use the \method markup and not
their full name.
See chapter 'Writing R documentation files' in the 'Writing R
Extensions' manual.
* checking Rd contents ... OK
* checking for unstated dependencies in examples ... OK
* checking line endings in C/C++/Fortran sources/headers ... OK
* checking line endings in Makefiles ... OK
* checking compilation flags in Makevars ... OK
* checking for GNU extensions in Makefiles ... NOTE
GNU make is a SystemRequirements.
* checking for portable use of $(BLAS_LIBS) and $(LAPACK_LIBS) ... WARNING
  apparently using $(BLAS_LIBS) without following $(FLIBS) in 'src/Makevars'
* checking use of PKG_*FLAGS in Makefiles ... OK
* checking compiled code ... NOTE
Note: information on .o files for x64 is not available
File 'F:/biocbuild/bbs-3.16-bioc/R/library/flowWorkspace/libs/x64/flowWorkspace.dll':
  Found 'abort', possibly from 'abort' (C), 'runtime' (Fortran)
  Found 'exit', possibly from 'exit' (C), 'stop' (Fortran)
  Found 'rand', possibly from 'rand' (C)
  Found 'srand', possibly from 'srand' (C)

Compiled code should not call entry points which might terminate R nor
write to stdout/stderr instead of to the console, nor use Fortran I/O
nor system RNGs. The detected symbols are linked into the code but
might come from libraries and not actually be called.

See 'Writing portable packages' in the 'Writing R Extensions' manual.
* checking files in 'vignettes' ... OK
* checking examples ... OK
* checking for unstated dependencies in 'tests' ... OK
* checking tests ...
  Running 'testthat.R'
 OK
* checking for unstated dependencies in vignettes ... OK
* checking package vignettes in 'inst/doc' ... OK
* checking running R code from vignettes ... SKIPPED
* checking re-building of vignette outputs ... SKIPPED
* checking PDF version of manual ... OK
* DONE

Status: 3 WARNINGs, 7 NOTEs
See
  'F:/biocbuild/bbs-3.16-bioc/meat/flowWorkspace.Rcheck/00check.log'
for details.



Installation output

flowWorkspace.Rcheck/00install.out

##############################################################################
##############################################################################
###
### Running command:
###
###   C:\cygwin\bin\curl.exe -O http://155.52.207.166/BBS/3.16/bioc/src/contrib/flowWorkspace_4.9.0.tar.gz && rm -rf flowWorkspace.buildbin-libdir && mkdir flowWorkspace.buildbin-libdir && F:\biocbuild\bbs-3.16-bioc\R\bin\R.exe CMD INSTALL --merge-multiarch --build --library=flowWorkspace.buildbin-libdir flowWorkspace_4.9.0.tar.gz && F:\biocbuild\bbs-3.16-bioc\R\bin\R.exe CMD INSTALL flowWorkspace_4.9.0.zip && rm flowWorkspace_4.9.0.tar.gz flowWorkspace_4.9.0.zip
###
##############################################################################
##############################################################################


  % Total    % Received % Xferd  Average Speed   Time    Time     Time  Current
                                 Dload  Upload   Total   Spent    Left  Speed

  0     0    0     0    0     0      0      0 --:--:-- --:--:-- --:--:--     0
 12 4626k   12  573k    0     0  5503k      0 --:--:-- --:--:-- --:--:-- 5516k
100 4626k  100 4626k    0     0  12.2M      0 --:--:-- --:--:-- --:--:-- 12.2M
only one architecture so ignoring '--merge-multiarch'
* installing *source* package 'flowWorkspace' ...
** using staged installation
** libs
g++  -std=gnu++11 -I"F:/biocbuild/bbs-3.16-bioc/R/include" -DNDEBUG -DROUT -I../inst/include -DBOOST_NO_AUTO_PTR -DRCPP_PARALLEL_USE_TBB=1 -fpermissive  -I'F:/biocbuild/bbs-3.16-bioc/R/library/Rcpp/include' -I'F:/biocbuild/bbs-3.16-bioc/R/library/BH/include' -I'F:/biocbuild/bbs-3.16-bioc/R/library/RProtoBufLib/include' -I'F:/biocbuild/bbs-3.16-bioc/R/library/cytolib/include' -I'F:/biocbuild/bbs-3.16-bioc/R/library/Rhdf5lib/include' -I'F:/biocbuild/bbs-3.16-bioc/R/library/RcppArmadillo/include' -I'F:/biocbuild/bbs-3.16-bioc/R/library/RcppParallel/include'   -I"C:/rtools42/x86_64-w64-mingw32.static.posix/include"     -O2 -Wall  -mfpmath=sse -msse2 -mstackrealign  -c R_API.cpp -o R_API.o
In file included from F:/biocbuild/bbs-3.16-bioc/R/library/BH/include/boost/mpl/aux_/na_assert.hpp:23,
                 from F:/biocbuild/bbs-3.16-bioc/R/library/BH/include/boost/mpl/arg.hpp:25,
                 from F:/biocbuild/bbs-3.16-bioc/R/library/BH/include/boost/mpl/placeholders.hpp:24,
                 from F:/biocbuild/bbs-3.16-bioc/R/library/BH/include/boost/iterator/iterator_categories.hpp:16,
                 from F:/biocbuild/bbs-3.16-bioc/R/library/BH/include/boost/iterator/iterator_facade.hpp:13,
                 from F:/biocbuild/bbs-3.16-bioc/R/library/BH/include/boost/range/iterator_range_core.hpp:27,
                 from F:/biocbuild/bbs-3.16-bioc/R/library/BH/include/boost/range/iterator_range.hpp:13,
                 from F:/biocbuild/bbs-3.16-bioc/R/library/BH/include/boost/range/as_literal.hpp:18,
                 from F:/biocbuild/bbs-3.16-bioc/R/library/BH/include/boost/algorithm/string/trim.hpp:19,
                 from F:/biocbuild/bbs-3.16-bioc/R/library/BH/include/boost/algorithm/string.hpp:19,
                 from F:/biocbuild/bbs-3.16-bioc/R/library/cytolib/include/cytolib/transformation.hpp:18,
                 from F:/biocbuild/bbs-3.16-bioc/R/library/cytolib/include/cytolib/compensation.hpp:15,
                 from F:/biocbuild/bbs-3.16-bioc/R/library/cytolib/include/cytolib/CytoFrame.hpp:16,
                 from F:/biocbuild/bbs-3.16-bioc/R/library/cytolib/include/cytolib/MemCytoFrame.hpp:12,
                 from F:/biocbuild/bbs-3.16-bioc/R/library/cytolib/include/cytolib/gate.hpp:12,
                 from F:/biocbuild/bbs-3.16-bioc/R/library/cytolib/include/cytolib/POPINDICES.hpp:14,
                 from F:/biocbuild/bbs-3.16-bioc/R/library/cytolib/include/cytolib/nodeProperties.hpp:13,
                 from F:/biocbuild/bbs-3.16-bioc/R/library/cytolib/include/cytolib/populationTree.hpp:13,
                 from F:/biocbuild/bbs-3.16-bioc/R/library/cytolib/include/cytolib/GatingHierarchy.hpp:17,
                 from F:/biocbuild/bbs-3.16-bioc/R/library/cytolib/include/cytolib/GatingSet.hpp:14,
                 from R_API.cpp:9:
F:/biocbuild/bbs-3.16-bioc/R/library/BH/include/boost/mpl/assert.hpp:194:21: warning: unnecessary parentheses in declaration of 'assert_arg' [-Wparentheses]
  194 | failed ************ (Pred::************
      |                     ^
F:/biocbuild/bbs-3.16-bioc/R/library/BH/include/boost/mpl/assert.hpp:199:21: warning: unnecessary parentheses in declaration of 'assert_not_arg' [-Wparentheses]
  199 | failed ************ (boost::mpl::not_<Pred>::************
      |                     ^
In file included from F:/biocbuild/bbs-3.16-bioc/R/library/cytolib/include/cytolib/CytoFrame.hpp:16,
                 from F:/biocbuild/bbs-3.16-bioc/R/library/cytolib/include/cytolib/MemCytoFrame.hpp:12,
                 from F:/biocbuild/bbs-3.16-bioc/R/library/cytolib/include/cytolib/gate.hpp:12,
                 from F:/biocbuild/bbs-3.16-bioc/R/library/cytolib/include/cytolib/POPINDICES.hpp:14,
                 from F:/biocbuild/bbs-3.16-bioc/R/library/cytolib/include/cytolib/nodeProperties.hpp:13,
                 from F:/biocbuild/bbs-3.16-bioc/R/library/cytolib/include/cytolib/populationTree.hpp:13,
                 from F:/biocbuild/bbs-3.16-bioc/R/library/cytolib/include/cytolib/GatingHierarchy.hpp:17,
                 from F:/biocbuild/bbs-3.16-bioc/R/library/cytolib/include/cytolib/GatingSet.hpp:14,
                 from R_API.cpp:9:
F:/biocbuild/bbs-3.16-bioc/R/library/cytolib/include/cytolib/compensation.hpp: In constructor 'cytolib::compensation::compensation(const string&)':
F:/biocbuild/bbs-3.16-bioc/R/library/cytolib/include/cytolib/compensation.hpp:58:20: warning: comparison of integer expressions of different signedness: 'std::vector<std::__cxx11::basic_string<char>, std::allocator<std::__cxx11::basic_string<char> > >::size_type' {aka 'long long unsigned int'} and 'int' [-Wsign-compare]
   58 |   if(valVec.size() != 1+n+n*n){
      |      ~~~~~~~~~~~~~~^~~~~~~~~~
F:/biocbuild/bbs-3.16-bioc/R/library/cytolib/include/cytolib/compensation.hpp:62:21: warning: comparison of integer expressions of different signedness: 'std::vector<std::__cxx11::basic_string<char>, std::allocator<std::__cxx11::basic_string<char> > >::size_type' {aka 'long long unsigned int'} and 'int' [-Wsign-compare]
   62 |    if(valVec.size() == 1+n+2*n*n){
      |       ~~~~~~~~~~~~~~^~~~~~~~~~~~
F:/biocbuild/bbs-3.16-bioc/R/library/cytolib/include/cytolib/compensation.hpp:68:33: warning: comparison of integer expressions of different signedness: 'int' and 'std::vector<std::__cxx11::basic_string<char>, std::allocator<std::__cxx11::basic_string<char> > >::size_type' {aka 'long long unsigned int'} [-Wsign-compare]
   68 |     for(int i = 1+n, j = 1+n; i < valVec_fixed.size(); i++, j+=2)
      |                               ~~^~~~~~~~~~~~~~~~~~~~~
g++  -std=gnu++11 -I"F:/biocbuild/bbs-3.16-bioc/R/include" -DNDEBUG -DROUT -I../inst/include -DBOOST_NO_AUTO_PTR -DRCPP_PARALLEL_USE_TBB=1 -fpermissive  -I'F:/biocbuild/bbs-3.16-bioc/R/library/Rcpp/include' -I'F:/biocbuild/bbs-3.16-bioc/R/library/BH/include' -I'F:/biocbuild/bbs-3.16-bioc/R/library/RProtoBufLib/include' -I'F:/biocbuild/bbs-3.16-bioc/R/library/cytolib/include' -I'F:/biocbuild/bbs-3.16-bioc/R/library/Rhdf5lib/include' -I'F:/biocbuild/bbs-3.16-bioc/R/library/RcppArmadillo/include' -I'F:/biocbuild/bbs-3.16-bioc/R/library/RcppParallel/include'   -I"C:/rtools42/x86_64-w64-mingw32.static.posix/include"     -O2 -Wall  -mfpmath=sse -msse2 -mstackrealign  -c R_GatingHierarchy.cpp -o R_GatingHierarchy.o
In file included from F:/biocbuild/bbs-3.16-bioc/R/library/BH/include/boost/mpl/aux_/na_assert.hpp:23,
                 from F:/biocbuild/bbs-3.16-bioc/R/library/BH/include/boost/mpl/arg.hpp:25,
                 from F:/biocbuild/bbs-3.16-bioc/R/library/BH/include/boost/mpl/placeholders.hpp:24,
                 from F:/biocbuild/bbs-3.16-bioc/R/library/BH/include/boost/iterator/iterator_categories.hpp:16,
                 from F:/biocbuild/bbs-3.16-bioc/R/library/BH/include/boost/iterator/iterator_facade.hpp:13,
                 from F:/biocbuild/bbs-3.16-bioc/R/library/BH/include/boost/range/iterator_range_core.hpp:27,
                 from F:/biocbuild/bbs-3.16-bioc/R/library/BH/include/boost/range/iterator_range.hpp:13,
                 from F:/biocbuild/bbs-3.16-bioc/R/library/BH/include/boost/range/as_literal.hpp:18,
                 from F:/biocbuild/bbs-3.16-bioc/R/library/BH/include/boost/algorithm/string/trim.hpp:19,
                 from F:/biocbuild/bbs-3.16-bioc/R/library/BH/include/boost/algorithm/string.hpp:19,
                 from F:/biocbuild/bbs-3.16-bioc/R/library/cytolib/include/cytolib/transformation.hpp:18,
                 from F:/biocbuild/bbs-3.16-bioc/R/library/cytolib/include/cytolib/compensation.hpp:15,
                 from F:/biocbuild/bbs-3.16-bioc/R/library/cytolib/include/cytolib/CytoFrame.hpp:16,
                 from F:/biocbuild/bbs-3.16-bioc/R/library/cytolib/include/cytolib/MemCytoFrame.hpp:12,
                 from F:/biocbuild/bbs-3.16-bioc/R/library/cytolib/include/cytolib/gate.hpp:12,
                 from F:/biocbuild/bbs-3.16-bioc/R/library/cytolib/include/cytolib/POPINDICES.hpp:14,
                 from F:/biocbuild/bbs-3.16-bioc/R/library/cytolib/include/cytolib/nodeProperties.hpp:13,
                 from F:/biocbuild/bbs-3.16-bioc/R/library/cytolib/include/cytolib/populationTree.hpp:13,
                 from F:/biocbuild/bbs-3.16-bioc/R/library/cytolib/include/cytolib/GatingHierarchy.hpp:17,
                 from F:/biocbuild/bbs-3.16-bioc/R/library/cytolib/include/cytolib/GatingSet.hpp:14,
                 from R_GatingHierarchy.cpp:17:
F:/biocbuild/bbs-3.16-bioc/R/library/BH/include/boost/mpl/assert.hpp:194:21: warning: unnecessary parentheses in declaration of 'assert_arg' [-Wparentheses]
  194 | failed ************ (Pred::************
      |                     ^
F:/biocbuild/bbs-3.16-bioc/R/library/BH/include/boost/mpl/assert.hpp:199:21: warning: unnecessary parentheses in declaration of 'assert_not_arg' [-Wparentheses]
  199 | failed ************ (boost::mpl::not_<Pred>::************
      |                     ^
In file included from F:/biocbuild/bbs-3.16-bioc/R/library/cytolib/include/cytolib/CytoFrame.hpp:16,
                 from F:/biocbuild/bbs-3.16-bioc/R/library/cytolib/include/cytolib/MemCytoFrame.hpp:12,
                 from F:/biocbuild/bbs-3.16-bioc/R/library/cytolib/include/cytolib/gate.hpp:12,
                 from F:/biocbuild/bbs-3.16-bioc/R/library/cytolib/include/cytolib/POPINDICES.hpp:14,
                 from F:/biocbuild/bbs-3.16-bioc/R/library/cytolib/include/cytolib/nodeProperties.hpp:13,
                 from F:/biocbuild/bbs-3.16-bioc/R/library/cytolib/include/cytolib/populationTree.hpp:13,
                 from F:/biocbuild/bbs-3.16-bioc/R/library/cytolib/include/cytolib/GatingHierarchy.hpp:17,
                 from F:/biocbuild/bbs-3.16-bioc/R/library/cytolib/include/cytolib/GatingSet.hpp:14,
                 from R_GatingHierarchy.cpp:17:
F:/biocbuild/bbs-3.16-bioc/R/library/cytolib/include/cytolib/compensation.hpp: In constructor 'cytolib::compensation::compensation(const string&)':
F:/biocbuild/bbs-3.16-bioc/R/library/cytolib/include/cytolib/compensation.hpp:58:20: warning: comparison of integer expressions of different signedness: 'std::vector<std::__cxx11::basic_string<char>, std::allocator<std::__cxx11::basic_string<char> > >::size_type' {aka 'long long unsigned int'} and 'int' [-Wsign-compare]
   58 |   if(valVec.size() != 1+n+n*n){
      |      ~~~~~~~~~~~~~~^~~~~~~~~~
F:/biocbuild/bbs-3.16-bioc/R/library/cytolib/include/cytolib/compensation.hpp:62:21: warning: comparison of integer expressions of different signedness: 'std::vector<std::__cxx11::basic_string<char>, std::allocator<std::__cxx11::basic_string<char> > >::size_type' {aka 'long long unsigned int'} and 'int' [-Wsign-compare]
   62 |    if(valVec.size() == 1+n+2*n*n){
      |       ~~~~~~~~~~~~~~^~~~~~~~~~~~
F:/biocbuild/bbs-3.16-bioc/R/library/cytolib/include/cytolib/compensation.hpp:68:33: warning: comparison of integer expressions of different signedness: 'int' and 'std::vector<std::__cxx11::basic_string<char>, std::allocator<std::__cxx11::basic_string<char> > >::size_type' {aka 'long long unsigned int'} [-Wsign-compare]
   68 |     for(int i = 1+n, j = 1+n; i < valVec_fixed.size(); i++, j+=2)
      |                               ~~^~~~~~~~~~~~~~~~~~~~~
g++  -std=gnu++11 -I"F:/biocbuild/bbs-3.16-bioc/R/include" -DNDEBUG -DROUT -I../inst/include -DBOOST_NO_AUTO_PTR -DRCPP_PARALLEL_USE_TBB=1 -fpermissive  -I'F:/biocbuild/bbs-3.16-bioc/R/library/Rcpp/include' -I'F:/biocbuild/bbs-3.16-bioc/R/library/BH/include' -I'F:/biocbuild/bbs-3.16-bioc/R/library/RProtoBufLib/include' -I'F:/biocbuild/bbs-3.16-bioc/R/library/cytolib/include' -I'F:/biocbuild/bbs-3.16-bioc/R/library/Rhdf5lib/include' -I'F:/biocbuild/bbs-3.16-bioc/R/library/RcppArmadillo/include' -I'F:/biocbuild/bbs-3.16-bioc/R/library/RcppParallel/include'   -I"C:/rtools42/x86_64-w64-mingw32.static.posix/include"     -O2 -Wall  -mfpmath=sse -msse2 -mstackrealign  -c R_GatingSet.cpp -o R_GatingSet.o
In file included from F:/biocbuild/bbs-3.16-bioc/R/library/BH/include/boost/mpl/aux_/na_assert.hpp:23,
                 from F:/biocbuild/bbs-3.16-bioc/R/library/BH/include/boost/mpl/arg.hpp:25,
                 from F:/biocbuild/bbs-3.16-bioc/R/library/BH/include/boost/mpl/placeholders.hpp:24,
                 from F:/biocbuild/bbs-3.16-bioc/R/library/BH/include/boost/iterator/iterator_categories.hpp:16,
                 from F:/biocbuild/bbs-3.16-bioc/R/library/BH/include/boost/iterator/iterator_facade.hpp:13,
                 from F:/biocbuild/bbs-3.16-bioc/R/library/BH/include/boost/range/iterator_range_core.hpp:27,
                 from F:/biocbuild/bbs-3.16-bioc/R/library/BH/include/boost/range/iterator_range.hpp:13,
                 from F:/biocbuild/bbs-3.16-bioc/R/library/BH/include/boost/range/as_literal.hpp:18,
                 from F:/biocbuild/bbs-3.16-bioc/R/library/BH/include/boost/algorithm/string/trim.hpp:19,
                 from F:/biocbuild/bbs-3.16-bioc/R/library/BH/include/boost/algorithm/string.hpp:19,
                 from F:/biocbuild/bbs-3.16-bioc/R/library/cytolib/include/cytolib/transformation.hpp:18,
                 from F:/biocbuild/bbs-3.16-bioc/R/library/cytolib/include/cytolib/compensation.hpp:15,
                 from F:/biocbuild/bbs-3.16-bioc/R/library/cytolib/include/cytolib/CytoFrame.hpp:16,
                 from F:/biocbuild/bbs-3.16-bioc/R/library/cytolib/include/cytolib/MemCytoFrame.hpp:12,
                 from F:/biocbuild/bbs-3.16-bioc/R/library/cytolib/include/cytolib/gate.hpp:12,
                 from F:/biocbuild/bbs-3.16-bioc/R/library/cytolib/include/cytolib/POPINDICES.hpp:14,
                 from F:/biocbuild/bbs-3.16-bioc/R/library/cytolib/include/cytolib/nodeProperties.hpp:13,
                 from F:/biocbuild/bbs-3.16-bioc/R/library/cytolib/include/cytolib/populationTree.hpp:13,
                 from F:/biocbuild/bbs-3.16-bioc/R/library/cytolib/include/cytolib/GatingHierarchy.hpp:17,
                 from F:/biocbuild/bbs-3.16-bioc/R/library/cytolib/include/cytolib/GatingSet.hpp:14,
                 from ../inst/include/flowWorkspace.h:5,
                 from R_GatingSet.cpp:10:
F:/biocbuild/bbs-3.16-bioc/R/library/BH/include/boost/mpl/assert.hpp:194:21: warning: unnecessary parentheses in declaration of 'assert_arg' [-Wparentheses]
  194 | failed ************ (Pred::************
      |                     ^
F:/biocbuild/bbs-3.16-bioc/R/library/BH/include/boost/mpl/assert.hpp:199:21: warning: unnecessary parentheses in declaration of 'assert_not_arg' [-Wparentheses]
  199 | failed ************ (boost::mpl::not_<Pred>::************
      |                     ^
In file included from F:/biocbuild/bbs-3.16-bioc/R/library/cytolib/include/cytolib/CytoFrame.hpp:16,
                 from F:/biocbuild/bbs-3.16-bioc/R/library/cytolib/include/cytolib/MemCytoFrame.hpp:12,
                 from F:/biocbuild/bbs-3.16-bioc/R/library/cytolib/include/cytolib/gate.hpp:12,
                 from F:/biocbuild/bbs-3.16-bioc/R/library/cytolib/include/cytolib/POPINDICES.hpp:14,
                 from F:/biocbuild/bbs-3.16-bioc/R/library/cytolib/include/cytolib/nodeProperties.hpp:13,
                 from F:/biocbuild/bbs-3.16-bioc/R/library/cytolib/include/cytolib/populationTree.hpp:13,
                 from F:/biocbuild/bbs-3.16-bioc/R/library/cytolib/include/cytolib/GatingHierarchy.hpp:17,
                 from F:/biocbuild/bbs-3.16-bioc/R/library/cytolib/include/cytolib/GatingSet.hpp:14,
                 from ../inst/include/flowWorkspace.h:5,
                 from R_GatingSet.cpp:10:
F:/biocbuild/bbs-3.16-bioc/R/library/cytolib/include/cytolib/compensation.hpp: In constructor 'cytolib::compensation::compensation(const string&)':
F:/biocbuild/bbs-3.16-bioc/R/library/cytolib/include/cytolib/compensation.hpp:58:20: warning: comparison of integer expressions of different signedness: 'std::vector<std::__cxx11::basic_string<char>, std::allocator<std::__cxx11::basic_string<char> > >::size_type' {aka 'long long unsigned int'} and 'int' [-Wsign-compare]
   58 |   if(valVec.size() != 1+n+n*n){
      |      ~~~~~~~~~~~~~~^~~~~~~~~~
F:/biocbuild/bbs-3.16-bioc/R/library/cytolib/include/cytolib/compensation.hpp:62:21: warning: comparison of integer expressions of different signedness: 'std::vector<std::__cxx11::basic_string<char>, std::allocator<std::__cxx11::basic_string<char> > >::size_type' {aka 'long long unsigned int'} and 'int' [-Wsign-compare]
   62 |    if(valVec.size() == 1+n+2*n*n){
      |       ~~~~~~~~~~~~~~^~~~~~~~~~~~
F:/biocbuild/bbs-3.16-bioc/R/library/cytolib/include/cytolib/compensation.hpp:68:33: warning: comparison of integer expressions of different signedness: 'int' and 'std::vector<std::__cxx11::basic_string<char>, std::allocator<std::__cxx11::basic_string<char> > >::size_type' {aka 'long long unsigned int'} [-Wsign-compare]
   68 |     for(int i = 1+n, j = 1+n; i < valVec_fixed.size(); i++, j+=2)
      |                               ~~^~~~~~~~~~~~~~~~~~~~~
g++  -std=gnu++11 -I"F:/biocbuild/bbs-3.16-bioc/R/include" -DNDEBUG -DROUT -I../inst/include -DBOOST_NO_AUTO_PTR -DRCPP_PARALLEL_USE_TBB=1 -fpermissive  -I'F:/biocbuild/bbs-3.16-bioc/R/library/Rcpp/include' -I'F:/biocbuild/bbs-3.16-bioc/R/library/BH/include' -I'F:/biocbuild/bbs-3.16-bioc/R/library/RProtoBufLib/include' -I'F:/biocbuild/bbs-3.16-bioc/R/library/cytolib/include' -I'F:/biocbuild/bbs-3.16-bioc/R/library/Rhdf5lib/include' -I'F:/biocbuild/bbs-3.16-bioc/R/library/RcppArmadillo/include' -I'F:/biocbuild/bbs-3.16-bioc/R/library/RcppParallel/include'   -I"C:/rtools42/x86_64-w64-mingw32.static.posix/include"     -O2 -Wall  -mfpmath=sse -msse2 -mstackrealign  -c RcppExports.cpp -o RcppExports.o
In file included from F:/biocbuild/bbs-3.16-bioc/R/library/BH/include/boost/mpl/aux_/na_assert.hpp:23,
                 from F:/biocbuild/bbs-3.16-bioc/R/library/BH/include/boost/mpl/arg.hpp:25,
                 from F:/biocbuild/bbs-3.16-bioc/R/library/BH/include/boost/mpl/placeholders.hpp:24,
                 from F:/biocbuild/bbs-3.16-bioc/R/library/BH/include/boost/iterator/iterator_categories.hpp:16,
                 from F:/biocbuild/bbs-3.16-bioc/R/library/BH/include/boost/iterator/iterator_facade.hpp:13,
                 from F:/biocbuild/bbs-3.16-bioc/R/library/BH/include/boost/range/iterator_range_core.hpp:27,
                 from F:/biocbuild/bbs-3.16-bioc/R/library/BH/include/boost/range/iterator_range.hpp:13,
                 from F:/biocbuild/bbs-3.16-bioc/R/library/BH/include/boost/range/as_literal.hpp:18,
                 from F:/biocbuild/bbs-3.16-bioc/R/library/BH/include/boost/algorithm/string/trim.hpp:19,
                 from F:/biocbuild/bbs-3.16-bioc/R/library/BH/include/boost/algorithm/string.hpp:19,
                 from F:/biocbuild/bbs-3.16-bioc/R/library/cytolib/include/cytolib/transformation.hpp:18,
                 from F:/biocbuild/bbs-3.16-bioc/R/library/cytolib/include/cytolib/compensation.hpp:15,
                 from F:/biocbuild/bbs-3.16-bioc/R/library/cytolib/include/cytolib/CytoFrame.hpp:16,
                 from F:/biocbuild/bbs-3.16-bioc/R/library/cytolib/include/cytolib/MemCytoFrame.hpp:12,
                 from F:/biocbuild/bbs-3.16-bioc/R/library/cytolib/include/cytolib/gate.hpp:12,
                 from F:/biocbuild/bbs-3.16-bioc/R/library/cytolib/include/cytolib/POPINDICES.hpp:14,
                 from F:/biocbuild/bbs-3.16-bioc/R/library/cytolib/include/cytolib/nodeProperties.hpp:13,
                 from F:/biocbuild/bbs-3.16-bioc/R/library/cytolib/include/cytolib/populationTree.hpp:13,
                 from F:/biocbuild/bbs-3.16-bioc/R/library/cytolib/include/cytolib/GatingHierarchy.hpp:17,
                 from F:/biocbuild/bbs-3.16-bioc/R/library/cytolib/include/cytolib/GatingSet.hpp:14,
                 from ../inst/include/flowWorkspace.h:5,
                 from RcppExports.cpp:4:
F:/biocbuild/bbs-3.16-bioc/R/library/BH/include/boost/mpl/assert.hpp:194:21: warning: unnecessary parentheses in declaration of 'assert_arg' [-Wparentheses]
  194 | failed ************ (Pred::************
      |                     ^
F:/biocbuild/bbs-3.16-bioc/R/library/BH/include/boost/mpl/assert.hpp:199:21: warning: unnecessary parentheses in declaration of 'assert_not_arg' [-Wparentheses]
  199 | failed ************ (boost::mpl::not_<Pred>::************
      |                     ^
In file included from F:/biocbuild/bbs-3.16-bioc/R/library/cytolib/include/cytolib/CytoFrame.hpp:16,
                 from F:/biocbuild/bbs-3.16-bioc/R/library/cytolib/include/cytolib/MemCytoFrame.hpp:12,
                 from F:/biocbuild/bbs-3.16-bioc/R/library/cytolib/include/cytolib/gate.hpp:12,
                 from F:/biocbuild/bbs-3.16-bioc/R/library/cytolib/include/cytolib/POPINDICES.hpp:14,
                 from F:/biocbuild/bbs-3.16-bioc/R/library/cytolib/include/cytolib/nodeProperties.hpp:13,
                 from F:/biocbuild/bbs-3.16-bioc/R/library/cytolib/include/cytolib/populationTree.hpp:13,
                 from F:/biocbuild/bbs-3.16-bioc/R/library/cytolib/include/cytolib/GatingHierarchy.hpp:17,
                 from F:/biocbuild/bbs-3.16-bioc/R/library/cytolib/include/cytolib/GatingSet.hpp:14,
                 from ../inst/include/flowWorkspace.h:5,
                 from RcppExports.cpp:4:
F:/biocbuild/bbs-3.16-bioc/R/library/cytolib/include/cytolib/compensation.hpp: In constructor 'cytolib::compensation::compensation(const string&)':
F:/biocbuild/bbs-3.16-bioc/R/library/cytolib/include/cytolib/compensation.hpp:58:20: warning: comparison of integer expressions of different signedness: 'std::vector<std::__cxx11::basic_string<char>, std::allocator<std::__cxx11::basic_string<char> > >::size_type' {aka 'long long unsigned int'} and 'int' [-Wsign-compare]
   58 |   if(valVec.size() != 1+n+n*n){
      |      ~~~~~~~~~~~~~~^~~~~~~~~~
F:/biocbuild/bbs-3.16-bioc/R/library/cytolib/include/cytolib/compensation.hpp:62:21: warning: comparison of integer expressions of different signedness: 'std::vector<std::__cxx11::basic_string<char>, std::allocator<std::__cxx11::basic_string<char> > >::size_type' {aka 'long long unsigned int'} and 'int' [-Wsign-compare]
   62 |    if(valVec.size() == 1+n+2*n*n){
      |       ~~~~~~~~~~~~~~^~~~~~~~~~~~
F:/biocbuild/bbs-3.16-bioc/R/library/cytolib/include/cytolib/compensation.hpp:68:33: warning: comparison of integer expressions of different signedness: 'int' and 'std::vector<std::__cxx11::basic_string<char>, std::allocator<std::__cxx11::basic_string<char> > >::size_type' {aka 'long long unsigned int'} [-Wsign-compare]
   68 |     for(int i = 1+n, j = 1+n; i < valVec_fixed.size(); i++, j+=2)
      |                               ~~^~~~~~~~~~~~~~~~~~~~~
In file included from F:/biocbuild/bbs-3.16-bioc/R/library/Rcpp/include/Rcpp.h:46,
                 from F:/biocbuild/bbs-3.16-bioc/R/library/RcppArmadillo/include/RcppArmadillo.h:32,
                 from ../inst/include/flowWorkspace/pairVectorRcppWrap.h:15,
                 from ../inst/include/flowWorkspace.h:6,
                 from RcppExports.cpp:4:
F:/biocbuild/bbs-3.16-bioc/R/library/Rcpp/include/Rcpp/XPtr.h: In instantiation of 'void Rcpp::standard_delete_finalizer(T*) [with T = cytolib::CytoFrameView]':
RcppExports.cpp:629:43:   required from here
F:/biocbuild/bbs-3.16-bioc/R/library/Rcpp/include/Rcpp/XPtr.h:31:5: warning: deleting object of polymorphic class type 'cytolib::CytoFrameView' which has non-virtual destructor might cause undefined behavior [-Wdelete-non-virtual-dtor]
   31 |     delete obj;
      |     ^~~~~~~~~~
g++  -std=gnu++11 -I"F:/biocbuild/bbs-3.16-bioc/R/include" -DNDEBUG -DROUT -I../inst/include -DBOOST_NO_AUTO_PTR -DRCPP_PARALLEL_USE_TBB=1 -fpermissive  -I'F:/biocbuild/bbs-3.16-bioc/R/library/Rcpp/include' -I'F:/biocbuild/bbs-3.16-bioc/R/library/BH/include' -I'F:/biocbuild/bbs-3.16-bioc/R/library/RProtoBufLib/include' -I'F:/biocbuild/bbs-3.16-bioc/R/library/cytolib/include' -I'F:/biocbuild/bbs-3.16-bioc/R/library/Rhdf5lib/include' -I'F:/biocbuild/bbs-3.16-bioc/R/library/RcppArmadillo/include' -I'F:/biocbuild/bbs-3.16-bioc/R/library/RcppParallel/include'   -I"C:/rtools42/x86_64-w64-mingw32.static.posix/include"     -O2 -Wall  -mfpmath=sse -msse2 -mstackrealign  -c cytoctxAPI.cpp -o cytoctxAPI.o
In file included from F:/biocbuild/bbs-3.16-bioc/R/library/BH/include/boost/mpl/aux_/na_assert.hpp:23,
                 from F:/biocbuild/bbs-3.16-bioc/R/library/BH/include/boost/mpl/arg.hpp:25,
                 from F:/biocbuild/bbs-3.16-bioc/R/library/BH/include/boost/mpl/placeholders.hpp:24,
                 from F:/biocbuild/bbs-3.16-bioc/R/library/BH/include/boost/iterator/iterator_categories.hpp:16,
                 from F:/biocbuild/bbs-3.16-bioc/R/library/BH/include/boost/iterator/iterator_facade.hpp:13,
                 from F:/biocbuild/bbs-3.16-bioc/R/library/BH/include/boost/range/iterator_range_core.hpp:27,
                 from F:/biocbuild/bbs-3.16-bioc/R/library/BH/include/boost/range/iterator_range.hpp:13,
                 from F:/biocbuild/bbs-3.16-bioc/R/library/BH/include/boost/range/as_literal.hpp:18,
                 from F:/biocbuild/bbs-3.16-bioc/R/library/BH/include/boost/algorithm/string/trim.hpp:19,
                 from F:/biocbuild/bbs-3.16-bioc/R/library/BH/include/boost/algorithm/string.hpp:19,
                 from F:/biocbuild/bbs-3.16-bioc/R/library/cytolib/include/cytolib/transformation.hpp:18,
                 from F:/biocbuild/bbs-3.16-bioc/R/library/cytolib/include/cytolib/compensation.hpp:15,
                 from F:/biocbuild/bbs-3.16-bioc/R/library/cytolib/include/cytolib/CytoFrame.hpp:16,
                 from F:/biocbuild/bbs-3.16-bioc/R/library/cytolib/include/cytolib/MemCytoFrame.hpp:12,
                 from F:/biocbuild/bbs-3.16-bioc/R/library/cytolib/include/cytolib/gate.hpp:12,
                 from F:/biocbuild/bbs-3.16-bioc/R/library/cytolib/include/cytolib/POPINDICES.hpp:14,
                 from F:/biocbuild/bbs-3.16-bioc/R/library/cytolib/include/cytolib/nodeProperties.hpp:13,
                 from F:/biocbuild/bbs-3.16-bioc/R/library/cytolib/include/cytolib/populationTree.hpp:13,
                 from F:/biocbuild/bbs-3.16-bioc/R/library/cytolib/include/cytolib/GatingHierarchy.hpp:17,
                 from F:/biocbuild/bbs-3.16-bioc/R/library/cytolib/include/cytolib/GatingSet.hpp:14,
                 from ../inst/include/flowWorkspace/pairVectorRcppWrap.h:12,
                 from cytoctxAPI.cpp:1:
F:/biocbuild/bbs-3.16-bioc/R/library/BH/include/boost/mpl/assert.hpp:194:21: warning: unnecessary parentheses in declaration of 'assert_arg' [-Wparentheses]
  194 | failed ************ (Pred::************
      |                     ^
F:/biocbuild/bbs-3.16-bioc/R/library/BH/include/boost/mpl/assert.hpp:199:21: warning: unnecessary parentheses in declaration of 'assert_not_arg' [-Wparentheses]
  199 | failed ************ (boost::mpl::not_<Pred>::************
      |                     ^
In file included from F:/biocbuild/bbs-3.16-bioc/R/library/cytolib/include/cytolib/CytoFrame.hpp:16,
                 from F:/biocbuild/bbs-3.16-bioc/R/library/cytolib/include/cytolib/MemCytoFrame.hpp:12,
                 from F:/biocbuild/bbs-3.16-bioc/R/library/cytolib/include/cytolib/gate.hpp:12,
                 from F:/biocbuild/bbs-3.16-bioc/R/library/cytolib/include/cytolib/POPINDICES.hpp:14,
                 from F:/biocbuild/bbs-3.16-bioc/R/library/cytolib/include/cytolib/nodeProperties.hpp:13,
                 from F:/biocbuild/bbs-3.16-bioc/R/library/cytolib/include/cytolib/populationTree.hpp:13,
                 from F:/biocbuild/bbs-3.16-bioc/R/library/cytolib/include/cytolib/GatingHierarchy.hpp:17,
                 from F:/biocbuild/bbs-3.16-bioc/R/library/cytolib/include/cytolib/GatingSet.hpp:14,
                 from ../inst/include/flowWorkspace/pairVectorRcppWrap.h:12,
                 from cytoctxAPI.cpp:1:
F:/biocbuild/bbs-3.16-bioc/R/library/cytolib/include/cytolib/compensation.hpp: In constructor 'cytolib::compensation::compensation(const string&)':
F:/biocbuild/bbs-3.16-bioc/R/library/cytolib/include/cytolib/compensation.hpp:58:20: warning: comparison of integer expressions of different signedness: 'std::vector<std::__cxx11::basic_string<char>, std::allocator<std::__cxx11::basic_string<char> > >::size_type' {aka 'long long unsigned int'} and 'int' [-Wsign-compare]
   58 |   if(valVec.size() != 1+n+n*n){
      |      ~~~~~~~~~~~~~~^~~~~~~~~~
F:/biocbuild/bbs-3.16-bioc/R/library/cytolib/include/cytolib/compensation.hpp:62:21: warning: comparison of integer expressions of different signedness: 'std::vector<std::__cxx11::basic_string<char>, std::allocator<std::__cxx11::basic_string<char> > >::size_type' {aka 'long long unsigned int'} and 'int' [-Wsign-compare]
   62 |    if(valVec.size() == 1+n+2*n*n){
      |       ~~~~~~~~~~~~~~^~~~~~~~~~~~
F:/biocbuild/bbs-3.16-bioc/R/library/cytolib/include/cytolib/compensation.hpp:68:33: warning: comparison of integer expressions of different signedness: 'int' and 'std::vector<std::__cxx11::basic_string<char>, std::allocator<std::__cxx11::basic_string<char> > >::size_type' {aka 'long long unsigned int'} [-Wsign-compare]
   68 |     for(int i = 1+n, j = 1+n; i < valVec_fixed.size(); i++, j+=2)
      |                               ~~^~~~~~~~~~~~~~~~~~~~~
g++  -std=gnu++11 -I"F:/biocbuild/bbs-3.16-bioc/R/include" -DNDEBUG -DROUT -I../inst/include -DBOOST_NO_AUTO_PTR -DRCPP_PARALLEL_USE_TBB=1 -fpermissive  -I'F:/biocbuild/bbs-3.16-bioc/R/library/Rcpp/include' -I'F:/biocbuild/bbs-3.16-bioc/R/library/BH/include' -I'F:/biocbuild/bbs-3.16-bioc/R/library/RProtoBufLib/include' -I'F:/biocbuild/bbs-3.16-bioc/R/library/cytolib/include' -I'F:/biocbuild/bbs-3.16-bioc/R/library/Rhdf5lib/include' -I'F:/biocbuild/bbs-3.16-bioc/R/library/RcppArmadillo/include' -I'F:/biocbuild/bbs-3.16-bioc/R/library/RcppParallel/include'   -I"C:/rtools42/x86_64-w64-mingw32.static.posix/include"     -O2 -Wall  -mfpmath=sse -msse2 -mstackrealign  -c cytoframeAPI.cpp -o cytoframeAPI.o
In file included from F:/biocbuild/bbs-3.16-bioc/R/library/BH/include/boost/mpl/aux_/na_assert.hpp:23,
                 from F:/biocbuild/bbs-3.16-bioc/R/library/BH/include/boost/mpl/arg.hpp:25,
                 from F:/biocbuild/bbs-3.16-bioc/R/library/BH/include/boost/mpl/placeholders.hpp:24,
                 from F:/biocbuild/bbs-3.16-bioc/R/library/BH/include/boost/iterator/iterator_categories.hpp:16,
                 from F:/biocbuild/bbs-3.16-bioc/R/library/BH/include/boost/iterator/iterator_facade.hpp:13,
                 from F:/biocbuild/bbs-3.16-bioc/R/library/BH/include/boost/range/iterator_range_core.hpp:27,
                 from F:/biocbuild/bbs-3.16-bioc/R/library/BH/include/boost/range/iterator_range.hpp:13,
                 from F:/biocbuild/bbs-3.16-bioc/R/library/BH/include/boost/range/as_literal.hpp:18,
                 from F:/biocbuild/bbs-3.16-bioc/R/library/BH/include/boost/algorithm/string/trim.hpp:19,
                 from F:/biocbuild/bbs-3.16-bioc/R/library/BH/include/boost/algorithm/string.hpp:19,
                 from F:/biocbuild/bbs-3.16-bioc/R/library/cytolib/include/cytolib/transformation.hpp:18,
                 from F:/biocbuild/bbs-3.16-bioc/R/library/cytolib/include/cytolib/compensation.hpp:15,
                 from F:/biocbuild/bbs-3.16-bioc/R/library/cytolib/include/cytolib/CytoFrame.hpp:16,
                 from F:/biocbuild/bbs-3.16-bioc/R/library/cytolib/include/cytolib/MemCytoFrame.hpp:12,
                 from F:/biocbuild/bbs-3.16-bioc/R/library/cytolib/include/cytolib/H5CytoFrame.hpp:12,
                 from cytoframeAPI.cpp:1:
F:/biocbuild/bbs-3.16-bioc/R/library/BH/include/boost/mpl/assert.hpp:194:21: warning: unnecessary parentheses in declaration of 'assert_arg' [-Wparentheses]
  194 | failed ************ (Pred::************
      |                     ^
F:/biocbuild/bbs-3.16-bioc/R/library/BH/include/boost/mpl/assert.hpp:199:21: warning: unnecessary parentheses in declaration of 'assert_not_arg' [-Wparentheses]
  199 | failed ************ (boost::mpl::not_<Pred>::************
      |                     ^
In file included from F:/biocbuild/bbs-3.16-bioc/R/library/cytolib/include/cytolib/CytoFrame.hpp:16,
                 from F:/biocbuild/bbs-3.16-bioc/R/library/cytolib/include/cytolib/MemCytoFrame.hpp:12,
                 from F:/biocbuild/bbs-3.16-bioc/R/library/cytolib/include/cytolib/H5CytoFrame.hpp:12,
                 from cytoframeAPI.cpp:1:
F:/biocbuild/bbs-3.16-bioc/R/library/cytolib/include/cytolib/compensation.hpp: In constructor 'cytolib::compensation::compensation(const string&)':
F:/biocbuild/bbs-3.16-bioc/R/library/cytolib/include/cytolib/compensation.hpp:58:20: warning: comparison of integer expressions of different signedness: 'std::vector<std::__cxx11::basic_string<char>, std::allocator<std::__cxx11::basic_string<char> > >::size_type' {aka 'long long unsigned int'} and 'int' [-Wsign-compare]
   58 |   if(valVec.size() != 1+n+n*n){
      |      ~~~~~~~~~~~~~~^~~~~~~~~~
F:/biocbuild/bbs-3.16-bioc/R/library/cytolib/include/cytolib/compensation.hpp:62:21: warning: comparison of integer expressions of different signedness: 'std::vector<std::__cxx11::basic_string<char>, std::allocator<std::__cxx11::basic_string<char> > >::size_type' {aka 'long long unsigned int'} and 'int' [-Wsign-compare]
   62 |    if(valVec.size() == 1+n+2*n*n){
      |       ~~~~~~~~~~~~~~^~~~~~~~~~~~
F:/biocbuild/bbs-3.16-bioc/R/library/cytolib/include/cytolib/compensation.hpp:68:33: warning: comparison of integer expressions of different signedness: 'int' and 'std::vector<std::__cxx11::basic_string<char>, std::allocator<std::__cxx11::basic_string<char> > >::size_type' {aka 'long long unsigned int'} [-Wsign-compare]
   68 |     for(int i = 1+n, j = 1+n; i < valVec_fixed.size(); i++, j+=2)
      |                               ~~^~~~~~~~~~~~~~~~~~~~~
In file included from F:/biocbuild/bbs-3.16-bioc/R/library/Rcpp/include/Rcpp.h:46,
                 from F:/biocbuild/bbs-3.16-bioc/R/library/RcppArmadillo/include/RcppArmadillo.h:32,
                 from ../inst/include/flowWorkspace/pairVectorRcppWrap.h:15,
                 from cytoframeAPI.cpp:3:
F:/biocbuild/bbs-3.16-bioc/R/library/Rcpp/include/Rcpp/XPtr.h: In instantiation of 'void Rcpp::standard_delete_finalizer(T*) [with T = cytolib::CytoFrameView]':
cytoframeAPI.cpp:9:43:   required from here
F:/biocbuild/bbs-3.16-bioc/R/library/Rcpp/include/Rcpp/XPtr.h:31:5: warning: deleting object of polymorphic class type 'cytolib::CytoFrameView' which has non-virtual destructor might cause undefined behavior [-Wdelete-non-virtual-dtor]
   31 |     delete obj;
      |     ^~~~~~~~~~
g++  -std=gnu++11 -I"F:/biocbuild/bbs-3.16-bioc/R/include" -DNDEBUG -DROUT -I../inst/include -DBOOST_NO_AUTO_PTR -DRCPP_PARALLEL_USE_TBB=1 -fpermissive  -I'F:/biocbuild/bbs-3.16-bioc/R/library/Rcpp/include' -I'F:/biocbuild/bbs-3.16-bioc/R/library/BH/include' -I'F:/biocbuild/bbs-3.16-bioc/R/library/RProtoBufLib/include' -I'F:/biocbuild/bbs-3.16-bioc/R/library/cytolib/include' -I'F:/biocbuild/bbs-3.16-bioc/R/library/Rhdf5lib/include' -I'F:/biocbuild/bbs-3.16-bioc/R/library/RcppArmadillo/include' -I'F:/biocbuild/bbs-3.16-bioc/R/library/RcppParallel/include'   -I"C:/rtools42/x86_64-w64-mingw32.static.posix/include"     -O2 -Wall  -mfpmath=sse -msse2 -mstackrealign  -c cytosetAPI.cpp -o cytosetAPI.o
In file included from F:/biocbuild/bbs-3.16-bioc/R/library/BH/include/boost/mpl/aux_/na_assert.hpp:23,
                 from F:/biocbuild/bbs-3.16-bioc/R/library/BH/include/boost/mpl/arg.hpp:25,
                 from F:/biocbuild/bbs-3.16-bioc/R/library/BH/include/boost/mpl/placeholders.hpp:24,
                 from F:/biocbuild/bbs-3.16-bioc/R/library/BH/include/boost/iterator/iterator_categories.hpp:16,
                 from F:/biocbuild/bbs-3.16-bioc/R/library/BH/include/boost/iterator/iterator_facade.hpp:13,
                 from F:/biocbuild/bbs-3.16-bioc/R/library/BH/include/boost/range/iterator_range_core.hpp:27,
                 from F:/biocbuild/bbs-3.16-bioc/R/library/BH/include/boost/range/iterator_range.hpp:13,
                 from F:/biocbuild/bbs-3.16-bioc/R/library/BH/include/boost/range/as_literal.hpp:18,
                 from F:/biocbuild/bbs-3.16-bioc/R/library/BH/include/boost/algorithm/string/trim.hpp:19,
                 from F:/biocbuild/bbs-3.16-bioc/R/library/BH/include/boost/algorithm/string.hpp:19,
                 from F:/biocbuild/bbs-3.16-bioc/R/library/cytolib/include/cytolib/transformation.hpp:18,
                 from F:/biocbuild/bbs-3.16-bioc/R/library/cytolib/include/cytolib/compensation.hpp:15,
                 from F:/biocbuild/bbs-3.16-bioc/R/library/cytolib/include/cytolib/CytoFrame.hpp:16,
                 from F:/biocbuild/bbs-3.16-bioc/R/library/cytolib/include/cytolib/MemCytoFrame.hpp:12,
                 from F:/biocbuild/bbs-3.16-bioc/R/library/cytolib/include/cytolib/H5CytoFrame.hpp:12,
                 from cytosetAPI.cpp:1:
F:/biocbuild/bbs-3.16-bioc/R/library/BH/include/boost/mpl/assert.hpp:194:21: warning: unnecessary parentheses in declaration of 'assert_arg' [-Wparentheses]
  194 | failed ************ (Pred::************
      |                     ^
F:/biocbuild/bbs-3.16-bioc/R/library/BH/include/boost/mpl/assert.hpp:199:21: warning: unnecessary parentheses in declaration of 'assert_not_arg' [-Wparentheses]
  199 | failed ************ (boost::mpl::not_<Pred>::************
      |                     ^
In file included from F:/biocbuild/bbs-3.16-bioc/R/library/cytolib/include/cytolib/CytoFrame.hpp:16,
                 from F:/biocbuild/bbs-3.16-bioc/R/library/cytolib/include/cytolib/MemCytoFrame.hpp:12,
                 from F:/biocbuild/bbs-3.16-bioc/R/library/cytolib/include/cytolib/H5CytoFrame.hpp:12,
                 from cytosetAPI.cpp:1:
F:/biocbuild/bbs-3.16-bioc/R/library/cytolib/include/cytolib/compensation.hpp: In constructor 'cytolib::compensation::compensation(const string&)':
F:/biocbuild/bbs-3.16-bioc/R/library/cytolib/include/cytolib/compensation.hpp:58:20: warning: comparison of integer expressions of different signedness: 'std::vector<std::__cxx11::basic_string<char>, std::allocator<std::__cxx11::basic_string<char> > >::size_type' {aka 'long long unsigned int'} and 'int' [-Wsign-compare]
   58 |   if(valVec.size() != 1+n+n*n){
      |      ~~~~~~~~~~~~~~^~~~~~~~~~
F:/biocbuild/bbs-3.16-bioc/R/library/cytolib/include/cytolib/compensation.hpp:62:21: warning: comparison of integer expressions of different signedness: 'std::vector<std::__cxx11::basic_string<char>, std::allocator<std::__cxx11::basic_string<char> > >::size_type' {aka 'long long unsigned int'} and 'int' [-Wsign-compare]
   62 |    if(valVec.size() == 1+n+2*n*n){
      |       ~~~~~~~~~~~~~~^~~~~~~~~~~~
F:/biocbuild/bbs-3.16-bioc/R/library/cytolib/include/cytolib/compensation.hpp:68:33: warning: comparison of integer expressions of different signedness: 'int' and 'std::vector<std::__cxx11::basic_string<char>, std::allocator<std::__cxx11::basic_string<char> > >::size_type' {aka 'long long unsigned int'} [-Wsign-compare]
   68 |     for(int i = 1+n, j = 1+n; i < valVec_fixed.size(); i++, j+=2)
      |                               ~~^~~~~~~~~~~~~~~~~~~~~
In file included from F:/biocbuild/bbs-3.16-bioc/R/library/Rcpp/include/Rcpp.h:46,
                 from F:/biocbuild/bbs-3.16-bioc/R/library/RcppArmadillo/include/RcppArmadillo.h:32,
                 from ../inst/include/flowWorkspace/pairVectorRcppWrap.h:15,
                 from cytosetAPI.cpp:2:
F:/biocbuild/bbs-3.16-bioc/R/library/Rcpp/include/Rcpp/XPtr.h: In instantiation of 'void Rcpp::standard_delete_finalizer(T*) [with T = cytolib::CytoFrameView]':
cytosetAPI.cpp:38:81:   required from here
F:/biocbuild/bbs-3.16-bioc/R/library/Rcpp/include/Rcpp/XPtr.h:31:5: warning: deleting object of polymorphic class type 'cytolib::CytoFrameView' which has non-virtual destructor might cause undefined behavior [-Wdelete-non-virtual-dtor]
   31 |     delete obj;
      |     ^~~~~~~~~~
g++  -std=gnu++11 -I"F:/biocbuild/bbs-3.16-bioc/R/include" -DNDEBUG -DROUT -I../inst/include -DBOOST_NO_AUTO_PTR -DRCPP_PARALLEL_USE_TBB=1 -fpermissive  -I'F:/biocbuild/bbs-3.16-bioc/R/library/Rcpp/include' -I'F:/biocbuild/bbs-3.16-bioc/R/library/BH/include' -I'F:/biocbuild/bbs-3.16-bioc/R/library/RProtoBufLib/include' -I'F:/biocbuild/bbs-3.16-bioc/R/library/cytolib/include' -I'F:/biocbuild/bbs-3.16-bioc/R/library/Rhdf5lib/include' -I'F:/biocbuild/bbs-3.16-bioc/R/library/RcppArmadillo/include' -I'F:/biocbuild/bbs-3.16-bioc/R/library/RcppParallel/include'   -I"C:/rtools42/x86_64-w64-mingw32.static.posix/include"     -O2 -Wall  -mfpmath=sse -msse2 -mstackrealign  -c getDescendants.cpp -o getDescendants.o
In file included from F:/biocbuild/bbs-3.16-bioc/R/library/BH/include/boost/mpl/aux_/na_assert.hpp:23,
                 from F:/biocbuild/bbs-3.16-bioc/R/library/BH/include/boost/mpl/arg.hpp:25,
                 from F:/biocbuild/bbs-3.16-bioc/R/library/BH/include/boost/mpl/placeholders.hpp:24,
                 from F:/biocbuild/bbs-3.16-bioc/R/library/BH/include/boost/iterator/iterator_categories.hpp:16,
                 from F:/biocbuild/bbs-3.16-bioc/R/library/BH/include/boost/iterator/iterator_facade.hpp:13,
                 from F:/biocbuild/bbs-3.16-bioc/R/library/BH/include/boost/range/iterator_range_core.hpp:27,
                 from F:/biocbuild/bbs-3.16-bioc/R/library/BH/include/boost/range/iterator_range.hpp:13,
                 from F:/biocbuild/bbs-3.16-bioc/R/library/BH/include/boost/range/as_literal.hpp:18,
                 from F:/biocbuild/bbs-3.16-bioc/R/library/BH/include/boost/algorithm/string/trim.hpp:19,
                 from F:/biocbuild/bbs-3.16-bioc/R/library/BH/include/boost/algorithm/string.hpp:19,
                 from F:/biocbuild/bbs-3.16-bioc/R/library/cytolib/include/cytolib/transformation.hpp:18,
                 from F:/biocbuild/bbs-3.16-bioc/R/library/cytolib/include/cytolib/compensation.hpp:15,
                 from F:/biocbuild/bbs-3.16-bioc/R/library/cytolib/include/cytolib/CytoFrame.hpp:16,
                 from F:/biocbuild/bbs-3.16-bioc/R/library/cytolib/include/cytolib/MemCytoFrame.hpp:12,
                 from F:/biocbuild/bbs-3.16-bioc/R/library/cytolib/include/cytolib/gate.hpp:12,
                 from F:/biocbuild/bbs-3.16-bioc/R/library/cytolib/include/cytolib/POPINDICES.hpp:14,
                 from F:/biocbuild/bbs-3.16-bioc/R/library/cytolib/include/cytolib/nodeProperties.hpp:13,
                 from F:/biocbuild/bbs-3.16-bioc/R/library/cytolib/include/cytolib/populationTree.hpp:13,
                 from F:/biocbuild/bbs-3.16-bioc/R/library/cytolib/include/cytolib/GatingHierarchy.hpp:17,
                 from F:/biocbuild/bbs-3.16-bioc/R/library/cytolib/include/cytolib/GatingSet.hpp:14,
                 from getDescendants.cpp:1:
F:/biocbuild/bbs-3.16-bioc/R/library/BH/include/boost/mpl/assert.hpp:194:21: warning: unnecessary parentheses in declaration of 'assert_arg' [-Wparentheses]
  194 | failed ************ (Pred::************
      |                     ^
F:/biocbuild/bbs-3.16-bioc/R/library/BH/include/boost/mpl/assert.hpp:199:21: warning: unnecessary parentheses in declaration of 'assert_not_arg' [-Wparentheses]
  199 | failed ************ (boost::mpl::not_<Pred>::************
      |                     ^
In file included from F:/biocbuild/bbs-3.16-bioc/R/library/cytolib/include/cytolib/CytoFrame.hpp:16,
                 from F:/biocbuild/bbs-3.16-bioc/R/library/cytolib/include/cytolib/MemCytoFrame.hpp:12,
                 from F:/biocbuild/bbs-3.16-bioc/R/library/cytolib/include/cytolib/gate.hpp:12,
                 from F:/biocbuild/bbs-3.16-bioc/R/library/cytolib/include/cytolib/POPINDICES.hpp:14,
                 from F:/biocbuild/bbs-3.16-bioc/R/library/cytolib/include/cytolib/nodeProperties.hpp:13,
                 from F:/biocbuild/bbs-3.16-bioc/R/library/cytolib/include/cytolib/populationTree.hpp:13,
                 from F:/biocbuild/bbs-3.16-bioc/R/library/cytolib/include/cytolib/GatingHierarchy.hpp:17,
                 from F:/biocbuild/bbs-3.16-bioc/R/library/cytolib/include/cytolib/GatingSet.hpp:14,
                 from getDescendants.cpp:1:
F:/biocbuild/bbs-3.16-bioc/R/library/cytolib/include/cytolib/compensation.hpp: In constructor 'cytolib::compensation::compensation(const string&)':
F:/biocbuild/bbs-3.16-bioc/R/library/cytolib/include/cytolib/compensation.hpp:58:20: warning: comparison of integer expressions of different signedness: 'std::vector<std::__cxx11::basic_string<char>, std::allocator<std::__cxx11::basic_string<char> > >::size_type' {aka 'long long unsigned int'} and 'int' [-Wsign-compare]
   58 |   if(valVec.size() != 1+n+n*n){
      |      ~~~~~~~~~~~~~~^~~~~~~~~~
F:/biocbuild/bbs-3.16-bioc/R/library/cytolib/include/cytolib/compensation.hpp:62:21: warning: comparison of integer expressions of different signedness: 'std::vector<std::__cxx11::basic_string<char>, std::allocator<std::__cxx11::basic_string<char> > >::size_type' {aka 'long long unsigned int'} and 'int' [-Wsign-compare]
   62 |    if(valVec.size() == 1+n+2*n*n){
      |       ~~~~~~~~~~~~~~^~~~~~~~~~~~
F:/biocbuild/bbs-3.16-bioc/R/library/cytolib/include/cytolib/compensation.hpp:68:33: warning: comparison of integer expressions of different signedness: 'int' and 'std::vector<std::__cxx11::basic_string<char>, std::allocator<std::__cxx11::basic_string<char> > >::size_type' {aka 'long long unsigned int'} [-Wsign-compare]
   68 |     for(int i = 1+n, j = 1+n; i < valVec_fixed.size(); i++, j+=2)
      |                               ~~^~~~~~~~~~~~~~~~~~~~~
g++  -std=gnu++11 -I"F:/biocbuild/bbs-3.16-bioc/R/include" -DNDEBUG -DROUT -I../inst/include -DBOOST_NO_AUTO_PTR -DRCPP_PARALLEL_USE_TBB=1 -fpermissive  -I'F:/biocbuild/bbs-3.16-bioc/R/library/Rcpp/include' -I'F:/biocbuild/bbs-3.16-bioc/R/library/BH/include' -I'F:/biocbuild/bbs-3.16-bioc/R/library/RProtoBufLib/include' -I'F:/biocbuild/bbs-3.16-bioc/R/library/cytolib/include' -I'F:/biocbuild/bbs-3.16-bioc/R/library/Rhdf5lib/include' -I'F:/biocbuild/bbs-3.16-bioc/R/library/RcppArmadillo/include' -I'F:/biocbuild/bbs-3.16-bioc/R/library/RcppParallel/include'   -I"C:/rtools42/x86_64-w64-mingw32.static.posix/include"     -O2 -Wall  -mfpmath=sse -msse2 -mstackrealign  -c getPopStats.cpp -o getPopStats.o
In file included from F:/biocbuild/bbs-3.16-bioc/R/library/BH/include/boost/mpl/aux_/na_assert.hpp:23,
                 from F:/biocbuild/bbs-3.16-bioc/R/library/BH/include/boost/mpl/arg.hpp:25,
                 from F:/biocbuild/bbs-3.16-bioc/R/library/BH/include/boost/mpl/placeholders.hpp:24,
                 from F:/biocbuild/bbs-3.16-bioc/R/library/BH/include/boost/iterator/iterator_categories.hpp:16,
                 from F:/biocbuild/bbs-3.16-bioc/R/library/BH/include/boost/iterator/iterator_facade.hpp:13,
                 from F:/biocbuild/bbs-3.16-bioc/R/library/BH/include/boost/range/iterator_range_core.hpp:27,
                 from F:/biocbuild/bbs-3.16-bioc/R/library/BH/include/boost/range/iterator_range.hpp:13,
                 from F:/biocbuild/bbs-3.16-bioc/R/library/BH/include/boost/range/as_literal.hpp:18,
                 from F:/biocbuild/bbs-3.16-bioc/R/library/BH/include/boost/algorithm/string/trim.hpp:19,
                 from F:/biocbuild/bbs-3.16-bioc/R/library/BH/include/boost/algorithm/string.hpp:19,
                 from F:/biocbuild/bbs-3.16-bioc/R/library/cytolib/include/cytolib/transformation.hpp:18,
                 from F:/biocbuild/bbs-3.16-bioc/R/library/cytolib/include/cytolib/compensation.hpp:15,
                 from F:/biocbuild/bbs-3.16-bioc/R/library/cytolib/include/cytolib/CytoFrame.hpp:16,
                 from F:/biocbuild/bbs-3.16-bioc/R/library/cytolib/include/cytolib/MemCytoFrame.hpp:12,
                 from F:/biocbuild/bbs-3.16-bioc/R/library/cytolib/include/cytolib/gate.hpp:12,
                 from F:/biocbuild/bbs-3.16-bioc/R/library/cytolib/include/cytolib/POPINDICES.hpp:14,
                 from F:/biocbuild/bbs-3.16-bioc/R/library/cytolib/include/cytolib/nodeProperties.hpp:13,
                 from F:/biocbuild/bbs-3.16-bioc/R/library/cytolib/include/cytolib/populationTree.hpp:13,
                 from F:/biocbuild/bbs-3.16-bioc/R/library/cytolib/include/cytolib/GatingHierarchy.hpp:17,
                 from F:/biocbuild/bbs-3.16-bioc/R/library/cytolib/include/cytolib/GatingSet.hpp:14,
                 from getPopStats.cpp:1:
F:/biocbuild/bbs-3.16-bioc/R/library/BH/include/boost/mpl/assert.hpp:194:21: warning: unnecessary parentheses in declaration of 'assert_arg' [-Wparentheses]
  194 | failed ************ (Pred::************
      |                     ^
F:/biocbuild/bbs-3.16-bioc/R/library/BH/include/boost/mpl/assert.hpp:199:21: warning: unnecessary parentheses in declaration of 'assert_not_arg' [-Wparentheses]
  199 | failed ************ (boost::mpl::not_<Pred>::************
      |                     ^
In file included from F:/biocbuild/bbs-3.16-bioc/R/library/cytolib/include/cytolib/CytoFrame.hpp:16,
                 from F:/biocbuild/bbs-3.16-bioc/R/library/cytolib/include/cytolib/MemCytoFrame.hpp:12,
                 from F:/biocbuild/bbs-3.16-bioc/R/library/cytolib/include/cytolib/gate.hpp:12,
                 from F:/biocbuild/bbs-3.16-bioc/R/library/cytolib/include/cytolib/POPINDICES.hpp:14,
                 from F:/biocbuild/bbs-3.16-bioc/R/library/cytolib/include/cytolib/nodeProperties.hpp:13,
                 from F:/biocbuild/bbs-3.16-bioc/R/library/cytolib/include/cytolib/populationTree.hpp:13,
                 from F:/biocbuild/bbs-3.16-bioc/R/library/cytolib/include/cytolib/GatingHierarchy.hpp:17,
                 from F:/biocbuild/bbs-3.16-bioc/R/library/cytolib/include/cytolib/GatingSet.hpp:14,
                 from getPopStats.cpp:1:
F:/biocbuild/bbs-3.16-bioc/R/library/cytolib/include/cytolib/compensation.hpp: In constructor 'cytolib::compensation::compensation(const string&)':
F:/biocbuild/bbs-3.16-bioc/R/library/cytolib/include/cytolib/compensation.hpp:58:20: warning: comparison of integer expressions of different signedness: 'std::vector<std::__cxx11::basic_string<char>, std::allocator<std::__cxx11::basic_string<char> > >::size_type' {aka 'long long unsigned int'} and 'int' [-Wsign-compare]
   58 |   if(valVec.size() != 1+n+n*n){
      |      ~~~~~~~~~~~~~~^~~~~~~~~~
F:/biocbuild/bbs-3.16-bioc/R/library/cytolib/include/cytolib/compensation.hpp:62:21: warning: comparison of integer expressions of different signedness: 'std::vector<std::__cxx11::basic_string<char>, std::allocator<std::__cxx11::basic_string<char> > >::size_type' {aka 'long long unsigned int'} and 'int' [-Wsign-compare]
   62 |    if(valVec.size() == 1+n+2*n*n){
      |       ~~~~~~~~~~~~~~^~~~~~~~~~~~
F:/biocbuild/bbs-3.16-bioc/R/library/cytolib/include/cytolib/compensation.hpp:68:33: warning: comparison of integer expressions of different signedness: 'int' and 'std::vector<std::__cxx11::basic_string<char>, std::allocator<std::__cxx11::basic_string<char> > >::size_type' {aka 'long long unsigned int'} [-Wsign-compare]
   68 |     for(int i = 1+n, j = 1+n; i < valVec_fixed.size(); i++, j+=2)
      |                               ~~^~~~~~~~~~~~~~~~~~~~~
g++  -std=gnu++11 -I"F:/biocbuild/bbs-3.16-bioc/R/include" -DNDEBUG -DROUT -I../inst/include -DBOOST_NO_AUTO_PTR -DRCPP_PARALLEL_USE_TBB=1 -fpermissive  -I'F:/biocbuild/bbs-3.16-bioc/R/library/Rcpp/include' -I'F:/biocbuild/bbs-3.16-bioc/R/library/BH/include' -I'F:/biocbuild/bbs-3.16-bioc/R/library/RProtoBufLib/include' -I'F:/biocbuild/bbs-3.16-bioc/R/library/cytolib/include' -I'F:/biocbuild/bbs-3.16-bioc/R/library/Rhdf5lib/include' -I'F:/biocbuild/bbs-3.16-bioc/R/library/RcppArmadillo/include' -I'F:/biocbuild/bbs-3.16-bioc/R/library/RcppParallel/include'   -I"C:/rtools42/x86_64-w64-mingw32.static.posix/include"     -O2 -Wall  -mfpmath=sse -msse2 -mstackrealign  -c getSingleCellExpression.cpp -o getSingleCellExpression.o
In file included from F:/biocbuild/bbs-3.16-bioc/R/library/BH/include/boost/mpl/aux_/na_assert.hpp:23,
                 from F:/biocbuild/bbs-3.16-bioc/R/library/BH/include/boost/mpl/arg.hpp:25,
                 from F:/biocbuild/bbs-3.16-bioc/R/library/BH/include/boost/mpl/placeholders.hpp:24,
                 from F:/biocbuild/bbs-3.16-bioc/R/library/BH/include/boost/iterator/iterator_categories.hpp:16,
                 from F:/biocbuild/bbs-3.16-bioc/R/library/BH/include/boost/iterator/iterator_facade.hpp:13,
                 from F:/biocbuild/bbs-3.16-bioc/R/library/BH/include/boost/range/iterator_range_core.hpp:27,
                 from F:/biocbuild/bbs-3.16-bioc/R/library/BH/include/boost/range/iterator_range.hpp:13,
                 from F:/biocbuild/bbs-3.16-bioc/R/library/BH/include/boost/range/as_literal.hpp:18,
                 from F:/biocbuild/bbs-3.16-bioc/R/library/BH/include/boost/algorithm/string/trim.hpp:19,
                 from F:/biocbuild/bbs-3.16-bioc/R/library/BH/include/boost/algorithm/string.hpp:19,
                 from F:/biocbuild/bbs-3.16-bioc/R/library/cytolib/include/cytolib/transformation.hpp:18,
                 from F:/biocbuild/bbs-3.16-bioc/R/library/cytolib/include/cytolib/compensation.hpp:15,
                 from F:/biocbuild/bbs-3.16-bioc/R/library/cytolib/include/cytolib/CytoFrame.hpp:16,
                 from F:/biocbuild/bbs-3.16-bioc/R/library/cytolib/include/cytolib/MemCytoFrame.hpp:12,
                 from F:/biocbuild/bbs-3.16-bioc/R/library/cytolib/include/cytolib/gate.hpp:12,
                 from F:/biocbuild/bbs-3.16-bioc/R/library/cytolib/include/cytolib/POPINDICES.hpp:14,
                 from F:/biocbuild/bbs-3.16-bioc/R/library/cytolib/include/cytolib/nodeProperties.hpp:13,
                 from F:/biocbuild/bbs-3.16-bioc/R/library/cytolib/include/cytolib/populationTree.hpp:13,
                 from F:/biocbuild/bbs-3.16-bioc/R/library/cytolib/include/cytolib/GatingHierarchy.hpp:17,
                 from F:/biocbuild/bbs-3.16-bioc/R/library/cytolib/include/cytolib/GatingSet.hpp:14,
                 from getSingleCellExpression.cpp:1:
F:/biocbuild/bbs-3.16-bioc/R/library/BH/include/boost/mpl/assert.hpp:194:21: warning: unnecessary parentheses in declaration of 'assert_arg' [-Wparentheses]
  194 | failed ************ (Pred::************
      |                     ^
F:/biocbuild/bbs-3.16-bioc/R/library/BH/include/boost/mpl/assert.hpp:199:21: warning: unnecessary parentheses in declaration of 'assert_not_arg' [-Wparentheses]
  199 | failed ************ (boost::mpl::not_<Pred>::************
      |                     ^
In file included from F:/biocbuild/bbs-3.16-bioc/R/library/cytolib/include/cytolib/CytoFrame.hpp:16,
                 from F:/biocbuild/bbs-3.16-bioc/R/library/cytolib/include/cytolib/MemCytoFrame.hpp:12,
                 from F:/biocbuild/bbs-3.16-bioc/R/library/cytolib/include/cytolib/gate.hpp:12,
                 from F:/biocbuild/bbs-3.16-bioc/R/library/cytolib/include/cytolib/POPINDICES.hpp:14,
                 from F:/biocbuild/bbs-3.16-bioc/R/library/cytolib/include/cytolib/nodeProperties.hpp:13,
                 from F:/biocbuild/bbs-3.16-bioc/R/library/cytolib/include/cytolib/populationTree.hpp:13,
                 from F:/biocbuild/bbs-3.16-bioc/R/library/cytolib/include/cytolib/GatingHierarchy.hpp:17,
                 from F:/biocbuild/bbs-3.16-bioc/R/library/cytolib/include/cytolib/GatingSet.hpp:14,
                 from getSingleCellExpression.cpp:1:
F:/biocbuild/bbs-3.16-bioc/R/library/cytolib/include/cytolib/compensation.hpp: In constructor 'cytolib::compensation::compensation(const string&)':
F:/biocbuild/bbs-3.16-bioc/R/library/cytolib/include/cytolib/compensation.hpp:58:20: warning: comparison of integer expressions of different signedness: 'std::vector<std::__cxx11::basic_string<char>, std::allocator<std::__cxx11::basic_string<char> > >::size_type' {aka 'long long unsigned int'} and 'int' [-Wsign-compare]
   58 |   if(valVec.size() != 1+n+n*n){
      |      ~~~~~~~~~~~~~~^~~~~~~~~~
F:/biocbuild/bbs-3.16-bioc/R/library/cytolib/include/cytolib/compensation.hpp:62:21: warning: comparison of integer expressions of different signedness: 'std::vector<std::__cxx11::basic_string<char>, std::allocator<std::__cxx11::basic_string<char> > >::size_type' {aka 'long long unsigned int'} and 'int' [-Wsign-compare]
   62 |    if(valVec.size() == 1+n+2*n*n){
      |       ~~~~~~~~~~~~~~^~~~~~~~~~~~
F:/biocbuild/bbs-3.16-bioc/R/library/cytolib/include/cytolib/compensation.hpp:68:33: warning: comparison of integer expressions of different signedness: 'int' and 'std::vector<std::__cxx11::basic_string<char>, std::allocator<std::__cxx11::basic_string<char> > >::size_type' {aka 'long long unsigned int'} [-Wsign-compare]
   68 |     for(int i = 1+n, j = 1+n; i < valVec_fixed.size(); i++, j+=2)
      |                               ~~^~~~~~~~~~~~~~~~~~~~~
g++  -std=gnu++11 -I"F:/biocbuild/bbs-3.16-bioc/R/include" -DNDEBUG -DROUT -I../inst/include -DBOOST_NO_AUTO_PTR -DRCPP_PARALLEL_USE_TBB=1 -fpermissive  -I'F:/biocbuild/bbs-3.16-bioc/R/library/Rcpp/include' -I'F:/biocbuild/bbs-3.16-bioc/R/library/BH/include' -I'F:/biocbuild/bbs-3.16-bioc/R/library/RProtoBufLib/include' -I'F:/biocbuild/bbs-3.16-bioc/R/library/cytolib/include' -I'F:/biocbuild/bbs-3.16-bioc/R/library/Rhdf5lib/include' -I'F:/biocbuild/bbs-3.16-bioc/R/library/RcppArmadillo/include' -I'F:/biocbuild/bbs-3.16-bioc/R/library/RcppParallel/include'   -I"C:/rtools42/x86_64-w64-mingw32.static.posix/include"     -O2 -Wall  -mfpmath=sse -msse2 -mstackrealign  -c h5_error_r_handler.cpp -o h5_error_r_handler.o
In file included from F:/biocbuild/bbs-3.16-bioc/R/library/BH/include/boost/mpl/aux_/na_assert.hpp:23,
                 from F:/biocbuild/bbs-3.16-bioc/R/library/BH/include/boost/mpl/arg.hpp:25,
                 from F:/biocbuild/bbs-3.16-bioc/R/library/BH/include/boost/mpl/placeholders.hpp:24,
                 from F:/biocbuild/bbs-3.16-bioc/R/library/BH/include/boost/iterator/iterator_categories.hpp:16,
                 from F:/biocbuild/bbs-3.16-bioc/R/library/BH/include/boost/iterator/iterator_facade.hpp:13,
                 from F:/biocbuild/bbs-3.16-bioc/R/library/BH/include/boost/range/iterator_range_core.hpp:27,
                 from F:/biocbuild/bbs-3.16-bioc/R/library/BH/include/boost/range/iterator_range.hpp:13,
                 from F:/biocbuild/bbs-3.16-bioc/R/library/BH/include/boost/range/as_literal.hpp:18,
                 from F:/biocbuild/bbs-3.16-bioc/R/library/BH/include/boost/algorithm/string/trim.hpp:19,
                 from F:/biocbuild/bbs-3.16-bioc/R/library/BH/include/boost/algorithm/string.hpp:19,
                 from F:/biocbuild/bbs-3.16-bioc/R/library/cytolib/include/cytolib/transformation.hpp:18,
                 from F:/biocbuild/bbs-3.16-bioc/R/library/cytolib/include/cytolib/compensation.hpp:15,
                 from F:/biocbuild/bbs-3.16-bioc/R/library/cytolib/include/cytolib/CytoFrame.hpp:16,
                 from F:/biocbuild/bbs-3.16-bioc/R/library/cytolib/include/cytolib/MemCytoFrame.hpp:12,
                 from F:/biocbuild/bbs-3.16-bioc/R/library/cytolib/include/cytolib/gate.hpp:12,
                 from F:/biocbuild/bbs-3.16-bioc/R/library/cytolib/include/cytolib/POPINDICES.hpp:14,
                 from F:/biocbuild/bbs-3.16-bioc/R/library/cytolib/include/cytolib/nodeProperties.hpp:13,
                 from F:/biocbuild/bbs-3.16-bioc/R/library/cytolib/include/cytolib/populationTree.hpp:13,
                 from F:/biocbuild/bbs-3.16-bioc/R/library/cytolib/include/cytolib/GatingHierarchy.hpp:17,
                 from F:/biocbuild/bbs-3.16-bioc/R/library/cytolib/include/cytolib/GatingSet.hpp:14,
                 from ../inst/include/flowWorkspace/pairVectorRcppWrap.h:12,
                 from h5_error_r_handler.cpp:8:
F:/biocbuild/bbs-3.16-bioc/R/library/BH/include/boost/mpl/assert.hpp:194:21: warning: unnecessary parentheses in declaration of 'assert_arg' [-Wparentheses]
  194 | failed ************ (Pred::************
      |                     ^
F:/biocbuild/bbs-3.16-bioc/R/library/BH/include/boost/mpl/assert.hpp:199:21: warning: unnecessary parentheses in declaration of 'assert_not_arg' [-Wparentheses]
  199 | failed ************ (boost::mpl::not_<Pred>::************
      |                     ^
In file included from F:/biocbuild/bbs-3.16-bioc/R/library/cytolib/include/cytolib/CytoFrame.hpp:16,
                 from F:/biocbuild/bbs-3.16-bioc/R/library/cytolib/include/cytolib/MemCytoFrame.hpp:12,
                 from F:/biocbuild/bbs-3.16-bioc/R/library/cytolib/include/cytolib/gate.hpp:12,
                 from F:/biocbuild/bbs-3.16-bioc/R/library/cytolib/include/cytolib/POPINDICES.hpp:14,
                 from F:/biocbuild/bbs-3.16-bioc/R/library/cytolib/include/cytolib/nodeProperties.hpp:13,
                 from F:/biocbuild/bbs-3.16-bioc/R/library/cytolib/include/cytolib/populationTree.hpp:13,
                 from F:/biocbuild/bbs-3.16-bioc/R/library/cytolib/include/cytolib/GatingHierarchy.hpp:17,
                 from F:/biocbuild/bbs-3.16-bioc/R/library/cytolib/include/cytolib/GatingSet.hpp:14,
                 from ../inst/include/flowWorkspace/pairVectorRcppWrap.h:12,
                 from h5_error_r_handler.cpp:8:
F:/biocbuild/bbs-3.16-bioc/R/library/cytolib/include/cytolib/compensation.hpp: In constructor 'cytolib::compensation::compensation(const string&)':
F:/biocbuild/bbs-3.16-bioc/R/library/cytolib/include/cytolib/compensation.hpp:58:20: warning: comparison of integer expressions of different signedness: 'std::vector<std::__cxx11::basic_string<char>, std::allocator<std::__cxx11::basic_string<char> > >::size_type' {aka 'long long unsigned int'} and 'int' [-Wsign-compare]
   58 |   if(valVec.size() != 1+n+n*n){
      |      ~~~~~~~~~~~~~~^~~~~~~~~~
F:/biocbuild/bbs-3.16-bioc/R/library/cytolib/include/cytolib/compensation.hpp:62:21: warning: comparison of integer expressions of different signedness: 'std::vector<std::__cxx11::basic_string<char>, std::allocator<std::__cxx11::basic_string<char> > >::size_type' {aka 'long long unsigned int'} and 'int' [-Wsign-compare]
   62 |    if(valVec.size() == 1+n+2*n*n){
      |       ~~~~~~~~~~~~~~^~~~~~~~~~~~
F:/biocbuild/bbs-3.16-bioc/R/library/cytolib/include/cytolib/compensation.hpp:68:33: warning: comparison of integer expressions of different signedness: 'int' and 'std::vector<std::__cxx11::basic_string<char>, std::allocator<std::__cxx11::basic_string<char> > >::size_type' {aka 'long long unsigned int'} [-Wsign-compare]
   68 |     for(int i = 1+n, j = 1+n; i < valVec_fixed.size(); i++, j+=2)
      |                               ~~^~~~~~~~~~~~~~~~~~~~~
g++  -std=gnu++11 -I"F:/biocbuild/bbs-3.16-bioc/R/include" -DNDEBUG -DROUT -I../inst/include -DBOOST_NO_AUTO_PTR -DRCPP_PARALLEL_USE_TBB=1 -fpermissive  -I'F:/biocbuild/bbs-3.16-bioc/R/library/Rcpp/include' -I'F:/biocbuild/bbs-3.16-bioc/R/library/BH/include' -I'F:/biocbuild/bbs-3.16-bioc/R/library/RProtoBufLib/include' -I'F:/biocbuild/bbs-3.16-bioc/R/library/cytolib/include' -I'F:/biocbuild/bbs-3.16-bioc/R/library/Rhdf5lib/include' -I'F:/biocbuild/bbs-3.16-bioc/R/library/RcppArmadillo/include' -I'F:/biocbuild/bbs-3.16-bioc/R/library/RcppParallel/include'   -I"C:/rtools42/x86_64-w64-mingw32.static.posix/include"     -O2 -Wall  -mfpmath=sse -msse2 -mstackrealign  -c setCounts.cpp -o setCounts.o
In file included from F:/biocbuild/bbs-3.16-bioc/R/library/BH/include/boost/mpl/aux_/na_assert.hpp:23,
                 from F:/biocbuild/bbs-3.16-bioc/R/library/BH/include/boost/mpl/arg.hpp:25,
                 from F:/biocbuild/bbs-3.16-bioc/R/library/BH/include/boost/mpl/placeholders.hpp:24,
                 from F:/biocbuild/bbs-3.16-bioc/R/library/BH/include/boost/iterator/iterator_categories.hpp:16,
                 from F:/biocbuild/bbs-3.16-bioc/R/library/BH/include/boost/iterator/iterator_facade.hpp:13,
                 from F:/biocbuild/bbs-3.16-bioc/R/library/BH/include/boost/range/iterator_range_core.hpp:27,
                 from F:/biocbuild/bbs-3.16-bioc/R/library/BH/include/boost/range/iterator_range.hpp:13,
                 from F:/biocbuild/bbs-3.16-bioc/R/library/BH/include/boost/range/as_literal.hpp:18,
                 from F:/biocbuild/bbs-3.16-bioc/R/library/BH/include/boost/algorithm/string/trim.hpp:19,
                 from F:/biocbuild/bbs-3.16-bioc/R/library/BH/include/boost/algorithm/string.hpp:19,
                 from F:/biocbuild/bbs-3.16-bioc/R/library/cytolib/include/cytolib/transformation.hpp:18,
                 from F:/biocbuild/bbs-3.16-bioc/R/library/cytolib/include/cytolib/compensation.hpp:15,
                 from F:/biocbuild/bbs-3.16-bioc/R/library/cytolib/include/cytolib/CytoFrame.hpp:16,
                 from F:/biocbuild/bbs-3.16-bioc/R/library/cytolib/include/cytolib/MemCytoFrame.hpp:12,
                 from F:/biocbuild/bbs-3.16-bioc/R/library/cytolib/include/cytolib/gate.hpp:12,
                 from F:/biocbuild/bbs-3.16-bioc/R/library/cytolib/include/cytolib/POPINDICES.hpp:14,
                 from F:/biocbuild/bbs-3.16-bioc/R/library/cytolib/include/cytolib/nodeProperties.hpp:13,
                 from F:/biocbuild/bbs-3.16-bioc/R/library/cytolib/include/cytolib/populationTree.hpp:13,
                 from F:/biocbuild/bbs-3.16-bioc/R/library/cytolib/include/cytolib/GatingHierarchy.hpp:17,
                 from F:/biocbuild/bbs-3.16-bioc/R/library/cytolib/include/cytolib/GatingSet.hpp:14,
                 from setCounts.cpp:1:
F:/biocbuild/bbs-3.16-bioc/R/library/BH/include/boost/mpl/assert.hpp:194:21: warning: unnecessary parentheses in declaration of 'assert_arg' [-Wparentheses]
  194 | failed ************ (Pred::************
      |                     ^
F:/biocbuild/bbs-3.16-bioc/R/library/BH/include/boost/mpl/assert.hpp:199:21: warning: unnecessary parentheses in declaration of 'assert_not_arg' [-Wparentheses]
  199 | failed ************ (boost::mpl::not_<Pred>::************
      |                     ^
In file included from F:/biocbuild/bbs-3.16-bioc/R/library/cytolib/include/cytolib/CytoFrame.hpp:16,
                 from F:/biocbuild/bbs-3.16-bioc/R/library/cytolib/include/cytolib/MemCytoFrame.hpp:12,
                 from F:/biocbuild/bbs-3.16-bioc/R/library/cytolib/include/cytolib/gate.hpp:12,
                 from F:/biocbuild/bbs-3.16-bioc/R/library/cytolib/include/cytolib/POPINDICES.hpp:14,
                 from F:/biocbuild/bbs-3.16-bioc/R/library/cytolib/include/cytolib/nodeProperties.hpp:13,
                 from F:/biocbuild/bbs-3.16-bioc/R/library/cytolib/include/cytolib/populationTree.hpp:13,
                 from F:/biocbuild/bbs-3.16-bioc/R/library/cytolib/include/cytolib/GatingHierarchy.hpp:17,
                 from F:/biocbuild/bbs-3.16-bioc/R/library/cytolib/include/cytolib/GatingSet.hpp:14,
                 from setCounts.cpp:1:
F:/biocbuild/bbs-3.16-bioc/R/library/cytolib/include/cytolib/compensation.hpp: In constructor 'cytolib::compensation::compensation(const string&)':
F:/biocbuild/bbs-3.16-bioc/R/library/cytolib/include/cytolib/compensation.hpp:58:20: warning: comparison of integer expressions of different signedness: 'std::vector<std::__cxx11::basic_string<char>, std::allocator<std::__cxx11::basic_string<char> > >::size_type' {aka 'long long unsigned int'} and 'int' [-Wsign-compare]
   58 |   if(valVec.size() != 1+n+n*n){
      |      ~~~~~~~~~~~~~~^~~~~~~~~~
F:/biocbuild/bbs-3.16-bioc/R/library/cytolib/include/cytolib/compensation.hpp:62:21: warning: comparison of integer expressions of different signedness: 'std::vector<std::__cxx11::basic_string<char>, std::allocator<std::__cxx11::basic_string<char> > >::size_type' {aka 'long long unsigned int'} and 'int' [-Wsign-compare]
   62 |    if(valVec.size() == 1+n+2*n*n){
      |       ~~~~~~~~~~~~~~^~~~~~~~~~~~
F:/biocbuild/bbs-3.16-bioc/R/library/cytolib/include/cytolib/compensation.hpp:68:33: warning: comparison of integer expressions of different signedness: 'int' and 'std::vector<std::__cxx11::basic_string<char>, std::allocator<std::__cxx11::basic_string<char> > >::size_type' {aka 'long long unsigned int'} [-Wsign-compare]
   68 |     for(int i = 1+n, j = 1+n; i < valVec_fixed.size(); i++, j+=2)
      |                               ~~^~~~~~~~~~~~~~~~~~~~~
mkdir -p "F:/biocbuild/bbs-3.16-bioc/meat/flowWorkspace.buildbin-libdir/00LOCK-flowWorkspace/00new/flowWorkspace/lib/x64"
ar rs "F:/biocbuild/bbs-3.16-bioc/meat/flowWorkspace.buildbin-libdir/00LOCK-flowWorkspace/00new/flowWorkspace/lib/x64/libflowWorkspace.a" R_API.o R_GatingHierarchy.o R_GatingSet.o RcppExports.o cytoctxAPI.o cytoframeAPI.o cytosetAPI.o getDescendants.o getPopStats.o getSingleCellExpression.o h5_error_r_handler.o setCounts.o
C:\rtools42\x86_64-w64-mingw32.static.posix\bin\ar.exe: creating F:/biocbuild/bbs-3.16-bioc/meat/flowWorkspace.buildbin-libdir/00LOCK-flowWorkspace/00new/flowWorkspace/lib/x64/libflowWorkspace.a
g++ -shared -s -static-libgcc -o flowWorkspace.dll tmp.def R_API.o R_GatingHierarchy.o R_GatingSet.o RcppExports.o cytoctxAPI.o cytoframeAPI.o cytosetAPI.o getDescendants.o getPopStats.o getSingleCellExpression.o h5_error_r_handler.o setCounts.o -LF:/biocbuild/bbs-3.16-bioc/R/bin/x64 -lRlapack -LF:/biocbuild/bbs-3.16-bioc/R/bin/x64 -lRblas -lgfortran -lm -lquadmath F:/biocbuild/bbs-3.16-bioc/R/library/cytolib/lib/x64/libcytolib.a F:/biocbuild/bbs-3.16-bioc/R/library/RProtoBufLib/lib/x64/GatingSet.pb.o -LF:/biocbuild/bbs-3.16-bioc/R/library/RProtoBufLib/lib/x64 -lprotobuf -LF:/biocbuild/bbs-3.16-bioc/R/library/RcppParallel/lib/x64 -ltbb -ltbbmalloc -LF:/biocbuild/bbs-3.16-bioc/R/library/Rhdf5lib/lib/x64-ucrt -lhdf5_cpp -lhdf5 -lcurl -lssh2 -lssl -lcrypto -lwldap32 -lws2_32 -lcrypt32 -lsz -laec -lz -lpsapi -lws2_32 -lbcrypt -LC:/rtools42/x86_64-w64-mingw32.static.posix/lib/x64 -LC:/rtools42/x86_64-w64-mingw32.static.posix/lib -LF:/biocbuild/bbs-3.16-bioc/R/bin/x64 -lR
installing to F:/biocbuild/bbs-3.16-bioc/meat/flowWorkspace.buildbin-libdir/00LOCK-flowWorkspace/00new/flowWorkspace/libs/x64
** R
** inst
** byte-compile and prepare package for lazy loading
** help
*** installing help indices
** building package indices
** installing vignettes
** testing if installed package can be loaded from temporary location
** testing if installed package can be loaded from final location
** testing if installed package keeps a record of temporary installation path
* MD5 sums
packaged installation of 'flowWorkspace' as flowWorkspace_4.9.0.zip
* DONE (flowWorkspace)
* installing to library 'F:/biocbuild/bbs-3.16-bioc/R/library'
package 'flowWorkspace' successfully unpacked and MD5 sums checked

Tests output

flowWorkspace.Rcheck/tests/testthat.Rout


R version 4.2.0 Patched (2022-06-02 r82447 ucrt) -- "Vigorous Calisthenics"
Copyright (C) 2022 The R Foundation for Statistical Computing
Platform: x86_64-w64-mingw32/x64 (64-bit)

R is free software and comes with ABSOLUTELY NO WARRANTY.
You are welcome to redistribute it under certain conditions.
Type 'license()' or 'licence()' for distribution details.

R is a collaborative project with many contributors.
Type 'contributors()' for more information and
'citation()' on how to cite R or R packages in publications.

Type 'demo()' for some demos, 'help()' for on-line help, or
'help.start()' for an HTML browser interface to help.
Type 'q()' to quit R.

> library(testthat)
> library(flowWorkspace)
As part of improvements to flowWorkspace, some behavior of
GatingSet objects has changed. For details, please read the section
titled "The cytoframe and cytoset classes" in the package vignette:

  vignette("flowWorkspace-Introduction", "flowWorkspace")
> 
> test_check("flowWorkspace")

Attaching package: 'dplyr'

The following objects are masked from 'package:data.table':

    between, first, last

The following object is masked from 'package:testthat':

    matches

The following objects are masked from 'package:stats':

    filter, lag

The following objects are masked from 'package:base':

    intersect, setdiff, setequal, union

Loading required package: BiocGenerics

Attaching package: 'BiocGenerics'

The following object is masked from 'package:flowCore':

    normalize

The following objects are masked from 'package:dplyr':

    combine, intersect, setdiff, union

The following objects are masked from 'package:stats':

    IQR, mad, sd, var, xtabs

The following objects are masked from 'package:base':

    Filter, Find, Map, Position, Reduce, anyDuplicated, append,
    as.data.frame, basename, cbind, colnames, dirname, do.call,
    duplicated, eval, evalq, get, grep, grepl, intersect, is.unsorted,
    lapply, mapply, match, mget, order, paste, pmax, pmax.int, pmin,
    pmin.int, rank, rbind, rownames, sapply, setdiff, sort, table,
    tapply, union, unique, unsplit, which.max, which.min

Welcome to Bioconductor

    Vignettes contain introductory material; view with
    'browseVignettes()'. To cite Bioconductor, see
    'citation("Biobase")', and for packages 'citation("pkgname")'.

F:\biocbuild\bbs-3.16-bioc\R\library\flowWorkspaceData\extdata\legacy_gs\v2\gs_bcell_auto seems to be the legacy archive and it is recommended to convert to the new format by saving it to the new folder!
[ FAIL 0 | WARN 4 | SKIP 23 | PASS 1659 ]

══ Skipped tests ═══════════════════════════════════════════════════════════════
• On Windows (2)
• dir.exists(legacy) is not TRUE (2)
• empty test (2)
• get_default_backend() != "h5" is TRUE (1)
• get_default_backend() != "mem" is TRUE (1)
• get_default_backend() == "mem" is TRUE (13)
• get_default_backend() == "tile" is not TRUE (2)

[ FAIL 0 | WARN 4 | SKIP 23 | PASS 1659 ]
> 
> # test_file("/home/wjiang2/rglab/workspace/flowWorkspace/tests/testthat/test-main.R")
> # test_file("/home/wjiang2/rglab/workspace/flowWorkspace/tests/testthat/GatingSet-testSuite.R")
> # test_file("/home/wjiang2/rglab/workspace/flowWorkspace/tests/testthat/GatingHierarchy-testSuite.R")
> 
> 
> 
> proc.time()
   user  system elapsed 
  91.98   13.90  123.48 

Example timings

flowWorkspace.Rcheck/flowWorkspace-Ex.timings

nameusersystemelapsed
GatingHierarchy-class000
GatingSet-class000
GatingSet-methods000
GatingSetList-class000
asinh_Gml2000
asinhtGml2_trans000
booleanFilter-class000
cf_append_cols0.810.060.90
compensate000
convert0.750.020.80
convert_legacy000
estimateLogicle000
extract_cluster_pop_name_from_node000
flow_breaks0.440.030.47
flowjo_biexp000
flowjo_biexp_trans0.450.030.48
flowjo_fasinh000
flowjo_fasinh_trans000
flowjo_log_trans000
gh_copy_gate0.10.00.1
gh_get_compensations000
gh_get_transformations000
gh_pop_get_data000
gh_pop_get_descendants0.010.000.01
gh_pop_get_indices000
gh_pop_move0.050.020.06
gh_pop_set_indices0.330.070.41
gh_pop_set_xml_count000
gs_check_redundant_nodes000
gs_get_pop_paths000
gs_get_singlecell_expression000
gs_plot_diff_tree000
gs_plot_pop_count_cv000
gs_pop_add000
gs_pop_get_children000
gs_pop_get_count_fast000
gs_pop_get_gate000
gs_pop_get_stats000
gs_pop_set_gate000
gs_pop_set_name000
gs_pop_set_visibility000
gs_remove_redundant_channels000
gs_remove_redundant_nodes000
gs_split_by_channels000
gs_split_by_tree000
gs_update_channels000
keyword-mutators0.860.070.98
keyword000
logicleGml2_trans000
logicle_trans0.000.000.02
loglevel000
logtGml2_trans000
markernames000
plot-methods000
plotGate-methods-defunct000
prettyAxis000
rotate_gate000
sampleNames000
save_cytoset000
save_gs000
scale_gate000
shift_gate000
swap_data_cols0.390.040.43
transform000
transform_gate000
transformerList0.020.020.03