Back to Multiple platform build/check report for BioC 3.17:   simplified   long
ABCDE[F]GHIJKLMNOPQRSTUVWXYZ

This page was generated on 2023-03-29 11:06:12 -0400 (Wed, 29 Mar 2023).

HostnameOSArch (*)R versionInstalled pkgs
nebbiolo1Linux (Ubuntu 22.04.1 LTS)x86_64R Under development (unstable) (2023-03-16 r83996) -- "Unsuffered Consequences" 4547
palomino3Windows Server 2022 Datacenterx64R Under development (unstable) (2023-03-15 r83984 ucrt) -- "Unsuffered Consequences" 4308
merida1macOS 10.14.6 Mojavex86_64R Under development (unstable) (2023-03-16 r83985) -- "Unsuffered Consequences" 4301
Click on any hostname to see more info about the system (e.g. compilers)      (*) as reported by 'uname -p', except on Windows and Mac OS X

BUILD results for famat on merida1


To the developers/maintainers of the famat package:
- Please allow up to 24 hours (and sometimes 48 hours) for your latest push to git@git.bioconductor.org:packages/famat.git to
reflect on this report. See How and When does the builder pull? When will my changes propagate? for more information.
- Make sure to use the following settings in order to reproduce any error or warning you see on this page.

raw results

Package 666/2195HostnameOS / ArchINSTALLBUILDCHECKBUILD BIN
famat 1.9.0  (landing page)
Mathieu Charles
Snapshot Date: 2023-03-28 14:00:22 -0400 (Tue, 28 Mar 2023)
git_url: https://git.bioconductor.org/packages/famat
git_branch: devel
git_last_commit: 05f477a
git_last_commit_date: 2022-11-01 11:23:17 -0400 (Tue, 01 Nov 2022)
nebbiolo1Linux (Ubuntu 22.04.1 LTS) / x86_64  OK    ERROR  skipped
palomino3Windows Server 2022 Datacenter / x64  OK    ERROR  skippedskipped
merida1macOS 10.14.6 Mojave / x86_64  OK    ERROR  skippedskipped

Summary

Package: famat
Version: 1.9.0
Command: /Library/Frameworks/R.framework/Resources/bin/R CMD build --keep-empty-dirs --no-resave-data famat
StartedAt: 2023-03-28 17:47:54 -0400 (Tue, 28 Mar 2023)
EndedAt: 2023-03-28 17:50:31 -0400 (Tue, 28 Mar 2023)
EllapsedTime: 157.2 seconds
RetCode: 1
Status:   ERROR  
PackageFile: None
PackageFileSize: NA

Command output

##############################################################################
##############################################################################
###
### Running command:
###
###   /Library/Frameworks/R.framework/Resources/bin/R CMD build --keep-empty-dirs --no-resave-data famat
###
##############################################################################
##############################################################################


* checking for file ‘famat/DESCRIPTION’ ... OK
* preparing ‘famat’:
* checking DESCRIPTION meta-information ... OK
* installing the package to build vignettes
* creating vignettes ... ERROR
--- re-building ‘famat.Rmd’ using rmarkdown
Quitting from lines 79-84 (famat.Rmd) 
Error: processing vignette 'famat.Rmd' failed with diagnostics:
'names' attribute [6] must be the same length as the vector [0]
--- failed re-building ‘famat.Rmd’

SUMMARY: processing the following file failed:
  ‘famat.Rmd’

Error: Vignette re-building failed.
Execution halted