Back to Multiple platform build/check report for BioC 3.17:   simplified   long
ABC[D]EFGHIJKLMNOPQRSTUVWXYZ

This page was generated on 2023-03-22 11:06:35 -0400 (Wed, 22 Mar 2023).

HostnameOSArch (*)R versionInstalled pkgs
nebbiolo1Linux (Ubuntu 22.04.1 LTS)x86_64R Under development (unstable) (2023-03-16 r83996) -- "Unsuffered Consequences" 4508
palomino3Windows Server 2022 Datacenterx64R Under development (unstable) (2023-03-15 r83984 ucrt) -- "Unsuffered Consequences" 4293
merida1macOS 10.14.6 Mojavex86_64R Under development (unstable) (2023-03-16 r83985) -- "Unsuffered Consequences" 4290
Click on any hostname to see more info about the system (e.g. compilers)      (*) as reported by 'uname -p', except on Windows and Mac OS X

CHECK results for deepSNV on merida1


To the developers/maintainers of the deepSNV package:
- Please allow up to 24 hours (and sometimes 48 hours) for your latest push to git@git.bioconductor.org:packages/deepSNV.git to
reflect on this report. See How and When does the builder pull? When will my changes propagate? for more information.
- Make sure to use the following settings in order to reproduce any error or warning you see on this page.

raw results

Package 504/2189HostnameOS / ArchINSTALLBUILDCHECKBUILD BIN
deepSNV 1.45.0  (landing page)
Moritz Gerstung
Snapshot Date: 2023-03-21 14:00:22 -0400 (Tue, 21 Mar 2023)
git_url: https://git.bioconductor.org/packages/deepSNV
git_branch: master
git_last_commit: 4241cbc
git_last_commit_date: 2022-11-01 11:06:40 -0400 (Tue, 01 Nov 2022)
nebbiolo1Linux (Ubuntu 22.04.1 LTS) / x86_64  OK    OK    WARNINGS  UNNEEDED, same version is already published
palomino3Windows Server 2022 Datacenter / x64  OK    OK    OK    OK  UNNEEDED, same version is already published
merida1macOS 10.14.6 Mojave / x86_64  OK    OK    WARNINGS    OK  UNNEEDED, same version is already published

Summary

Package: deepSNV
Version: 1.45.0
Command: /Library/Frameworks/R.framework/Resources/bin/R CMD check --install=check:deepSNV.install-out.txt --library=/Library/Frameworks/R.framework/Resources/library --no-vignettes --timings deepSNV_1.45.0.tar.gz
StartedAt: 2023-03-22 00:31:29 -0400 (Wed, 22 Mar 2023)
EndedAt: 2023-03-22 00:44:51 -0400 (Wed, 22 Mar 2023)
EllapsedTime: 802.1 seconds
RetCode: 0
Status:   WARNINGS  
CheckDir: deepSNV.Rcheck
Warnings: 1

Command output

##############################################################################
##############################################################################
###
### Running command:
###
###   /Library/Frameworks/R.framework/Resources/bin/R CMD check --install=check:deepSNV.install-out.txt --library=/Library/Frameworks/R.framework/Resources/library --no-vignettes --timings deepSNV_1.45.0.tar.gz
###
##############################################################################
##############################################################################


* using log directory ‘/Users/biocbuild/bbs-3.17-bioc/meat/deepSNV.Rcheck’
* using R Under development (unstable) (2023-03-16 r83985)
* using platform: x86_64-apple-darwin17.0 (64-bit)
* R was compiled by
    Apple clang version 12.0.0 (clang-1200.0.32.29)
    GNU Fortran (GCC) 8.2.0
* running under: macOS Mojave 10.14.6
* using session charset: UTF-8
* using option ‘--no-vignettes’
* checking for file ‘deepSNV/DESCRIPTION’ ... OK
* checking extension type ... Package
* this is package ‘deepSNV’ version ‘1.45.0’
* checking package namespace information ... OK
* checking package dependencies ... NOTE
Depends: includes the non-default packages:
  'parallel', 'IRanges', 'GenomicRanges', 'SummarizedExperiment',
  'Biostrings', 'VGAM', 'VariantAnnotation'
Adding so many packages to the search path is excessive and importing
selectively is preferable.
* checking if this is a source package ... OK
* checking if there is a namespace ... OK
* checking for hidden files and directories ... OK
* checking for portable file names ... OK
* checking for sufficient/correct file permissions ... OK
* checking whether package ‘deepSNV’ can be installed ... OK
* used C compiler: ‘Apple clang version 11.0.0 (clang-1100.0.33.17)’
* used C++ compiler: ‘Apple clang version 11.0.0 (clang-1100.0.33.17)’
* used SDK: ‘’
* checking installed package size ... OK
* checking package directory ... OK
* checking ‘build’ directory ... OK
* checking DESCRIPTION meta-information ... NOTE
Malformed Title field: should not end in a period.
Versioned 'LinkingTo' value for ‘Rhtslib’ is only usable in R >= 3.0.2
* checking top-level files ... OK
* checking for left-over files ... OK
* checking index information ... OK
* checking package subdirectories ... OK
* checking R files for non-ASCII characters ... OK
* checking R files for syntax errors ... OK
* checking whether the package can be loaded ... OK
* checking whether the package can be loaded with stated dependencies ... OK
* checking whether the package can be unloaded cleanly ... OK
* checking whether the namespace can be loaded with stated dependencies ... OK
* checking whether the namespace can be unloaded cleanly ... OK
* checking startup messages can be suppressed ... OK
* checking dependencies in R code ... NOTE
Packages in Depends field not imported from:
  ‘GenomicRanges’ ‘SummarizedExperiment’ ‘VariantAnnotation’ ‘parallel’
  These packages need to be imported from (in the NAMESPACE file)
  for when this namespace is loaded but not attached.
There are ::: calls to the package's namespace in its code. A package
  almost never needs to use ::: for its own objects:
  ‘estimateRho’ ‘logbb’
* checking S3 generic/method consistency ... OK
* checking replacement functions ... OK
* checking foreign function calls ... OK
* checking R code for possible problems ... NOTE
.deepSNVsingle: no visible global function definition for ‘pchisq’
.estimateDispersion: no visible global function definition for
  ‘optimize’
.makeVCFheader: no visible global function definition for ‘splitAsList’
.makeVCFheader: no visible global function definition for ‘DataFrame’
.significantSNV: no visible global function definition for ‘p.adjust’
.significantSNV: no visible global function definition for
  ‘scanVcfHeader’
.significantSNV: no visible global function definition for ‘VCF’
.significantSNV: no visible global function definition for ‘GRanges’
.significantSNV: no visible global function definition for ‘IRanges’
.significantSNV: no visible global function definition for ‘DataFrame’
.significantSNV: no visible global function definition for ‘SimpleList’
.significantSNV: no visible global function definition for ‘VCFHeader’
.significantSNV: no visible global function definition for ‘reference’
.significantSNV: no visible global function definition for ‘header’
bbb: no visible global function definition for ‘na.omit’
betabinLRT: no visible global function definition for ‘pchisq’
betabinLRT: no visible global function definition for ‘p.adjust’
bf2Vcf: no visible global function definition for ‘scanVcfHeader’
bf2Vcf: no visible global function definition for ‘VCF’
bf2Vcf: no visible global function definition for ‘GRanges’
bf2Vcf: no visible global function definition for ‘IRanges’
bf2Vcf: no visible global function definition for ‘DataFrame’
bf2Vcf: no visible global function definition for ‘VCFHeader’
bf2Vcf: no visible global function definition for ‘reference’
bf2Vcf: no visible global function definition for ‘header’
bf2Vcf: no visible global function definition for ‘SimpleList’
loadAllData: no visible global function definition for ‘mclapply’
makePrior: no visible global function definition for ‘info’
manhattanPlot: no visible global function definition for ‘legend’
mcChunk: no visible global function definition for ‘mclapply’
mutID: no visible global function definition for ‘seqnames’
p.combine: no visible global function definition for ‘pgamma’
plot.deepSNV: no visible global function definition for ‘legend’
plot.deepSNV: no visible global function definition for ‘par’
plot.deepSNV: no visible global function definition for ‘abline’
qvals2Vcf: no visible global function definition for ‘scanVcfHeader’
qvals2Vcf: no visible global function definition for ‘VCF’
qvals2Vcf: no visible global function definition for ‘GRanges’
qvals2Vcf: no visible global function definition for ‘IRanges’
qvals2Vcf: no visible global function definition for ‘DataFrame’
qvals2Vcf: no visible global function definition for ‘VCFHeader’
qvals2Vcf: no visible global function definition for ‘reference’
qvals2Vcf: no visible global function definition for ‘header’
qvals2Vcf: no visible global function definition for ‘SimpleList’
PCRTest,matrix-matrix: no visible global function definition for
  ‘pnorm’
estimateDirichlet,matrix: no visible binding for global variable
  ‘dirichlet’
estimateDirichlet,matrix: no visible global function definition for
  ‘coefficients’
normalize,matrix-matrix : <anonymous>: no visible global function
  definition for ‘loess’
overDispersion,matrix-matrix: no visible global function definition for
  ‘optimize’
overDispersion,matrix-matrix : <anonymous>: no visible global function
  definition for ‘na.omit’
Undefined global functions or variables:
  DataFrame GRanges IRanges SimpleList VCF VCFHeader abline
  coefficients dirichlet header info legend loess mclapply na.omit
  optimize p.adjust par pchisq pgamma pnorm reference scanVcfHeader
  seqnames splitAsList
Consider adding
  importFrom("graphics", "abline", "legend", "par")
  importFrom("stats", "coefficients", "loess", "na.omit", "optimize",
             "p.adjust", "pchisq", "pgamma", "pnorm")
to your NAMESPACE file.
* checking Rd files ... OK
* checking Rd metadata ... OK
* checking Rd cross-references ... OK
* checking for missing documentation entries ... OK
* checking for code/documentation mismatches ... OK
* checking Rd \usage sections ... OK
* checking Rd contents ... OK
* checking for unstated dependencies in examples ... OK
* checking contents of ‘data’ directory ... OK
* checking data for non-ASCII characters ... OK
* checking data for ASCII and uncompressed saves ... OK
* checking line endings in C/C++/Fortran sources/headers ... OK
* checking line endings in Makefiles ... OK
* checking compilation flags in Makevars ... OK
* checking for GNU extensions in Makefiles ... NOTE
GNU make is a SystemRequirements.
* checking for portable use of $(BLAS_LIBS) and $(LAPACK_LIBS) ... OK
* checking use of PKG_*FLAGS in Makefiles ... OK
* checking compiled code ... WARNING
Note: information on .o files is not available
File ‘/Library/Frameworks/R.framework/Versions/4.3/Resources/library/deepSNV/libs/deepSNV.so’:
  Found ‘___assert_rtn’, possibly from ‘assert’ (C)
  Found ‘___sprintf_chk’, possibly from ‘sprintf’ (C)
  Found ‘___stderrp’, possibly from ‘stderr’ (C)
  Found ‘___stdoutp’, possibly from ‘stdout’ (C)
  Found ‘_abort’, possibly from ‘abort’ (C)
  Found ‘_exit’, possibly from ‘exit’ (C)

Compiled code should not call entry points which might terminate R nor
write to stdout/stderr instead of to the console, nor use Fortran I/O
nor system RNGs nor [v]sprintf. The detected symbols are linked into
the code but might come from libraries and not actually be called.

See ‘Writing portable packages’ in the ‘Writing R Extensions’ manual.
* checking sizes of PDF files under ‘inst/doc’ ... OK
* checking files in ‘vignettes’ ... OK
* checking examples ... OK
Examples with CPU (user + system) or elapsed time > 5s
                            user system elapsed
RCC                        8.822  0.347  17.003
estimateDispersion-methods 4.961  0.184   9.879
estimateDirichlet-methods  4.378  0.134   7.902
phiX                       3.673  0.088   5.076
* checking for unstated dependencies in vignettes ... OK
* checking package vignettes in ‘inst/doc’ ... OK
* checking running R code from vignettes ... SKIPPED
* checking re-building of vignette outputs ... SKIPPED
* checking PDF version of manual ... OK
* DONE

Status: 1 WARNING, 5 NOTEs
See
  ‘/Users/biocbuild/bbs-3.17-bioc/meat/deepSNV.Rcheck/00check.log’
for details.



Installation output

deepSNV.Rcheck/00install.out

##############################################################################
##############################################################################
###
### Running command:
###
###   /Library/Frameworks/R.framework/Resources/bin/R CMD INSTALL deepSNV
###
##############################################################################
##############################################################################


* installing to library ‘/Library/Frameworks/R.framework/Versions/4.3/Resources/library’
* installing *source* package ‘deepSNV’ ...
** using staged installation
** libs
using C compiler: ‘Apple clang version 11.0.0 (clang-1100.0.33.17)’
using C++ compiler: ‘Apple clang version 11.0.0 (clang-1100.0.33.17)’
using SDK: ‘’
clang++ -mmacosx-version-min=10.13 -std=gnu++17 -I"/Library/Frameworks/R.framework/Resources/include" -DNDEBUG -D_FILE_OFFSET_BITS=64 -I'/Library/Frameworks/R.framework/Versions/4.3/Resources/library/Rhtslib/include' -I/usr/local/include    -fPIC  -Wall -g -O2  -c bam2R.cpp -o bam2R.o
clang -mmacosx-version-min=10.13 -I"/Library/Frameworks/R.framework/Resources/include" -DNDEBUG -D_FILE_OFFSET_BITS=64 -I'/Library/Frameworks/R.framework/Versions/4.3/Resources/library/Rhtslib/include' -I/usr/local/include    -fPIC  -Wall -g -O2  -c betabinom.c -o betabinom.o
betabinom.c:27:9: warning: unused variable 'log' [-Wunused-variable]
        int i, log=0;
               ^
1 warning generated.
clang++ -mmacosx-version-min=10.13 -std=gnu++17 -dynamiclib -Wl,-headerpad_max_install_names -undefined dynamic_lookup -single_module -multiply_defined suppress -L/Library/Frameworks/R.framework/Resources/lib -L/usr/local/lib -o deepSNV.so bam2R.o betabinom.o /Library/Frameworks/R.framework/Versions/4.3/Resources/library/Rhtslib/usrlib/libhts.a -lcurl -F/Library/Frameworks/R.framework/.. -framework R -Wl,-framework -Wl,CoreFoundation
installing to /Library/Frameworks/R.framework/Versions/4.3/Resources/library/00LOCK-deepSNV/00new/deepSNV/libs
** R
** data
** inst
** byte-compile and prepare package for lazy loading
** help
*** installing help indices
** building package indices
** installing vignettes
** testing if installed package can be loaded from temporary location
** checking absolute paths in shared objects and dynamic libraries
** testing if installed package can be loaded from final location
** testing if installed package keeps a record of temporary installation path
* DONE (deepSNV)

Tests output


Example timings

deepSNV.Rcheck/deepSNV-Ex.timings

nameusersystemelapsed
Extract-methods0.0500.0040.073
RCC 8.822 0.34717.003
RF0.0060.0030.014
bam2R0.0260.0060.056
betabinLRT000
consensusSequence-methods0.0440.0040.068
control-methods0.0060.0030.012
coordinates-methods0.0070.0030.014
counts0.0240.0010.036
deepSNV-class2.0640.0462.907
deepSNV-methods0.5570.0210.795
deepSNV-package0.4340.0190.614
estimateDirichlet-methods4.3780.1347.902
estimateDispersion-methods4.9610.1849.879
makePrior000
manhattanPlot1.8670.0292.585
normalize-methods3.1400.0954.373
p.combine0.9700.0331.344
p.val-methods0.0050.0020.008
phiX3.6730.0885.076
pi0.6960.0151.021
plot.deepSNV0.2590.0180.373
repeatMask-methods2.1310.1103.104
shearwater1.2090.1051.694
show-deepSNV-method0.2590.0270.372
summary-methods0.4310.0280.598
test-methods0.0060.0040.014
trueSNVs0.0330.0120.055