Back to Multiple platform build/check report for BioC 3.20:   simplified   long
ABCDEFGH[I]JKLMNOPQRSTUVWXYZ

This page was generated on 2024-06-19 12:10 -0400 (Wed, 19 Jun 2024).

HostnameOSArch (*)R versionInstalled pkgs
nebbiolo2Linux (Ubuntu 22.04.3 LTS)x86_644.4.0 RC (2024-04-16 r86468) -- "Puppy Cup" 4687
lconwaymacOS 12.7.1 Montereyx86_644.4.1 RC (2024-06-06 r86719) -- "Race for Your Life" 4402
kjohnson3macOS 13.6.5 Venturaarm644.4.1 RC (2024-06-06 r86719) -- "Race for Your Life" 4351
Click on any hostname to see more info about the system (e.g. compilers)      (*) as reported by 'uname -p', except on Windows and Mac OS X

Package 1011/2242HostnameOS / ArchINSTALLBUILDCHECKBUILD BIN
InPAS 2.13.0  (landing page)
Jianhong Ou
Snapshot Date: 2024-06-18 14:00 -0400 (Tue, 18 Jun 2024)
git_url: https://git.bioconductor.org/packages/InPAS
git_branch: devel
git_last_commit: db3f500
git_last_commit_date: 2024-04-30 10:42:27 -0400 (Tue, 30 Apr 2024)
nebbiolo2Linux (Ubuntu 22.04.3 LTS) / x86_64  OK    OK    WARNINGS  UNNEEDED, same version is already published
lconwaymacOS 12.7.1 Monterey / x86_64  OK    OK    WARNINGS    OK  UNNEEDED, same version is already published
kjohnson3macOS 13.6.5 Ventura / arm64  OK    OK    WARNINGS    OK  UNNEEDED, same version is already published


CHECK results for InPAS on nebbiolo2

To the developers/maintainers of the InPAS package:
- Allow up to 24 hours (and sometimes 48 hours) for your latest push to git@git.bioconductor.org:packages/InPAS.git to reflect on this report. See Troubleshooting Build Report for more information.
- Use the following Renviron settings to reproduce errors and warnings.
- If 'R CMD check' started to fail recently on the Linux builder(s) over a missing dependency, add the missing dependency to 'Suggests:' in your DESCRIPTION file. See Renviron.bioc for more information.

raw results


Summary

Package: InPAS
Version: 2.13.0
Command: /home/biocbuild/bbs-3.20-bioc/R/bin/R CMD check --install=check:InPAS.install-out.txt --library=/home/biocbuild/bbs-3.20-bioc/R/site-library --timings InPAS_2.13.0.tar.gz
StartedAt: 2024-06-19 00:12:50 -0400 (Wed, 19 Jun 2024)
EndedAt: 2024-06-19 00:21:25 -0400 (Wed, 19 Jun 2024)
EllapsedTime: 514.9 seconds
RetCode: 0
Status:   WARNINGS  
CheckDir: InPAS.Rcheck
Warnings: 1

Command output

##############################################################################
##############################################################################
###
### Running command:
###
###   /home/biocbuild/bbs-3.20-bioc/R/bin/R CMD check --install=check:InPAS.install-out.txt --library=/home/biocbuild/bbs-3.20-bioc/R/site-library --timings InPAS_2.13.0.tar.gz
###
##############################################################################
##############################################################################


* using log directory ‘/home/biocbuild/bbs-3.20-bioc/meat/InPAS.Rcheck’
* using R version 4.4.0 RC (2024-04-16 r86468)
* using platform: x86_64-pc-linux-gnu
* R was compiled by
    gcc (Ubuntu 11.4.0-1ubuntu1~22.04) 11.4.0
    GNU Fortran (Ubuntu 11.4.0-1ubuntu1~22.04) 11.4.0
* running under: Ubuntu 22.04.4 LTS
* using session charset: UTF-8
* checking for file ‘InPAS/DESCRIPTION’ ... OK
* this is package ‘InPAS’ version ‘2.13.0’
* package encoding: UTF-8
* checking package namespace information ... OK
* checking package dependencies ... OK
* checking if this is a source package ... OK
* checking if there is a namespace ... OK
* checking for hidden files and directories ... OK
* checking for portable file names ... OK
* checking for sufficient/correct file permissions ... OK
* checking whether package ‘InPAS’ can be installed ... OK
* checking installed package size ... OK
* checking package directory ... OK
* checking ‘build’ directory ... OK
* checking DESCRIPTION meta-information ... OK
* checking top-level files ... OK
* checking for left-over files ... OK
* checking index information ... OK
* checking package subdirectories ... OK
* checking code files for non-ASCII characters ... OK
* checking R files for syntax errors ... OK
* checking whether the package can be loaded ... OK
* checking whether the package can be loaded with stated dependencies ... OK
* checking whether the package can be unloaded cleanly ... OK
* checking whether the namespace can be loaded with stated dependencies ... OK
* checking whether the namespace can be unloaded cleanly ... OK
* checking loading without being on the library search path ... OK
* checking whether startup messages can be suppressed ... OK
* checking dependencies in R code ... NOTE
There are ::: calls to the package's namespace in its code. A package
  almost never needs to use ::: for its own objects:
  ‘adjust_distalCPs’ ‘adjust_proximalCPs’ ‘adjust_proximalCPsByNBC’
  ‘adjust_proximalCPsByPWM’ ‘calculate_mse’ ‘find_valleyBySpline’
  ‘get_PAscore’ ‘get_PAscore2’ ‘remove_convergentUTR3s’
  ‘search_distalCPs’ ‘search_proximalCPs’
* checking S3 generic/method consistency ... OK
* checking replacement functions ... OK
* checking foreign function calls ... OK
* checking R code for possible problems ... OK
* checking Rd files ... OK
* checking Rd metadata ... OK
* checking Rd cross-references ... WARNING
Missing link or links in Rd file 'get_ssRleCov.Rd':
  ‘[BSgenome:BSgenomeForge]{BSgenome::forgeBSgenomeDataPkg()}’

Missing link or links in Rd file 'set_globals.Rd':
  ‘[BSgenome:BSgenomeForge]{BSgenome::forgeBSgenomeDataPkg()}’

See section 'Cross-references' in the 'Writing R Extensions' manual.
* checking for missing documentation entries ... OK
* checking for code/documentation mismatches ... OK
* checking Rd \usage sections ... NOTE
Documented arguments not in \usage in Rd file 'get_UTR3TotalCov.Rd':
  ‘gcCompensationensation’

Functions with \usage entries need to have the appropriate \alias
entries, and all their arguments documented.
The \usage entries must correspond to syntactically valid R code.
See chapter ‘Writing R documentation files’ in the ‘Writing R
Extensions’ manual.
* checking Rd contents ... OK
* checking for unstated dependencies in examples ... OK
* checking contents of ‘data’ directory ... OK
* checking data for non-ASCII characters ... OK
* checking LazyData ... OK
* checking data for ASCII and uncompressed saves ... OK
* checking files in ‘vignettes’ ... OK
* checking examples ... OK
Examples with CPU (user + system) or elapsed time > 5s
                   user system elapsed
get_usage4plot   20.619  0.952  21.543
extract_UTR3Anno  6.547  0.864   7.413
get_chromosomes   6.830  0.514   7.325
* checking for unstated dependencies in ‘tests’ ... OK
* checking tests ...
  Running ‘runTests.R’
 OK
* checking for unstated dependencies in vignettes ... OK
* checking package vignettes ... OK
* checking re-building of vignette outputs ... OK
* checking PDF version of manual ... OK
* DONE

Status: 1 WARNING, 2 NOTEs
See
  ‘/home/biocbuild/bbs-3.20-bioc/meat/InPAS.Rcheck/00check.log’
for details.


Installation output

InPAS.Rcheck/00install.out

##############################################################################
##############################################################################
###
### Running command:
###
###   /home/biocbuild/bbs-3.20-bioc/R/bin/R CMD INSTALL InPAS
###
##############################################################################
##############################################################################


* installing to library ‘/home/biocbuild/bbs-3.20-bioc/R/site-library’
* installing *source* package ‘InPAS’ ...
** using staged installation
** R
** data
*** moving datasets to lazyload DB
** inst
** byte-compile and prepare package for lazy loading
** help
*** installing help indices
** building package indices
** installing vignettes
** testing if installed package can be loaded from temporary location
** testing if installed package can be loaded from final location
** testing if installed package keeps a record of temporary installation path
* DONE (InPAS)

Tests output

InPAS.Rcheck/tests/runTests.Rout


R version 4.4.0 RC (2024-04-16 r86468) -- "Puppy Cup"
Copyright (C) 2024 The R Foundation for Statistical Computing
Platform: x86_64-pc-linux-gnu

R is free software and comes with ABSOLUTELY NO WARRANTY.
You are welcome to redistribute it under certain conditions.
Type 'license()' or 'licence()' for distribution details.

R is a collaborative project with many contributors.
Type 'contributors()' for more information and
'citation()' on how to cite R or R packages in publications.

Type 'demo()' for some demos, 'help()' for on-line help, or
'help.start()' for an HTML browser interface to help.
Type 'q()' to quit R.

> pkgs_required <- c(
+   "BSgenome.Mmusculus.UCSC.mm10",
+   "TxDb.Mmusculus.UCSC.mm10.knownGene",
+   "EnsDb.Mmusculus.v79",
+   "rtracklayer",
+   "GenomicRanges",
+   "RUnit",
+   "limma", "future.apply"
+ )
> for (pkg in pkgs_required)
+ {
+   require(pkg, character.only = TRUE) || stop(pkg, " can't be loaded!")
+ }
Loading required package: BSgenome.Mmusculus.UCSC.mm10
Loading required package: BSgenome
Loading required package: BiocGenerics

Attaching package: 'BiocGenerics'

The following objects are masked from 'package:stats':

    IQR, mad, sd, var, xtabs

The following objects are masked from 'package:base':

    Filter, Find, Map, Position, Reduce, anyDuplicated, aperm, append,
    as.data.frame, basename, cbind, colnames, dirname, do.call,
    duplicated, eval, evalq, get, grep, grepl, intersect, is.unsorted,
    lapply, mapply, match, mget, order, paste, pmax, pmax.int, pmin,
    pmin.int, rank, rbind, rownames, sapply, setdiff, table, tapply,
    union, unique, unsplit, which.max, which.min

Loading required package: S4Vectors
Loading required package: stats4

Attaching package: 'S4Vectors'

The following object is masked from 'package:utils':

    findMatches

The following objects are masked from 'package:base':

    I, expand.grid, unname

Loading required package: IRanges
Loading required package: GenomeInfoDb
Loading required package: GenomicRanges
Loading required package: Biostrings
Loading required package: XVector

Attaching package: 'Biostrings'

The following object is masked from 'package:base':

    strsplit

Loading required package: BiocIO
Loading required package: rtracklayer

Attaching package: 'rtracklayer'

The following object is masked from 'package:BiocIO':

    FileForFormat

Loading required package: TxDb.Mmusculus.UCSC.mm10.knownGene
Loading required package: GenomicFeatures
Loading required package: AnnotationDbi
Loading required package: Biobase
Welcome to Bioconductor

    Vignettes contain introductory material; view with
    'browseVignettes()'. To cite Bioconductor, see
    'citation("Biobase")', and for packages 'citation("pkgname")'.

Loading required package: EnsDb.Mmusculus.v79
Loading required package: ensembldb
Loading required package: AnnotationFilter

Attaching package: 'ensembldb'

The following object is masked from 'package:stats':

    filter

Loading required package: RUnit
Loading required package: limma

Attaching package: 'limma'

The following object is masked from 'package:BiocGenerics':

    plotMA

Loading required package: future.apply
Loading required package: future

Attaching package: 'future'

The following object is masked from 'package:AnnotationFilter':

    value

> 
> BiocGenerics:::testPackage("InPAS")
InPAS : Version 2.13.0
For more information see our website : https://bioconductor.org/packages/release/bioc/vignettes/InPAS/inst/doc/InPAS.html
If you encounter a bug, please report : https://github.com/jianhong/InPAS/InPAS/issues
coverage per sample per chromosome start at Wed Jun 19 00:19:08 2024.

coverage per sample per chromosome done at Wed Jun 19 00:19:08 2024.

total coverage start at Wed Jun 19 00:19:08 2024.

total coverage done at Wed Jun 19 00:19:08 2024.

backgroud around 3utr done at Wed Jun 19 00:19:08 2024.

utr3 TotalCov done at Wed Jun 19 00:19:08 2024.

chromsome chr1 coverage merged.

Preparation for CPsite search done at Wed Jun 19 00:19:08 2024.

No readable configuration file found
Created registry in '/tmp/RtmprU6Cuf/006.CPsites.out_chr1' using cluster functions 'Interactive'
Adding 1 jobs ...
Submitting 1 jobs in 1 chunks using cluster functions 'Interactive' ...
coverage per sample per chromosome start at Wed Jun 19 00:19:17 2024.

coverage per sample per chromosome done at Wed Jun 19 00:19:17 2024.

total coverage start at Wed Jun 19 00:19:17 2024.

total coverage done at Wed Jun 19 00:19:17 2024.

backgroud around 3utr done at Wed Jun 19 00:19:17 2024.

utr3 TotalCov done at Wed Jun 19 00:19:17 2024.

chromsome chr1 coverage merged.

Preparation for CPsite search done at Wed Jun 19 00:19:17 2024.

No readable configuration file found
Created registry in '/tmp/RtmprU6Cuf/006.CPsites.out_chr1' using cluster functions 'Interactive'
Adding 1 jobs ...
Submitting 1 jobs in 1 chunks using cluster functions 'Interactive' ...
Error in get_ssRleCov(bedgraph = filenames[i], tag = tags[i], genome = genome,  : 
  seqlevelsStyle of genome is different from bedgraph file.


RUNIT TEST PROTOCOL -- Wed Jun 19 00:19:18 2024 
*********************************************** 
Number of test functions: 3 
Number of errors: 0 
Number of failures: 0 

 
1 Test Suite : 
InPAS RUnit Tests - 3 test functions, 0 errors, 0 failures
Number of test functions: 3 
Number of errors: 0 
Number of failures: 0 
> 
> proc.time()
   user  system elapsed 
 30.838   1.887  32.745 

Example timings

InPAS.Rcheck/InPAS-Ex.timings

nameusersystemelapsed
addInPASTxDb0.2350.0070.243
assemble_allCov0.0000.0010.001
extract_UTR3Anno6.5470.8647.413
filter_testOut0.1150.0080.124
gcComp0.0000.0000.001
gcContents000
getInPASTxDb0.1110.0000.111
get_UTR3eSet0.0070.0000.006
get_chromosomes6.8300.5147.325
get_seqLen0.1480.0040.151
get_ssRleCov0.0010.0000.002
get_usage4plot20.619 0.95221.543
parse_TxDb2.3120.0682.380
run_coverageQC0.0030.0000.002
run_singleGroupAnalysis0.0100.0000.011
run_singleSampleAnalysis0.0030.0000.003
search_CPs0.0060.0000.005
setup_CPsSearch0.0030.0000.003
setup_GSEA0.0270.0000.027
setup_sqlitedb000
test_dPDUI0.0210.0000.021