Back to Multiple platform build/check report for BioC 3.19:   simplified   long
ABCDEF[G]HIJKLMNOPQRSTUVWXYZ

This page was generated on 2024-03-04 11:36:45 -0500 (Mon, 04 Mar 2024).

HostnameOSArch (*)R versionInstalled pkgs
nebbiolo1Linux (Ubuntu 22.04.3 LTS)x86_64R Under development (unstable) (2024-01-16 r85808) -- "Unsuffered Consequences" 4676
palomino3Windows Server 2022 Datacenterx64R Under development (unstable) (2024-01-14 r85805 ucrt) -- "Unsuffered Consequences" 4414
merida1macOS 12.7.1 Montereyx86_64R Under development (unstable) (2024-01-16 r85808) -- "Unsuffered Consequences" 4441
kunpeng2Linux (openEuler 22.03 LTS-SP1)aarch64R Under development (unstable) (2024-01-16 r85812) -- "Unsuffered Consequences" 4417
Click on any hostname to see more info about the system (e.g. compilers)      (*) as reported by 'uname -p', except on Windows and Mac OS X

Package 922/2251HostnameOS / ArchINSTALLBUILDCHECKBUILD BIN
GWENA 1.13.0  (landing page)
Gwenaëlle Lemoine
Snapshot Date: 2024-03-01 14:00:22 -0500 (Fri, 01 Mar 2024)
git_url: https://git.bioconductor.org/packages/GWENA
git_branch: devel
git_last_commit: 16fcc94
git_last_commit_date: 2023-10-24 11:23:28 -0500 (Tue, 24 Oct 2023)
nebbiolo1Linux (Ubuntu 22.04.3 LTS) / x86_64  OK    OK    WARNINGS  UNNEEDED, same version is already published
palomino3Windows Server 2022 Datacenter / x64  OK    OK    WARNINGS    OK  UNNEEDED, same version is already published
merida1macOS 12.7.1 Monterey / x86_64  OK    OK    ERROR    OK  
kunpeng2Linux (openEuler 22.03 LTS-SP1) / aarch64  OK    OK    TIMEOUT  

CHECK results for GWENA on nebbiolo1


To the developers/maintainers of the GWENA package:
- Allow up to 24 hours (and sometimes 48 hours) for your latest push to git@git.bioconductor.org:packages/GWENA.git to reflect on this report. See Troubleshooting Build Report for more information.
- Use the following Renviron settings to reproduce errors and warnings.
- If 'R CMD check' started to fail recently on the Linux builder(s) over a missing dependency, add the missing dependency to 'Suggests:' in your DESCRIPTION file. See Renviron.bioc for more information.

raw results


Summary

Package: GWENA
Version: 1.13.0
Command: /home/biocbuild/bbs-3.19-bioc/R/bin/R CMD check --install=check:GWENA.install-out.txt --library=/home/biocbuild/bbs-3.19-bioc/R/site-library --timings GWENA_1.13.0.tar.gz
StartedAt: 2024-03-01 22:52:12 -0500 (Fri, 01 Mar 2024)
EndedAt: 2024-03-01 23:02:07 -0500 (Fri, 01 Mar 2024)
EllapsedTime: 595.1 seconds
RetCode: 0
Status:   WARNINGS  
CheckDir: GWENA.Rcheck
Warnings: 2

Command output

##############################################################################
##############################################################################
###
### Running command:
###
###   /home/biocbuild/bbs-3.19-bioc/R/bin/R CMD check --install=check:GWENA.install-out.txt --library=/home/biocbuild/bbs-3.19-bioc/R/site-library --timings GWENA_1.13.0.tar.gz
###
##############################################################################
##############################################################################


* using log directory ‘/home/biocbuild/bbs-3.19-bioc/meat/GWENA.Rcheck’
* using R Under development (unstable) (2024-01-16 r85808)
* using platform: x86_64-pc-linux-gnu
* R was compiled by
    gcc (Ubuntu 11.4.0-1ubuntu1~22.04) 11.4.0
    GNU Fortran (Ubuntu 11.4.0-1ubuntu1~22.04) 11.4.0
* running under: Ubuntu 22.04.4 LTS
* using session charset: UTF-8
* checking for file ‘GWENA/DESCRIPTION’ ... OK
* this is package ‘GWENA’ version ‘1.13.0’
* package encoding: UTF-8
* checking package namespace information ... OK
* checking package dependencies ... OK
* checking if this is a source package ... OK
* checking if there is a namespace ... OK
* checking for hidden files and directories ... OK
* checking for portable file names ... OK
* checking for sufficient/correct file permissions ... OK
* checking whether package ‘GWENA’ can be installed ... WARNING
Found the following significant warnings:
  Warning: bad markup (extra space?) at compare_conditions.Rd:91:72
  Warning: bad markup (extra space?) at compare_conditions.Rd:96:77
  Warning: bad markup (extra space?) at compare_conditions.Rd:98:74
  Warning: bad markup (extra space?) at compare_conditions.Rd:100:69
See ‘/home/biocbuild/bbs-3.19-bioc/meat/GWENA.Rcheck/00install.out’ for details.
* checking installed package size ... OK
* checking package directory ... OK
* checking ‘build’ directory ... OK
* checking DESCRIPTION meta-information ... OK
* checking top-level files ... OK
* checking for left-over files ... OK
* checking index information ... OK
* checking package subdirectories ... NOTE
Problems with news in ‘NEWS.md’:
No news entries found.
* checking R files for non-ASCII characters ... OK
* checking R files for syntax errors ... OK
* checking whether the package can be loaded ... OK
* checking whether the package can be loaded with stated dependencies ... OK
* checking whether the package can be unloaded cleanly ... OK
* checking whether the namespace can be loaded with stated dependencies ... OK
* checking whether the namespace can be unloaded cleanly ... OK
* checking loading without being on the library search path ... OK
* checking dependencies in R code ... OK
* checking S3 generic/method consistency ... OK
* checking replacement functions ... OK
* checking foreign function calls ... OK
* checking R code for possible problems ... OK
* checking Rd files ... WARNING
prepare_Rd: bad markup (extra space?) at compare_conditions.Rd:91:72
prepare_Rd: bad markup (extra space?) at compare_conditions.Rd:96:77
prepare_Rd: bad markup (extra space?) at compare_conditions.Rd:98:74
prepare_Rd: bad markup (extra space?) at compare_conditions.Rd:100:69
* checking Rd metadata ... OK
* checking Rd cross-references ... OK
* checking for missing documentation entries ... OK
* checking for code/documentation mismatches ... OK
* checking Rd \usage sections ... OK
* checking Rd contents ... OK
* checking for unstated dependencies in examples ... OK
* checking contents of ‘data’ directory ... OK
* checking data for non-ASCII characters ... OK
* checking LazyData ... OK
* checking data for ASCII and uncompressed saves ... OK
* checking files in ‘vignettes’ ... OK
* checking examples ... OK
Examples with CPU (user + system) or elapsed time > 5s
                     user system elapsed
z_summary          13.738  0.805  16.335
compare_conditions  8.728  0.454  10.162
plot_enrichment     1.181  0.052   8.395
bio_enrich          0.254  0.023  13.178
* checking for unstated dependencies in ‘tests’ ... OK
* checking tests ...
  Running ‘testthat.R’
 OK
* checking for unstated dependencies in vignettes ... OK
* checking package vignettes ... OK
* checking re-building of vignette outputs ... OK
* checking PDF version of manual ... OK
* DONE

Status: 2 WARNINGs, 1 NOTE
See
  ‘/home/biocbuild/bbs-3.19-bioc/meat/GWENA.Rcheck/00check.log’
for details.



Installation output

GWENA.Rcheck/00install.out

##############################################################################
##############################################################################
###
### Running command:
###
###   /home/biocbuild/bbs-3.19-bioc/R/bin/R CMD INSTALL GWENA
###
##############################################################################
##############################################################################


* installing to library ‘/home/biocbuild/bbs-3.19-bioc/R/site-library’
* installing *source* package ‘GWENA’ ...
** using staged installation
** R
** data
*** moving datasets to lazyload DB
** inst
** byte-compile and prepare package for lazy loading
** help
Warning: bad markup (extra space?) at compare_conditions.Rd:91:72
Warning: bad markup (extra space?) at compare_conditions.Rd:96:77
Warning: bad markup (extra space?) at compare_conditions.Rd:98:74
Warning: bad markup (extra space?) at compare_conditions.Rd:100:69
*** installing help indices
** building package indices
** installing vignettes
** testing if installed package can be loaded from temporary location
** testing if installed package can be loaded from final location
** testing if installed package keeps a record of temporary installation path
* DONE (GWENA)

Tests output

GWENA.Rcheck/tests/testthat.Rout


R Under development (unstable) (2024-01-16 r85808) -- "Unsuffered Consequences"
Copyright (C) 2024 The R Foundation for Statistical Computing
Platform: x86_64-pc-linux-gnu

R is free software and comes with ABSOLUTELY NO WARRANTY.
You are welcome to redistribute it under certain conditions.
Type 'license()' or 'licence()' for distribution details.

R is a collaborative project with many contributors.
Type 'contributors()' for more information and
'citation()' on how to cite R or R packages in publications.

Type 'demo()' for some demos, 'help()' for on-line help, or
'help.start()' for an HTML browser interface to help.
Type 'q()' to quit R.

> library(testthat)
> library(GWENA)

> 
> test_check("GWENA")
[ FAIL 0 | WARN 0 | SKIP 0 | PASS 278 ]
> 
> proc.time()
   user  system elapsed 
380.310  12.601 250.122 

Example timings

GWENA.Rcheck/GWENA-Ex.timings

nameusersystemelapsed
associate_phenotype0.0250.0050.028
bio_enrich 0.254 0.02313.178
build_graph_from_sq_mat0.2290.0200.249
build_net3.3490.3163.665
compare_conditions 8.728 0.45410.162
detect_modules1.6200.0121.631
filter_RNA_seq0.0010.0000.001
filter_low_var0.0080.0040.012
get_fit.cor0.8730.0480.922
get_fit.expr0.7560.0360.792
get_hub_degree0.0700.0040.074
get_hub_genes0.0010.0000.002
get_hub_high_co0.0010.0000.001
get_hub_kleinberg0.1480.0000.148
get_sub_clusters1.6740.0601.734
is_data_expr0.0010.0000.001
is_gost0.0360.0003.056
is_module0.0010.0000.001
is_network0.0000.0000.001
join_gost0.0320.0001.000
plot_comparison_stats0.2400.0240.265
plot_enrichment1.1810.0528.395
plot_expression_profiles2.6310.0882.719
plot_module0.1410.0040.145
plot_modules_merge1.7540.0921.847
plot_modules_phenotype0.3840.0000.384
z_summary13.738 0.80516.335