Back to Multiple platform build/check report for BioC 3.19: simplified long |
|
This page was generated on 2024-03-28 11:40:49 -0400 (Thu, 28 Mar 2024).
Hostname | OS | Arch (*) | R version | Installed pkgs |
---|---|---|---|---|
nebbiolo1 | Linux (Ubuntu 22.04.3 LTS) | x86_64 | R Under development (unstable) (2024-03-18 r86148) -- "Unsuffered Consequences" | 4708 |
palomino3 | Windows Server 2022 Datacenter | x64 | R Under development (unstable) (2024-03-16 r86144 ucrt) -- "Unsuffered Consequences" | 4446 |
lconway | macOS 12.7.1 Monterey | x86_64 | R Under development (unstable) (2024-03-18 r86148) -- "Unsuffered Consequences" | 4471 |
kunpeng2 | Linux (openEuler 22.03 LTS-SP1) | aarch64 | R Under development (unstable) (2024-03-19 r86153) -- "Unsuffered Consequences" | 4426 |
Click on any hostname to see more info about the system (e.g. compilers) (*) as reported by 'uname -p', except on Windows and Mac OS X |
Package 929/2270 | Hostname | OS / Arch | INSTALL | BUILD | CHECK | BUILD BIN | ||||||||
GWENA 1.13.0 (landing page) Gwenaëlle Lemoine
| nebbiolo1 | Linux (Ubuntu 22.04.3 LTS) / x86_64 | OK | OK | WARNINGS | |||||||||
palomino3 | Windows Server 2022 Datacenter / x64 | OK | OK | WARNINGS | OK | |||||||||
lconway | macOS 12.7.1 Monterey / x86_64 | OK | OK | WARNINGS | OK | |||||||||
kunpeng2 | Linux (openEuler 22.03 LTS-SP1) / aarch64 | OK | OK | WARNINGS | ||||||||||
To the developers/maintainers of the GWENA package: - Allow up to 24 hours (and sometimes 48 hours) for your latest push to git@git.bioconductor.org:packages/GWENA.git to reflect on this report. See Troubleshooting Build Report for more information. - Use the following Renviron settings to reproduce errors and warnings. - If 'R CMD check' started to fail recently on the Linux builder(s) over a missing dependency, add the missing dependency to 'Suggests:' in your DESCRIPTION file. See Renviron.bioc for more information. - See Martin Grigorov's blog post for how to debug Linux ARM64 related issues on a x86_64 host. |
Package: GWENA |
Version: 1.13.0 |
Command: /home/biocbuild/R/R-4.4-devel-2024.03.20/bin/R CMD check --install=check:GWENA.install-out.txt --library=/home/biocbuild/R/R-4.4-devel-2024.03.20/site-library --no-vignettes --timings GWENA_1.13.0.tar.gz |
StartedAt: 2024-03-28 06:02:58 -0000 (Thu, 28 Mar 2024) |
EndedAt: 2024-03-28 06:17:10 -0000 (Thu, 28 Mar 2024) |
EllapsedTime: 852.5 seconds |
RetCode: 0 |
Status: WARNINGS |
CheckDir: GWENA.Rcheck |
Warnings: 2 |
############################################################################## ############################################################################## ### ### Running command: ### ### /home/biocbuild/R/R-4.4-devel-2024.03.20/bin/R CMD check --install=check:GWENA.install-out.txt --library=/home/biocbuild/R/R-4.4-devel-2024.03.20/site-library --no-vignettes --timings GWENA_1.13.0.tar.gz ### ############################################################################## ############################################################################## * using log directory ‘/home/biocbuild/bbs-3.19-bioc/meat/GWENA.Rcheck’ * using R Under development (unstable) (2024-03-19 r86153) * using platform: aarch64-unknown-linux-gnu * R was compiled by gcc (GCC) 10.3.1 GNU Fortran (GCC) 10.3.1 * running under: openEuler 22.03 (LTS-SP1) * using session charset: UTF-8 * using option ‘--no-vignettes’ * checking for file ‘GWENA/DESCRIPTION’ ... OK * this is package ‘GWENA’ version ‘1.13.0’ * package encoding: UTF-8 * checking package namespace information ... OK * checking package dependencies ... OK * checking if this is a source package ... OK * checking if there is a namespace ... OK * checking for hidden files and directories ... OK * checking for portable file names ... OK * checking for sufficient/correct file permissions ... OK * checking whether package ‘GWENA’ can be installed ... WARNING Found the following significant warnings: Warning: bad markup (extra space?) at compare_conditions.Rd:91:72 Warning: bad markup (extra space?) at compare_conditions.Rd:96:77 Warning: bad markup (extra space?) at compare_conditions.Rd:98:74 Warning: bad markup (extra space?) at compare_conditions.Rd:100:69 See ‘/home/biocbuild/bbs-3.19-bioc/meat/GWENA.Rcheck/00install.out’ for details. * checking installed package size ... OK * checking package directory ... OK * checking ‘build’ directory ... OK * checking DESCRIPTION meta-information ... OK * checking top-level files ... OK * checking for left-over files ... OK * checking index information ... OK * checking package subdirectories ... NOTE Problems with news in ‘NEWS.md’: No news entries found. * checking code files for non-ASCII characters ... OK * checking R files for syntax errors ... OK * checking whether the package can be loaded ... OK * checking whether the package can be loaded with stated dependencies ... OK * checking whether the package can be unloaded cleanly ... OK * checking whether the namespace can be loaded with stated dependencies ... OK * checking whether the namespace can be unloaded cleanly ... OK * checking loading without being on the library search path ... OK * checking dependencies in R code ... OK * checking S3 generic/method consistency ... OK * checking replacement functions ... OK * checking foreign function calls ... OK * checking R code for possible problems ... OK * checking Rd files ... WARNING prepare_Rd: bad markup (extra space?) at compare_conditions.Rd:91:72 prepare_Rd: bad markup (extra space?) at compare_conditions.Rd:96:77 prepare_Rd: bad markup (extra space?) at compare_conditions.Rd:98:74 prepare_Rd: bad markup (extra space?) at compare_conditions.Rd:100:69 * checking Rd metadata ... OK * checking Rd cross-references ... OK * checking for missing documentation entries ... OK * checking for code/documentation mismatches ... OK * checking Rd \usage sections ... OK * checking Rd contents ... OK * checking for unstated dependencies in examples ... OK * checking contents of ‘data’ directory ... OK * checking data for non-ASCII characters ... OK * checking LazyData ... OK * checking data for ASCII and uncompressed saves ... OK * checking files in ‘vignettes’ ... OK * checking examples ... OK Examples with CPU (user + system) or elapsed time > 5s user system elapsed z_summary 15.850 0.112 17.662 compare_conditions 10.294 0.226 11.603 plot_enrichment 1.577 0.048 14.946 bio_enrich 0.284 0.012 26.739 * checking for unstated dependencies in ‘tests’ ... OK * checking tests ... Running ‘testthat.R’ OK * checking for unstated dependencies in vignettes ... OK * checking package vignettes ... OK * checking running R code from vignettes ... SKIPPED * checking re-building of vignette outputs ... SKIPPED * checking PDF version of manual ... OK * DONE Status: 2 WARNINGs, 1 NOTE See ‘/home/biocbuild/bbs-3.19-bioc/meat/GWENA.Rcheck/00check.log’ for details.
GWENA.Rcheck/00install.out
############################################################################## ############################################################################## ### ### Running command: ### ### /home/biocbuild/R/R-4.4-devel-2024.03.20/bin/R CMD INSTALL GWENA ### ############################################################################## ############################################################################## * installing to library ‘/home/biocbuild/R/R-4.4-devel-2024.03.20/site-library’ * installing *source* package ‘GWENA’ ... ** using staged installation ** R ** data *** moving datasets to lazyload DB ** inst ** byte-compile and prepare package for lazy loading ** help Warning: bad markup (extra space?) at compare_conditions.Rd:91:72 Warning: bad markup (extra space?) at compare_conditions.Rd:96:77 Warning: bad markup (extra space?) at compare_conditions.Rd:98:74 Warning: bad markup (extra space?) at compare_conditions.Rd:100:69 *** installing help indices ** building package indices ** installing vignettes ** testing if installed package can be loaded from temporary location ** testing if installed package can be loaded from final location ** testing if installed package keeps a record of temporary installation path * DONE (GWENA)
GWENA.Rcheck/tests/testthat.Rout
R Under development (unstable) (2024-03-19 r86153) -- "Unsuffered Consequences" Copyright (C) 2024 The R Foundation for Statistical Computing Platform: aarch64-unknown-linux-gnu R is free software and comes with ABSOLUTELY NO WARRANTY. You are welcome to redistribute it under certain conditions. Type 'license()' or 'licence()' for distribution details. R is a collaborative project with many contributors. Type 'contributors()' for more information and 'citation()' on how to cite R or R packages in publications. Type 'demo()' for some demos, 'help()' for on-line help, or 'help.start()' for an HTML browser interface to help. Type 'q()' to quit R. > library(testthat) > library(GWENA) > > test_check("GWENA") [ FAIL 0 | WARN 0 | SKIP 0 | PASS 278 ] > > proc.time() user system elapsed 545.250 6.603 442.410
GWENA.Rcheck/GWENA-Ex.timings
name | user | system | elapsed | |
associate_phenotype | 0.024 | 0.004 | 0.028 | |
bio_enrich | 0.284 | 0.012 | 26.739 | |
build_graph_from_sq_mat | 0.295 | 0.004 | 0.301 | |
build_net | 3.759 | 0.164 | 3.977 | |
compare_conditions | 10.294 | 0.226 | 11.603 | |
detect_modules | 2.087 | 0.073 | 2.193 | |
filter_RNA_seq | 0.002 | 0.000 | 0.001 | |
filter_low_var | 0.012 | 0.000 | 0.012 | |
get_fit.cor | 0.934 | 0.015 | 0.959 | |
get_fit.expr | 0.930 | 0.012 | 0.950 | |
get_hub_degree | 0.121 | 0.000 | 0.123 | |
get_hub_genes | 0.001 | 0.000 | 0.001 | |
get_hub_high_co | 0.001 | 0.000 | 0.001 | |
get_hub_kleinberg | 0.236 | 0.003 | 0.241 | |
get_sub_clusters | 2.082 | 0.054 | 2.151 | |
is_data_expr | 0.001 | 0.000 | 0.000 | |
is_gost | 0.023 | 0.008 | 3.385 | |
is_module | 0.001 | 0.000 | 0.000 | |
is_network | 0.001 | 0.000 | 0.000 | |
join_gost | 0.022 | 0.004 | 2.992 | |
plot_comparison_stats | 0.295 | 0.004 | 0.299 | |
plot_enrichment | 1.577 | 0.048 | 14.946 | |
plot_expression_profiles | 3.232 | 0.024 | 3.263 | |
plot_module | 0.220 | 0.000 | 0.221 | |
plot_modules_merge | 2.227 | 0.052 | 2.283 | |
plot_modules_phenotype | 0.581 | 0.000 | 0.583 | |
z_summary | 15.850 | 0.112 | 17.662 | |