Back to Multiple platform build/check report for BioC 3.19: simplified long |
|
This page was generated on 2024-03-27 11:39:24 -0400 (Wed, 27 Mar 2024).
Hostname | OS | Arch (*) | R version | Installed pkgs |
---|---|---|---|---|
nebbiolo1 | Linux (Ubuntu 22.04.3 LTS) | x86_64 | R Under development (unstable) (2024-03-18 r86148) -- "Unsuffered Consequences" | 4698 |
palomino3 | Windows Server 2022 Datacenter | x64 | R Under development (unstable) (2024-03-16 r86144 ucrt) -- "Unsuffered Consequences" | 4436 |
lconway | macOS 12.7.1 Monterey | x86_64 | R Under development (unstable) (2024-03-18 r86148) -- "Unsuffered Consequences" | 4461 |
kunpeng2 | Linux (openEuler 22.03 LTS-SP1) | aarch64 | R Under development (unstable) (2024-03-19 r86153) -- "Unsuffered Consequences" | 4376 |
Click on any hostname to see more info about the system (e.g. compilers) (*) as reported by 'uname -p', except on Windows and Mac OS X |
Package 706/2264 | Hostname | OS / Arch | INSTALL | BUILD | CHECK | BUILD BIN | ||||||||
FELLA 1.23.0 (landing page) Sergio Picart-Armada
| nebbiolo1 | Linux (Ubuntu 22.04.3 LTS) / x86_64 | OK | OK | OK | |||||||||
palomino3 | Windows Server 2022 Datacenter / x64 | OK | OK | OK | OK | |||||||||
lconway | macOS 12.7.1 Monterey / x86_64 | OK | ERROR | skipped | skipped | |||||||||
kunpeng2 | Linux (openEuler 22.03 LTS-SP1) / aarch64 | OK | TIMEOUT | skipped | ||||||||||
To the developers/maintainers of the FELLA package: - Allow up to 24 hours (and sometimes 48 hours) for your latest push to git@git.bioconductor.org:packages/FELLA.git to reflect on this report. See Troubleshooting Build Report for more information. - Use the following Renviron settings to reproduce errors and warnings. - If 'R CMD check' started to fail recently on the Linux builder(s) over a missing dependency, add the missing dependency to 'Suggests:' in your DESCRIPTION file. See Renviron.bioc for more information. |
Package: FELLA |
Version: 1.23.0 |
Command: /Library/Frameworks/R.framework/Resources/bin/R CMD build --keep-empty-dirs --no-resave-data FELLA |
StartedAt: 2024-03-26 16:40:04 -0400 (Tue, 26 Mar 2024) |
EndedAt: 2024-03-26 17:13:17 -0400 (Tue, 26 Mar 2024) |
EllapsedTime: 1992.9 seconds |
RetCode: 1 |
Status: ERROR |
PackageFile: None |
PackageFileSize: NA |
############################################################################## ############################################################################## ### ### Running command: ### ### /Library/Frameworks/R.framework/Resources/bin/R CMD build --keep-empty-dirs --no-resave-data FELLA ### ############################################################################## ############################################################################## * checking for file ‘FELLA/DESCRIPTION’ ... OK * preparing ‘FELLA’: * checking DESCRIPTION meta-information ... OK * installing the package to build vignettes * creating vignettes ... ERROR --- re-building ‘musmusculus.Rmd’ using rmarkdown Warning: LaTeX Warning: You have requested package `/Library/Frameworks/R.framework/Vers Warning: ions/4.4-x86_64/Resources/library/BiocStyle/resources/tex/Bioconductor', Warning: but the package provides `Bioconductor'. --- finished re-building ‘musmusculus.Rmd’ --- re-building ‘quickstart.Rmd’ using rmarkdown 2024-03-26 16:47:36.889 R[65042:1347466906] XType: com.apple.fonts is not accessible. 2024-03-26 16:47:36.889 R[65042:1347466906] XType: XTFontStaticRegistry is enabled. --- finished re-building ‘quickstart.Rmd’ --- re-building ‘zebrafish.Rmd’ using rmarkdown Warning: LaTeX Warning: You have requested package `/Library/Frameworks/R.framework/Vers Warning: ions/4.4-x86_64/Resources/library/BiocStyle/resources/tex/Bioconductor', Warning: but the package provides `Bioconductor'. --- finished re-building ‘zebrafish.Rmd’ --- re-building ‘FELLA.Rnw’ using Sweave Building through KEGGREST... Available gene annotations: ncbi-geneid, ncbi-proteinid. Using ncbi-geneid Done. Building graph... Filtering 5 pathways. Done. Pruning graph... Current weight: 1 out of 4... Current weight: 2 out of 4... Current weight: 3 out of 4... Current weight: 4 out of 4... Done. Computing probabilities for random subgraphs... (this may take a while) Directory /tmp/RtmpABn7Fs/my_database does not exist. Creating it... Done. Done. Computing diffusion.matrix... (this may take a while and use some memory) Warning in asMethod(object) : sparse->dense coercion: allocating vector of size 1.1 GiB Done Computing diffusion.rowSums... Done. Loading KEGG graph data... Done. Loading hypergeom data... Loading matrix... 'hypergeom.matrix.RData' not present in:/tmp/RtmpABn7Fs/my_database/hypergeom.matrix.RData. Hypergeometric test won't execute. Done. Loading diffusion data... Loading matrix... Done. Loading rowSums... Done. Loading pagerank data... Loading matrix... 'pagerank.matrix.RData' not loaded. Simulated permutations may execute slower for pagerank. Done. Loading rowSums... 'pagerank.rowSums.RData' not present in:/tmp/RtmpABn7Fs/my_database/pagerank.rowSums.RData. Z-scores won't be available for pagerank. Done. Data successfully loaded. No background compounds specified. Default background will be used. Warning in defineCompounds(compounds = compounds.epithelial, data = fella.data) : Some compounds were introduced as affected but they do not belong to the background. These compounds will be excluded from the analysis. Use 'getExcluded' to see them. Running diffusion... Computing p-scores through the specified distribution. Done. 282 nodes below the threshold have been limited to 150 nodes. 282 nodes below the threshold have been limited to 150 nodes. Warning in (function (OrgDb = NULL, annoDb = NULL, keytype = "ENTREZID", : use 'annoDb' instead of 'OrgDb' preparing gene to GO mapping data... preparing IC data... Writing diffusion results... Done. Writing diffusion enzymes... Error: processing vignette 'FELLA.Rnw' failed with diagnostics: chunk 18 (label = 04_enzyme) Error in httr2::req_perform(req) : Failed to perform HTTP request. Caused by error in `curl::curl_fetch_memory()`: ! transfer closed with outstanding read data remaining --- failed re-building ‘FELLA.Rnw’ SUMMARY: processing the following file failed: ‘FELLA.Rnw’ Error: Vignette re-building failed. Execution halted