Back to Multiple platform build/check report for BioC 3.17:   simplified   long
ABCDEFGHIJKLMNO[P]QRSTUVWXYZ

This page was generated on 2023-03-27 11:06:03 -0400 (Mon, 27 Mar 2023).

HostnameOSArch (*)R versionInstalled pkgs
nebbiolo1Linux (Ubuntu 22.04.1 LTS)x86_64R Under development (unstable) (2023-03-16 r83996) -- "Unsuffered Consequences" 4547
palomino3Windows Server 2022 Datacenterx64R Under development (unstable) (2023-03-15 r83984 ucrt) -- "Unsuffered Consequences" 4308
merida1macOS 10.14.6 Mojavex86_64R Under development (unstable) (2023-03-16 r83985) -- "Unsuffered Consequences" 4300
Click on any hostname to see more info about the system (e.g. compilers)      (*) as reported by 'uname -p', except on Windows and Mac OS X

CHECK results for plyranges on palomino3


To the developers/maintainers of the plyranges package:
- Please allow up to 24 hours (and sometimes 48 hours) for your latest push to git@git.bioconductor.org:packages/plyranges.git to
reflect on this report. See How and When does the builder pull? When will my changes propagate? for more information.
- Make sure to use the following settings in order to reproduce any error or warning you see on this page.

raw results

Package 1514/2195HostnameOS / ArchINSTALLBUILDCHECKBUILD BIN
plyranges 1.19.0  (landing page)
Stuart Lee
Snapshot Date: 2023-03-26 14:00:09 -0400 (Sun, 26 Mar 2023)
git_url: https://git.bioconductor.org/packages/plyranges
git_branch: devel
git_last_commit: 932ef74
git_last_commit_date: 2022-11-01 11:17:28 -0400 (Tue, 01 Nov 2022)
nebbiolo1Linux (Ubuntu 22.04.1 LTS) / x86_64  OK    OK    WARNINGS  UNNEEDED, same version is already published
palomino3Windows Server 2022 Datacenter / x64  OK    OK    WARNINGS    OK  UNNEEDED, same version is already published
merida1macOS 10.14.6 Mojave / x86_64  OK    OK    WARNINGS    OK  UNNEEDED, same version is already published

Summary

Package: plyranges
Version: 1.19.0
Command: F:\biocbuild\bbs-3.17-bioc\R\bin\R.exe CMD check --no-multiarch --install=check:plyranges.install-out.txt --library=F:\biocbuild\bbs-3.17-bioc\R\library --no-vignettes --timings plyranges_1.19.0.tar.gz
StartedAt: 2023-03-27 05:05:48 -0400 (Mon, 27 Mar 2023)
EndedAt: 2023-03-27 05:10:32 -0400 (Mon, 27 Mar 2023)
EllapsedTime: 283.3 seconds
RetCode: 0
Status:   WARNINGS  
CheckDir: plyranges.Rcheck
Warnings: 2

Command output

##############################################################################
##############################################################################
###
### Running command:
###
###   F:\biocbuild\bbs-3.17-bioc\R\bin\R.exe CMD check --no-multiarch --install=check:plyranges.install-out.txt --library=F:\biocbuild\bbs-3.17-bioc\R\library --no-vignettes --timings plyranges_1.19.0.tar.gz
###
##############################################################################
##############################################################################


* using log directory 'F:/biocbuild/bbs-3.17-bioc/meat/plyranges.Rcheck'
* using R Under development (unstable) (2023-03-15 r83984 ucrt)
* using platform: x86_64-w64-mingw32 (64-bit)
* R was compiled by
    gcc.exe (GCC) 12.2.0
    GNU Fortran (GCC) 12.2.0
* running under: Windows Server 2022 x64 (build 20348)
* using session charset: UTF-8
* using option '--no-vignettes'
* checking for file 'plyranges/DESCRIPTION' ... OK
* checking extension type ... Package
* this is package 'plyranges' version '1.19.0'
* package encoding: UTF-8
* checking package namespace information ... OK
* checking package dependencies ... OK
* checking if this is a source package ... OK
* checking if there is a namespace ... OK
* checking for hidden files and directories ... OK
* checking for portable file names ... OK
* checking whether package 'plyranges' can be installed ... OK
* checking installed package size ... OK
* checking package directory ... OK
* checking 'build' directory ... OK
* checking DESCRIPTION meta-information ... OK
* checking top-level files ... OK
* checking for left-over files ... OK
* checking index information ... OK
* checking package subdirectories ... OK
* checking R files for non-ASCII characters ... OK
* checking R files for syntax errors ... OK
* checking whether the package can be loaded ... OK
* checking whether the package can be loaded with stated dependencies ... OK
* checking whether the package can be unloaded cleanly ... OK
* checking whether the namespace can be loaded with stated dependencies ... OK
* checking whether the namespace can be unloaded cleanly ... OK
* checking dependencies in R code ... OK
* checking S3 generic/method consistency ... WARNING
group_split:
  function(.tbl, ..., .keep)
group_split.GroupedGenomicRanges:
  function(.data, ..., keep)

group_split:
  function(.tbl, ..., .keep)
group_split.GroupedIntegerRanges:
  function(.data, ..., keep)

group_split:
  function(.tbl, ..., .keep)
group_split.Ranges:
  function(.data, ..., keep)

group_keys:
  function(.tbl, ...)
group_keys.Ranges:
  function(.data, ...)

group_keys:
  function(.tbl, ...)
group_keys.GroupedGenomicRanges:
  function(.data, ...)

group_keys:
  function(.tbl, ...)
group_keys.GroupedIntegerRanges:
  function(.data, ...)
See section 'Generic functions and methods' in the 'Writing R
Extensions' manual.
* checking replacement functions ... OK
* checking foreign function calls ... OK
* checking R code for possible problems ... OK
* checking Rd files ... OK
* checking Rd metadata ... OK
* checking Rd cross-references ... WARNING
Missing link or links in documentation object 'ranges-info.Rd':
  '[GenomeInfoDb:fetchExtendedChromInfoFromUCSC]{GenomeInfoDb::fetchExtendedChromInfoFromUCSC()}'

See section 'Cross-references' in the 'Writing R Extensions' manual.
* checking for missing documentation entries ... OK
* checking for code/documentation mismatches ... OK
* checking Rd \usage sections ... OK
* checking Rd contents ... OK
* checking for unstated dependencies in examples ... OK
* checking files in 'vignettes' ... OK
* checking examples ... OK
* checking for unstated dependencies in 'tests' ... OK
* checking tests ...
  Running 'testthat.R'
 OK
* checking for unstated dependencies in vignettes ... OK
* checking package vignettes in 'inst/doc' ... OK
* checking running R code from vignettes ... SKIPPED
* checking re-building of vignette outputs ... SKIPPED
* checking PDF version of manual ... OK
* DONE

Status: 2 WARNINGs
See
  'F:/biocbuild/bbs-3.17-bioc/meat/plyranges.Rcheck/00check.log'
for details.



Installation output

plyranges.Rcheck/00install.out

##############################################################################
##############################################################################
###
### Running command:
###
###   F:\biocbuild\bbs-3.17-bioc\R\bin\R.exe CMD INSTALL plyranges
###
##############################################################################
##############################################################################


* installing to library 'F:/biocbuild/bbs-3.17-bioc/R/library'
* installing *source* package 'plyranges' ...
** using staged installation
** R
** inst
** byte-compile and prepare package for lazy loading
** help
*** installing help indices
*** copying figures
** building package indices
** installing vignettes
** testing if installed package can be loaded from temporary location
** testing if installed package can be loaded from final location
** testing if installed package keeps a record of temporary installation path
* DONE (plyranges)

Tests output

plyranges.Rcheck/tests/testthat.Rout


R Under development (unstable) (2023-03-15 r83984 ucrt) -- "Unsuffered Consequences"
Copyright (C) 2023 The R Foundation for Statistical Computing
Platform: x86_64-w64-mingw32/x64 (64-bit)

R is free software and comes with ABSOLUTELY NO WARRANTY.
You are welcome to redistribute it under certain conditions.
Type 'license()' or 'licence()' for distribution details.

R is a collaborative project with many contributors.
Type 'contributors()' for more information and
'citation()' on how to cite R or R packages in publications.

Type 'demo()' for some demos, 'help()' for on-line help, or
'help.start()' for an HTML browser interface to help.
Type 'q()' to quit R.

> library(testthat)
> library(plyranges)
Loading required package: BiocGenerics

Attaching package: 'BiocGenerics'

The following objects are masked from 'package:stats':

    IQR, mad, sd, var, xtabs

The following objects are masked from 'package:base':

    Filter, Find, Map, Position, Reduce, anyDuplicated, aperm, append,
    as.data.frame, basename, cbind, colnames, dirname, do.call,
    duplicated, eval, evalq, get, grep, grepl, intersect, is.unsorted,
    lapply, mapply, match, mget, order, paste, pmax, pmax.int, pmin,
    pmin.int, rank, rbind, rownames, sapply, setdiff, sort, table,
    tapply, union, unique, unsplit, which.max, which.min

Loading required package: IRanges
Loading required package: S4Vectors
Loading required package: stats4

Attaching package: 'S4Vectors'

The following objects are masked from 'package:base':

    I, expand.grid, unname


Attaching package: 'IRanges'

The following object is masked from 'package:grDevices':

    windows

Loading required package: GenomicRanges
Loading required package: GenomeInfoDb

Attaching package: 'plyranges'

The following object is masked from 'package:IRanges':

    slice

The following object is masked from 'package:stats':

    filter

> 
> test_check("plyranges")
[ FAIL 0 | WARN 8 | SKIP 2 | PASS 383 ]

══ Skipped tests ═══════════════════════════════════════════════════════════════
• On Windows (2)

[ FAIL 0 | WARN 8 | SKIP 2 | PASS 383 ]
> 
> proc.time()
   user  system elapsed 
  46.29    2.81   49.21 

Example timings

plyranges.Rcheck/plyranges-Ex.timings

nameusersystemelapsed
add-nearest-distance0.350.000.34
as_ranges0.090.000.10
compute_coverage0.010.000.02
element-setops0.090.010.11
filter-ranges0.480.110.60
group_by-ranges0.330.020.34
io-bam-read0.630.030.71
io-bed-read3.451.084.59
io-bed-write000
io-bigwig-read000
io-bigwig-write000
io-gff-read0.340.030.39
io-gff-write000
io-wig-read0.320.000.31
mutate-ranges0.730.000.74
n0.250.000.25
n_distinct0.020.000.01
overlap-joins0.200.000.21
ranges-anchor0.110.000.10
ranges-arrange0.030.000.03
ranges-bind0.150.020.17
ranges-chop0.330.000.33
ranges-construct0.080.010.10
ranges-count-overlaps0.050.000.04
ranges-disjoin0.780.020.80
ranges-expand0.510.010.53
ranges-filter-overlaps0.080.000.08
ranges-flank0.080.000.08
ranges-follow0.140.000.14
ranges-info0.050.000.04
ranges-interweave0.120.000.13
ranges-names0.100.020.11
ranges-nearest0.390.000.39
ranges-overlaps-self0.110.000.11
ranges-overlaps0.140.000.14
ranges-pairs0.330.000.33
ranges-precede0.120.000.13
ranges-reduce0.830.000.83
ranges-select0.090.000.10
ranges-setops0.740.010.75
ranges-shift0.140.000.14
ranges-summarise0.120.000.12
ranges-tile0.100.000.09
slice-ranges0.500.020.52
stretch0.170.000.17