Back to Multiple platform build/check report for BioC 3.17:   simplified   long
ABCDEFGHIJKLMNO[P]QRSTUVWXYZ

This page was generated on 2023-03-31 11:02:49 -0400 (Fri, 31 Mar 2023).

HostnameOSArch (*)R versionInstalled pkgs
nebbiolo1Linux (Ubuntu 22.04.1 LTS)x86_64R Under development (unstable) (2023-03-16 r83996) -- "Unsuffered Consequences" 4547
palomino3Windows Server 2022 Datacenterx64R Under development (unstable) (2023-03-15 r83984 ucrt) -- "Unsuffered Consequences" 4308
Click on any hostname to see more info about the system (e.g. compilers)      (*) as reported by 'uname -p', except on Windows and Mac OS X

CHECK results for plyranges on nebbiolo1


To the developers/maintainers of the plyranges package:
- Allow up to 24 hours (and sometimes 48 hours) for your latest push to git@git.bioconductor.org:packages/plyranges.git to reflect on this report. See Troubleshooting Build Report for more information.

- Use the following Renviron settings to reproduce errors and warnings.

Note: If "R CMD check" recently failed on the Linux builder over a missing dependency, add the missing dependency to "Suggests" in your DESCRIPTION file. See the Renviron.bioc for details.

raw results

Package 1514/2195HostnameOS / ArchINSTALLBUILDCHECKBUILD BIN
plyranges 1.19.0  (landing page)
Stuart Lee
Snapshot Date: 2023-03-30 14:00:16 -0400 (Thu, 30 Mar 2023)
git_url: https://git.bioconductor.org/packages/plyranges
git_branch: devel
git_last_commit: 932ef74
git_last_commit_date: 2022-11-01 11:17:28 -0400 (Tue, 01 Nov 2022)
nebbiolo1Linux (Ubuntu 22.04.1 LTS) / x86_64  OK    OK    WARNINGS  UNNEEDED, same version is already published
palomino3Windows Server 2022 Datacenter / x64  OK    OK    WARNINGS    OK  UNNEEDED, same version is already published

Summary

Package: plyranges
Version: 1.19.0
Command: /home/biocbuild/bbs-3.17-bioc/R/bin/R CMD check --install=check:plyranges.install-out.txt --library=/home/biocbuild/bbs-3.17-bioc/R/site-library --timings plyranges_1.19.0.tar.gz
StartedAt: 2023-03-30 22:35:31 -0400 (Thu, 30 Mar 2023)
EndedAt: 2023-03-30 22:41:50 -0400 (Thu, 30 Mar 2023)
EllapsedTime: 379.1 seconds
RetCode: 0
Status:   WARNINGS  
CheckDir: plyranges.Rcheck
Warnings: 2

Command output

##############################################################################
##############################################################################
###
### Running command:
###
###   /home/biocbuild/bbs-3.17-bioc/R/bin/R CMD check --install=check:plyranges.install-out.txt --library=/home/biocbuild/bbs-3.17-bioc/R/site-library --timings plyranges_1.19.0.tar.gz
###
##############################################################################
##############################################################################


* using log directory ‘/home/biocbuild/bbs-3.17-bioc/meat/plyranges.Rcheck’
* using R Under development (unstable) (2023-03-16 r83996)
* using platform: x86_64-pc-linux-gnu (64-bit)
* R was compiled by
    gcc (Ubuntu 11.3.0-1ubuntu1~22.04) 11.3.0
    GNU Fortran (Ubuntu 11.3.0-1ubuntu1~22.04) 11.3.0
* running under: Ubuntu 22.04.2 LTS
* using session charset: UTF-8
* checking for file ‘plyranges/DESCRIPTION’ ... OK
* checking extension type ... Package
* this is package ‘plyranges’ version ‘1.19.0’
* package encoding: UTF-8
* checking package namespace information ... OK
* checking package dependencies ... OK
* checking if this is a source package ... OK
* checking if there is a namespace ... OK
* checking for hidden files and directories ... OK
* checking for portable file names ... OK
* checking for sufficient/correct file permissions ... OK
* checking whether package ‘plyranges’ can be installed ... OK
* checking installed package size ... OK
* checking package directory ... OK
* checking ‘build’ directory ... OK
* checking DESCRIPTION meta-information ... OK
* checking top-level files ... OK
* checking for left-over files ... OK
* checking index information ... OK
* checking package subdirectories ... OK
* checking R files for non-ASCII characters ... OK
* checking R files for syntax errors ... OK
* checking whether the package can be loaded ... OK
* checking whether the package can be loaded with stated dependencies ... OK
* checking whether the package can be unloaded cleanly ... OK
* checking whether the namespace can be loaded with stated dependencies ... OK
* checking whether the namespace can be unloaded cleanly ... OK
* checking loading without being on the library search path ... OK
* checking dependencies in R code ... OK
* checking S3 generic/method consistency ... WARNING
group_split:
  function(.tbl, ..., .keep)
group_split.GroupedGenomicRanges:
  function(.data, ..., keep)

group_split:
  function(.tbl, ..., .keep)
group_split.GroupedIntegerRanges:
  function(.data, ..., keep)

group_split:
  function(.tbl, ..., .keep)
group_split.Ranges:
  function(.data, ..., keep)

group_keys:
  function(.tbl, ...)
group_keys.Ranges:
  function(.data, ...)

group_keys:
  function(.tbl, ...)
group_keys.GroupedGenomicRanges:
  function(.data, ...)

group_keys:
  function(.tbl, ...)
group_keys.GroupedIntegerRanges:
  function(.data, ...)
See section ‘Generic functions and methods’ in the ‘Writing R
Extensions’ manual.
* checking replacement functions ... OK
* checking foreign function calls ... OK
* checking R code for possible problems ... OK
* checking Rd files ... OK
* checking Rd metadata ... OK
* checking Rd cross-references ... WARNING
Missing link or links in documentation object 'ranges-info.Rd':
  ‘[GenomeInfoDb:fetchExtendedChromInfoFromUCSC]{GenomeInfoDb::fetchExtendedChromInfoFromUCSC()}’

See section 'Cross-references' in the 'Writing R Extensions' manual.
* checking for missing documentation entries ... OK
* checking for code/documentation mismatches ... OK
* checking Rd \usage sections ... OK
* checking Rd contents ... OK
* checking for unstated dependencies in examples ... OK
* checking files in ‘vignettes’ ... OK
* checking examples ... OK
* checking for unstated dependencies in ‘tests’ ... OK
* checking tests ...
  Running ‘testthat.R’
 OK
* checking for unstated dependencies in vignettes ... OK
* checking package vignettes in ‘inst/doc’ ... OK
* checking running R code from vignettes ...
  ‘an-introduction.Rmd’ using ‘UTF-8’... OK
 NONE
* checking re-building of vignette outputs ... OK
* checking PDF version of manual ... OK
* DONE

Status: 2 WARNINGs
See
  ‘/home/biocbuild/bbs-3.17-bioc/meat/plyranges.Rcheck/00check.log’
for details.



Installation output

plyranges.Rcheck/00install.out

##############################################################################
##############################################################################
###
### Running command:
###
###   /home/biocbuild/bbs-3.17-bioc/R/bin/R CMD INSTALL plyranges
###
##############################################################################
##############################################################################


* installing to library ‘/home/biocbuild/bbs-3.17-bioc/R/site-library’
* installing *source* package ‘plyranges’ ...
** using staged installation
** R
** inst
** byte-compile and prepare package for lazy loading
** help
*** installing help indices
*** copying figures
** building package indices
** installing vignettes
** testing if installed package can be loaded from temporary location
** testing if installed package can be loaded from final location
** testing if installed package keeps a record of temporary installation path
* DONE (plyranges)

Tests output

plyranges.Rcheck/tests/testthat.Rout


R Under development (unstable) (2023-03-16 r83996) -- "Unsuffered Consequences"
Copyright (C) 2023 The R Foundation for Statistical Computing
Platform: x86_64-pc-linux-gnu (64-bit)

R is free software and comes with ABSOLUTELY NO WARRANTY.
You are welcome to redistribute it under certain conditions.
Type 'license()' or 'licence()' for distribution details.

R is a collaborative project with many contributors.
Type 'contributors()' for more information and
'citation()' on how to cite R or R packages in publications.

Type 'demo()' for some demos, 'help()' for on-line help, or
'help.start()' for an HTML browser interface to help.
Type 'q()' to quit R.

> library(testthat)
> library(plyranges)
Loading required package: BiocGenerics

Attaching package: 'BiocGenerics'

The following objects are masked from 'package:stats':

    IQR, mad, sd, var, xtabs

The following objects are masked from 'package:base':

    Filter, Find, Map, Position, Reduce, anyDuplicated, aperm, append,
    as.data.frame, basename, cbind, colnames, dirname, do.call,
    duplicated, eval, evalq, get, grep, grepl, intersect, is.unsorted,
    lapply, mapply, match, mget, order, paste, pmax, pmax.int, pmin,
    pmin.int, rank, rbind, rownames, sapply, setdiff, sort, table,
    tapply, union, unique, unsplit, which.max, which.min

Loading required package: IRanges
Loading required package: S4Vectors
Loading required package: stats4

Attaching package: 'S4Vectors'

The following objects are masked from 'package:base':

    I, expand.grid, unname

Loading required package: GenomicRanges
Loading required package: GenomeInfoDb

Attaching package: 'plyranges'

The following object is masked from 'package:IRanges':

    slice

The following object is masked from 'package:stats':

    filter

> 
> test_check("plyranges")
[ FAIL 0 | WARN 8 | SKIP 0 | PASS 390 ]

[ FAIL 0 | WARN 8 | SKIP 0 | PASS 390 ]
> 
> proc.time()
   user  system elapsed 
 47.654   1.347  48.994 

Example timings

plyranges.Rcheck/plyranges-Ex.timings

nameusersystemelapsed
add-nearest-distance0.3670.0270.395
as_ranges0.0810.0190.101
compute_coverage0.0150.0030.019
element-setops0.1090.0130.120
filter-ranges0.5580.0470.606
group_by-ranges0.3070.0160.323
io-bam-read1.6760.1161.795
io-bed-read1.0060.0271.035
io-bed-write000
io-bigwig-read0.1000.0000.101
io-bigwig-write0.0000.0000.001
io-gff-read0.3330.0040.337
io-gff-write000
io-wig-read0.2780.0110.291
mutate-ranges0.7050.0720.777
n0.2400.0040.244
n_distinct0.030.000.03
overlap-joins0.1870.0000.188
ranges-anchor0.1000.0000.101
ranges-arrange0.0480.0000.048
ranges-bind0.1650.0070.172
ranges-chop0.3230.0120.335
ranges-construct0.1000.0000.101
ranges-count-overlaps0.0620.0080.070
ranges-disjoin0.7300.0120.743
ranges-expand0.5050.0160.521
ranges-filter-overlaps0.0690.0040.073
ranges-flank0.0910.0080.099
ranges-follow0.1610.0000.160
ranges-info0.0700.0120.081
ranges-interweave0.1410.0130.154
ranges-names0.1170.0140.132
ranges-nearest0.4230.0050.429
ranges-overlaps-self0.1310.0000.131
ranges-overlaps0.1910.0000.191
ranges-pairs0.3590.0080.367
ranges-precede0.1480.0000.148
ranges-reduce0.7950.0160.811
ranges-select0.0880.0040.092
ranges-setops0.7090.0040.713
ranges-shift0.1380.0000.138
ranges-summarise0.140.000.14
ranges-tile0.0810.0000.081
slice-ranges0.6080.0000.608
stretch0.2370.0080.245