Back to Multiple platform build/check report for BioC 3.17:   simplified   long
ABCDEFGHIJKLMNO[P]QRSTUVWXYZ

This page was generated on 2023-06-08 11:07:28 -0400 (Thu, 08 Jun 2023).

HostnameOSArch (*)R versionInstalled pkgs
nebbiolo1Linux (Ubuntu 22.04.2 LTS)x86_644.3.0 RC (2023-04-13 r84269) -- "Already Tomorrow" 4628
palomino3Windows Server 2022 Datacenterx644.3.0 RC (2023-04-13 r84269 ucrt) -- "Already Tomorrow" 4379
merida1macOS 12.6.4 Montereyx86_644.3.0 RC (2023-04-13 r84257) -- "Already Tomorrow" 4385
Click on any hostname to see more info about the system (e.g. compilers)      (*) as reported by 'uname -p', except on Windows and Mac OS X

CHECK results for plyranges on merida1


To the developers/maintainers of the plyranges package:
- Allow up to 24 hours (and sometimes 48 hours) for your latest push to git@git.bioconductor.org:packages/plyranges.git to reflect on this report. See Troubleshooting Build Report for more information.
- Use the following Renviron settings to reproduce errors and warnings.
- If 'R CMD check' started to fail recently on the Linux builder(s) over a missing dependency, add the missing dependency to 'Suggests:' in your DESCRIPTION file. See Renviron.bioc for more information.

raw results

Package 1534/2229HostnameOS / ArchINSTALLBUILDCHECKBUILD BIN
plyranges 1.20.0  (landing page)
Stuart Lee
Snapshot Date: 2023-06-07 14:00:16 -0400 (Wed, 07 Jun 2023)
git_url: https://git.bioconductor.org/packages/plyranges
git_branch: RELEASE_3_17
git_last_commit: dd4c068
git_last_commit_date: 2023-04-25 11:00:35 -0400 (Tue, 25 Apr 2023)
nebbiolo1Linux (Ubuntu 22.04.2 LTS) / x86_64  OK    OK    WARNINGS  UNNEEDED, same version is already published
palomino3Windows Server 2022 Datacenter / x64  OK    OK    WARNINGS    OK  UNNEEDED, same version is already published
merida1macOS 12.6.4 Monterey / x86_64  OK    OK    WARNINGS    OK  UNNEEDED, same version is already published

Summary

Package: plyranges
Version: 1.20.0
Command: /Library/Frameworks/R.framework/Resources/bin/R CMD check --install=check:plyranges.install-out.txt --library=/Library/Frameworks/R.framework/Resources/library --no-vignettes --timings plyranges_1.20.0.tar.gz
StartedAt: 2023-06-08 05:21:30 -0400 (Thu, 08 Jun 2023)
EndedAt: 2023-06-08 05:33:13 -0400 (Thu, 08 Jun 2023)
EllapsedTime: 703.6 seconds
RetCode: 0
Status:   WARNINGS  
CheckDir: plyranges.Rcheck
Warnings: 2

Command output

##############################################################################
##############################################################################
###
### Running command:
###
###   /Library/Frameworks/R.framework/Resources/bin/R CMD check --install=check:plyranges.install-out.txt --library=/Library/Frameworks/R.framework/Resources/library --no-vignettes --timings plyranges_1.20.0.tar.gz
###
##############################################################################
##############################################################################


* using log directory ‘/Users/biocbuild/bbs-3.17-bioc/meat/plyranges.Rcheck’
* using R version 4.3.0 RC (2023-04-13 r84257)
* using platform: x86_64-apple-darwin20 (64-bit)
* R was compiled by
    Apple clang version 14.0.3 (clang-1403.0.22.14.1)
    GNU Fortran (GCC) 12.2.0
* running under: macOS Monterey 12.6.4
* using session charset: UTF-8
* using option ‘--no-vignettes’
* checking for file ‘plyranges/DESCRIPTION’ ... OK
* checking extension type ... Package
* this is package ‘plyranges’ version ‘1.20.0’
* package encoding: UTF-8
* checking package namespace information ... OK
* checking package dependencies ... OK
* checking if this is a source package ... OK
* checking if there is a namespace ... OK
* checking for hidden files and directories ... OK
* checking for portable file names ... OK
* checking for sufficient/correct file permissions ... OK
* checking whether package ‘plyranges’ can be installed ... OK
* checking installed package size ... OK
* checking package directory ... OK
* checking ‘build’ directory ... OK
* checking DESCRIPTION meta-information ... OK
* checking top-level files ... OK
* checking for left-over files ... OK
* checking index information ... OK
* checking package subdirectories ... OK
* checking R files for non-ASCII characters ... OK
* checking R files for syntax errors ... OK
* checking whether the package can be loaded ... OK
* checking whether the package can be loaded with stated dependencies ... OK
* checking whether the package can be unloaded cleanly ... OK
* checking whether the namespace can be loaded with stated dependencies ... OK
* checking whether the namespace can be unloaded cleanly ... OK
* checking dependencies in R code ... OK
* checking S3 generic/method consistency ... WARNING
group_split:
  function(.tbl, ..., .keep)
group_split.GroupedGenomicRanges:
  function(.data, ..., keep)

group_split:
  function(.tbl, ..., .keep)
group_split.GroupedIntegerRanges:
  function(.data, ..., keep)

group_split:
  function(.tbl, ..., .keep)
group_split.Ranges:
  function(.data, ..., keep)

group_keys:
  function(.tbl, ...)
group_keys.Ranges:
  function(.data, ...)

group_keys:
  function(.tbl, ...)
group_keys.GroupedGenomicRanges:
  function(.data, ...)

group_keys:
  function(.tbl, ...)
group_keys.GroupedIntegerRanges:
  function(.data, ...)
See section ‘Generic functions and methods’ in the ‘Writing R
Extensions’ manual.
* checking replacement functions ... OK
* checking foreign function calls ... OK
* checking R code for possible problems ... OK
* checking Rd files ... OK
* checking Rd metadata ... OK
* checking Rd cross-references ... WARNING
Missing link or links in documentation object 'ranges-info.Rd':
  ‘[GenomeInfoDb:fetchExtendedChromInfoFromUCSC]{GenomeInfoDb::fetchExtendedChromInfoFromUCSC()}’

See section 'Cross-references' in the 'Writing R Extensions' manual.
* checking for missing documentation entries ... OK
* checking for code/documentation mismatches ... OK
* checking Rd \usage sections ... OK
* checking Rd contents ... OK
* checking for unstated dependencies in examples ... OK
* checking files in ‘vignettes’ ... OK
* checking examples ... OK
Examples with CPU (user + system) or elapsed time > 5s
             user system elapsed
io-bed-read 4.659  1.067   7.787
* checking for unstated dependencies in ‘tests’ ... OK
* checking tests ...
  Running ‘testthat.R’
 OK
* checking for unstated dependencies in vignettes ... OK
* checking package vignettes in ‘inst/doc’ ... OK
* checking running R code from vignettes ... SKIPPED
* checking re-building of vignette outputs ... SKIPPED
* checking PDF version of manual ... OK
* DONE

Status: 2 WARNINGs
See
  ‘/Users/biocbuild/bbs-3.17-bioc/meat/plyranges.Rcheck/00check.log’
for details.



Installation output

plyranges.Rcheck/00install.out

##############################################################################
##############################################################################
###
### Running command:
###
###   /Library/Frameworks/R.framework/Resources/bin/R CMD INSTALL plyranges
###
##############################################################################
##############################################################################


* installing to library ‘/Library/Frameworks/R.framework/Versions/4.3-x86_64/Resources/library’
* installing *source* package ‘plyranges’ ...
** using staged installation
** R
** inst
** byte-compile and prepare package for lazy loading
** help
*** installing help indices
*** copying figures
** building package indices
** installing vignettes
** testing if installed package can be loaded from temporary location
** testing if installed package can be loaded from final location
** testing if installed package keeps a record of temporary installation path
* DONE (plyranges)

Tests output

plyranges.Rcheck/tests/testthat.Rout


R version 4.3.0 RC (2023-04-13 r84257) -- "Already Tomorrow"
Copyright (C) 2023 The R Foundation for Statistical Computing
Platform: x86_64-apple-darwin20 (64-bit)

R is free software and comes with ABSOLUTELY NO WARRANTY.
You are welcome to redistribute it under certain conditions.
Type 'license()' or 'licence()' for distribution details.

R is a collaborative project with many contributors.
Type 'contributors()' for more information and
'citation()' on how to cite R or R packages in publications.

Type 'demo()' for some demos, 'help()' for on-line help, or
'help.start()' for an HTML browser interface to help.
Type 'q()' to quit R.

> library(testthat)
> library(plyranges)
Loading required package: BiocGenerics

Attaching package: 'BiocGenerics'

The following objects are masked from 'package:stats':

    IQR, mad, sd, var, xtabs

The following objects are masked from 'package:base':

    Filter, Find, Map, Position, Reduce, anyDuplicated, aperm, append,
    as.data.frame, basename, cbind, colnames, dirname, do.call,
    duplicated, eval, evalq, get, grep, grepl, intersect, is.unsorted,
    lapply, mapply, match, mget, order, paste, pmax, pmax.int, pmin,
    pmin.int, rank, rbind, rownames, sapply, setdiff, sort, table,
    tapply, union, unique, unsplit, which.max, which.min

Loading required package: IRanges
Loading required package: S4Vectors
Loading required package: stats4

Attaching package: 'S4Vectors'

The following object is masked from 'package:utils':

    findMatches

The following objects are masked from 'package:base':

    I, expand.grid, unname

Loading required package: GenomicRanges
Loading required package: GenomeInfoDb

Attaching package: 'plyranges'

The following object is masked from 'package:IRanges':

    slice

The following object is masked from 'package:stats':

    filter

> 
> test_check("plyranges")
[ FAIL 0 | WARN 8 | SKIP 0 | PASS 390 ]

[ FAIL 0 | WARN 8 | SKIP 0 | PASS 390 ]
> 
> proc.time()
   user  system elapsed 
 97.104   3.227 132.958 

Example timings

plyranges.Rcheck/plyranges-Ex.timings

nameusersystemelapsed
add-nearest-distance0.7830.0621.159
as_ranges0.2310.0120.323
compute_coverage0.0330.0030.051
element-setops0.2280.0060.316
filter-ranges1.2640.0721.805
group_by-ranges0.7230.1021.111
io-bam-read2.0900.1243.026
io-bed-read4.6591.0677.787
io-bed-write0.0000.0010.001
io-bigwig-read0.2600.0040.351
io-bigwig-write0.0010.0010.001
io-gff-read0.7960.0341.104
io-gff-write000
io-wig-read0.7160.0351.019
mutate-ranges1.6610.0222.359
n0.5810.0430.857
n_distinct0.0700.0070.104
overlap-joins0.5360.0100.735
ranges-anchor0.2310.0050.321
ranges-arrange0.1090.0010.158
ranges-bind0.3850.0070.519
ranges-chop0.6860.0100.952
ranges-construct0.2210.0070.308
ranges-count-overlaps0.1360.0020.187
ranges-disjoin1.5940.0102.132
ranges-expand1.1090.0141.568
ranges-filter-overlaps0.1650.0030.234
ranges-flank0.2140.0040.279
ranges-follow0.3740.0070.517
ranges-info0.1070.0030.154
ranges-interweave0.3210.0040.440
ranges-names0.2720.0040.363
ranges-nearest0.9880.0181.314
ranges-overlaps-self0.2890.0050.387
ranges-overlaps0.3750.0080.494
ranges-pairs0.7850.0121.026
ranges-precede0.3590.0100.487
ranges-reduce1.7880.0162.371
ranges-select0.1770.0060.249
ranges-setops1.8260.0112.484
ranges-shift0.3370.0040.467
ranges-summarise0.3250.0030.452
ranges-tile0.2070.0040.283
slice-ranges1.3030.0081.786
stretch0.4890.0060.667