Back to Multiple platform build/check report for BioC 3.17:   simplified   long
ABCDEF[G]HIJKLMNOPQRSTUVWXYZ

This page was generated on 2023-04-01 11:05:57 -0400 (Sat, 01 Apr 2023).

HostnameOSArch (*)R versionInstalled pkgs
nebbiolo1Linux (Ubuntu 22.04.1 LTS)x86_64R Under development (unstable) (2023-03-16 r83996) -- "Unsuffered Consequences" 4551
palomino3Windows Server 2022 Datacenterx64R Under development (unstable) (2023-03-15 r83984 ucrt) -- "Unsuffered Consequences" 4312
merida1macOS 10.14.6 Mojavex86_64R Under development (unstable) (2023-03-16 r83985) -- "Unsuffered Consequences" 4309
Click on any hostname to see more info about the system (e.g. compilers)      (*) as reported by 'uname -p', except on Windows and Mac OS X

BUILD results for GenomicRanges on merida1


To the developers/maintainers of the GenomicRanges package:
- Allow up to 24 hours (and sometimes 48 hours) for your latest push to git@git.bioconductor.org:packages/GenomicRanges.git to reflect on this report. See Troubleshooting Build Report for more information.

- Use the following Renviron settings to reproduce errors and warnings.

Note: If "R CMD check" recently failed on the Linux builder over a missing dependency, add the missing dependency to "Suggests" in your DESCRIPTION file. See the Renviron.bioc for details.

raw results

Package 800/2199HostnameOS / ArchINSTALLBUILDCHECKBUILD BIN
GenomicRanges 1.51.4  (landing page)
Hervé Pagès
Snapshot Date: 2023-03-31 14:00:12 -0400 (Fri, 31 Mar 2023)
git_url: https://git.bioconductor.org/packages/GenomicRanges
git_branch: devel
git_last_commit: f1a44dc
git_last_commit_date: 2022-12-15 13:51:02 -0400 (Thu, 15 Dec 2022)
nebbiolo1Linux (Ubuntu 22.04.1 LTS) / x86_64  OK    ERROR  skipped
palomino3Windows Server 2022 Datacenter / x64  OK    ERROR  skippedskipped
merida1macOS 10.14.6 Mojave / x86_64  OK    ERROR  skippedskipped

Summary

Package: GenomicRanges
Version: 1.51.4
Command: /Library/Frameworks/R.framework/Resources/bin/R CMD build --keep-empty-dirs --no-resave-data GenomicRanges
StartedAt: 2023-03-31 18:22:08 -0400 (Fri, 31 Mar 2023)
EndedAt: 2023-03-31 18:26:57 -0400 (Fri, 31 Mar 2023)
EllapsedTime: 289.1 seconds
RetCode: 1
Status:   ERROR  
PackageFile: None
PackageFileSize: NA

Command output

##############################################################################
##############################################################################
###
### Running command:
###
###   /Library/Frameworks/R.framework/Resources/bin/R CMD build --keep-empty-dirs --no-resave-data GenomicRanges
###
##############################################################################
##############################################################################


* checking for file ‘GenomicRanges/DESCRIPTION’ ... OK
* preparing ‘GenomicRanges’:
* checking DESCRIPTION meta-information ... OK
* cleaning src
* installing the package to build vignettes
* creating vignettes ... ERROR
--- re-building ‘GenomicRangesIntroduction.Rmd’ using rmarkdown
--- finished re-building ‘GenomicRangesIntroduction.Rmd’

--- re-building ‘ExtendingGenomicRanges.Rnw’ using Sweave
--- finished re-building ‘ExtendingGenomicRanges.Rnw’

--- re-building ‘GRanges_and_GRangesList_slides.Rnw’ using Sweave
Warning in .merge_two_Seqinfo_objects(x, y) :
  The 2 combined objects have no sequence levels in common. (Use
  suppressWarnings() to suppress this warning.)
Loading required package: SummarizedExperiment
Loading required package: MatrixGenerics
Loading required package: matrixStats

Attaching package: ‘MatrixGenerics’

The following objects are masked from ‘package:matrixStats’:

    colAlls, colAnyNAs, colAnys, colAvgsPerRowSet, colCollapse, colCounts,
    colCummaxs, colCummins, colCumprods, colCumsums, colDiffs,
    colIQRDiffs, colIQRs, colLogSumExps, colMadDiffs, colMads, colMaxs,
    colMeans2, colMedians, colMins, colOrderStats, colProds, colQuantiles,
    colRanges, colRanks, colSdDiffs, colSds, colSums2, colTabulates,
    colVarDiffs, colVars, colWeightedMads, colWeightedMeans,
    colWeightedMedians, colWeightedSds, colWeightedVars, rowAlls,
    rowAnyNAs, rowAnys, rowAvgsPerColSet, rowCollapse, rowCounts,
    rowCummaxs, rowCummins, rowCumprods, rowCumsums, rowDiffs,
    rowIQRDiffs, rowIQRs, rowLogSumExps, rowMadDiffs, rowMads, rowMaxs,
    rowMeans2, rowMedians, rowMins, rowOrderStats, rowProds, rowQuantiles,
    rowRanges, rowRanks, rowSdDiffs, rowSds, rowSums2, rowTabulates,
    rowVarDiffs, rowVars, rowWeightedMads, rowWeightedMeans,
    rowWeightedMedians, rowWeightedSds, rowWeightedVars

Loading required package: Biobase
Welcome to Bioconductor

    Vignettes contain introductory material; view with
    'browseVignettes()'. To cite Bioconductor, see 'citation("Biobase")',
    and for packages 'citation("pkgname")'.


Attaching package: ‘Biobase’

The following object is masked from ‘package:MatrixGenerics’:

    rowMedians

The following objects are masked from ‘package:matrixStats’:

    anyMissing, rowMedians

Loading required package: Biostrings
Loading required package: XVector

Attaching package: ‘Biostrings’

The following object is masked from ‘package:base’:

    strsplit

Loading required package: Rsamtools
Loading required package: GenomicFeatures
Loading required package: AnnotationDbi
--- finished re-building ‘GRanges_and_GRangesList_slides.Rnw’

--- re-building ‘GenomicRangesHOWTOs.Rnw’ using Sweave
Import genomic features from the file as a GRanges object ... OK
Prepare the 'metadata' data frame ... OK
Make the TxDb object ... Warning in .get_cds_IDX(mcols0$type, mcols0$phase) :
  The "phase" metadata column contains non-NA values for features
  of type exon. This information was ignored.
OK
Loading required package: BiocFileCache
Loading required package: dbplyr

Attaching package: ‘AnnotationHub’

The following object is masked from ‘package:Biobase’:

    cache

snapshotDate(): 2023-03-28
loading from cache
Loading required package: limma

Attaching package: ‘limma’

The following object is masked from ‘package:DESeq2’:

    plotMA

The following object is masked from ‘package:BiocGenerics’:

    plotMA

Loading required package: BSgenome
Loading required package: rtracklayer

Attaching package: ‘rtracklayer’

The following object is masked from ‘package:AnnotationHub’:

    hubUrl


Error: processing vignette 'GenomicRangesHOWTOs.Rnw' failed with diagnostics:
 chunk 52 (label = cancer_1) 
Error in curl::curl_fetch_memory(url, handle = handle) : 
  Peer certificate cannot be authenticated with given CA certificates: [rest.kegg.jp] SSL certificate problem: certificate has expired

--- failed re-building ‘GenomicRangesHOWTOs.Rnw’

--- re-building ‘Ten_things_slides.Rnw’ using Sweave
--- finished re-building ‘Ten_things_slides.Rnw’

SUMMARY: processing the following file failed:
  ‘GenomicRangesHOWTOs.Rnw’

Error: Vignette re-building failed.
Execution halted