Back to Multiple platform build/check report for BioC 3.19:   simplified   long
ABCDEFGHIJKLMNOPQ[R]STUVWXYZ

This page was generated on 2024-02-26 14:02:35 -0500 (Mon, 26 Feb 2024).

HostnameOSArch (*)R versionInstalled pkgs
nebbiolo1Linux (Ubuntu 22.04.3 LTS)x86_64R Under development (unstable) (2024-01-16 r85808) -- "Unsuffered Consequences" 4671
palomino3Windows Server 2022 Datacenterx64R Under development (unstable) (2024-01-14 r85805 ucrt) -- "Unsuffered Consequences" 4411
merida1macOS 12.7.1 Montereyx86_64R Under development (unstable) (2024-01-16 r85808) -- "Unsuffered Consequences" 4438
kunpeng2Linux (openEuler 22.03 LTS-SP1)aarch64R Under development (unstable) (2024-01-16 r85812) -- "Unsuffered Consequences" 4414
Click on any hostname to see more info about the system (e.g. compilers)      (*) as reported by 'uname -p', except on Windows and Mac OS X

Package 1723/2251HostnameOS / ArchINSTALLBUILDCHECKBUILD BIN
rGREAT 2.5.3  (landing page)
Zuguang Gu
Snapshot Date: 2024-02-23 14:00:08 -0500 (Fri, 23 Feb 2024)
git_url: https://git.bioconductor.org/packages/rGREAT
git_branch: devel
git_last_commit: a8b2403
git_last_commit_date: 2024-02-05 08:42:06 -0500 (Mon, 05 Feb 2024)
nebbiolo1Linux (Ubuntu 22.04.3 LTS) / x86_64  ERROR    OK    ERROR  
palomino3Windows Server 2022 Datacenter / x64  ERROR    OK    ERROR    OK  
merida1macOS 12.7.1 Monterey / x86_64  OK    OK    OK    OK  UNNEEDED, same version is already published
kunpeng2Linux (openEuler 22.03 LTS-SP1) / aarch64  ERROR    OK    ERROR  

CHECK results for rGREAT on kunpeng2


To the developers/maintainers of the rGREAT package:
- Allow up to 24 hours (and sometimes 48 hours) for your latest push to git@git.bioconductor.org:packages/rGREAT.git to reflect on this report. See Troubleshooting Build Report for more information.
- Use the following Renviron settings to reproduce errors and warnings.
- If 'R CMD check' started to fail recently on the Linux builder(s) over a missing dependency, add the missing dependency to 'Suggests:' in your DESCRIPTION file. See Renviron.bioc for more information.
- See Martin Grigorov's blog post for how to debug Linux ARM64 related issues on a x86_64 host.

raw results


Summary

Package: rGREAT
Version: 2.5.3
Command: /home/biocbuild/R/R-devel_2024-01-16_r85812/bin/R CMD check --install=check:rGREAT.install-out.txt --library=/home/biocbuild/R/R-devel_2024-01-16_r85812/site-library --no-vignettes --timings rGREAT_2.5.3.tar.gz
StartedAt: 2024-02-24 09:54:30 -0000 (Sat, 24 Feb 2024)
EndedAt: 2024-02-24 09:54:38 -0000 (Sat, 24 Feb 2024)
EllapsedTime: 8.0 seconds
RetCode: 1
Status:   ERROR  
CheckDir: rGREAT.Rcheck
Warnings: NA

Command output

##############################################################################
##############################################################################
###
### Running command:
###
###   /home/biocbuild/R/R-devel_2024-01-16_r85812/bin/R CMD check --install=check:rGREAT.install-out.txt --library=/home/biocbuild/R/R-devel_2024-01-16_r85812/site-library --no-vignettes --timings rGREAT_2.5.3.tar.gz
###
##############################################################################
##############################################################################


* using log directory ‘/home/biocbuild/bbs-3.19-bioc/meat/rGREAT.Rcheck’
* using R Under development (unstable) (2024-01-16 r85812)
* using platform: aarch64-unknown-linux-gnu
* R was compiled by
    gcc (GCC) 10.3.1
    GNU Fortran (GCC) 10.3.1
* running under: openEuler 22.03 (LTS-SP1)
* using session charset: UTF-8
* using option ‘--no-vignettes’
* checking for file ‘rGREAT/DESCRIPTION’ ... OK
* checking extension type ... Package
* this is package ‘rGREAT’ version ‘2.5.3’
* checking package namespace information ... OK
* checking package dependencies ... NOTE
Package which this enhances but not available for checking: ‘BioMartGOGeneSets’
* checking if this is a source package ... OK
* checking if there is a namespace ... OK
* checking for hidden files and directories ... OK
* checking for portable file names ... OK
* checking for sufficient/correct file permissions ... OK
* checking whether package ‘rGREAT’ can be installed ... ERROR
Installation failed.
See ‘/home/biocbuild/bbs-3.19-bioc/meat/rGREAT.Rcheck/00install.out’ for details.
* DONE

Status: 1 ERROR, 1 NOTE
See
  ‘/home/biocbuild/bbs-3.19-bioc/meat/rGREAT.Rcheck/00check.log’
for details.


Installation output

rGREAT.Rcheck/00install.out

##############################################################################
##############################################################################
###
### Running command:
###
###   /home/biocbuild/R/R-devel_2024-01-16_r85812/bin/R CMD INSTALL rGREAT
###
##############################################################################
##############################################################################


* installing to library ‘/home/biocbuild/R/R-devel_2024-01-16_r85812/site-library’
* installing *source* package ‘rGREAT’ ...
** using staged installation
** libs
using C++ compiler: ‘g++ (GCC) 10.3.1’
make: Nothing to be done for 'all'.
installing to /home/biocbuild/R/R-devel_2024-01-16_r85812/site-library/00LOCK-rGREAT/00new/rGREAT/libs
** R
** inst
** byte-compile and prepare package for lazy loading
** help
*** installing help indices
** building package indices
** installing vignettes
** testing if installed package can be loaded from temporary location
Error: package or namespace load failed for ‘rGREAT’ in dyn.load(file, DLLpath = DLLpath, ...):
 unable to load shared object '/home/biocbuild/R/R-devel_2024-01-16_r85812/site-library/00LOCK-rGREAT/00new/rGREAT/libs/rGREAT.so':
  /home/biocbuild/R/R-devel_2024-01-16_r85812/site-library/00LOCK-rGREAT/00new/rGREAT/libs/rGREAT.so: invalid ELF header
Error: loading failed
Execution halted
ERROR: loading failed
* removing ‘/home/biocbuild/R/R-devel_2024-01-16_r85812/site-library/rGREAT’
* restoring previous ‘/home/biocbuild/R/R-devel_2024-01-16_r85812/site-library/rGREAT’

Tests output


Example timings