Back to Multiple platform build/check report for BioC 3.20:   simplified   long
ABCDEFGHIJKLMNO[P]QRSTUVWXYZ

This page was generated on 2024-07-18 11:42 -0400 (Thu, 18 Jul 2024).

HostnameOSArch (*)R versionInstalled pkgs
nebbiolo2Linux (Ubuntu 22.04.3 LTS)x86_644.4.1 (2024-06-14) -- "Race for Your Life" 4683
palomino8Windows Server 2022 Datacenterx644.4.1 (2024-06-14 ucrt) -- "Race for Your Life" 4379
lconwaymacOS 12.7.1 Montereyx86_644.4.1 (2024-06-14) -- "Race for Your Life" 4450
kjohnson3macOS 13.6.5 Venturaarm644.4.1 (2024-06-14) -- "Race for Your Life" 4399
Click on any hostname to see more info about the system (e.g. compilers)      (*) as reported by 'uname -p', except on Windows and Mac OS X

Package 1489/2248HostnameOS / ArchINSTALLBUILDCHECKBUILD BIN
paxtoolsr 1.39.0  (landing page)
Augustin Luna
Snapshot Date: 2024-07-17 14:00 -0400 (Wed, 17 Jul 2024)
git_url: https://git.bioconductor.org/packages/paxtoolsr
git_branch: devel
git_last_commit: 444550a
git_last_commit_date: 2024-04-30 10:39:35 -0400 (Tue, 30 Apr 2024)
nebbiolo2Linux (Ubuntu 22.04.3 LTS) / x86_64  OK    ERROR  skipped
palomino8Windows Server 2022 Datacenter / x64  OK    ERROR  skippedskipped
lconwaymacOS 12.7.1 Monterey / x86_64  OK    ERROR  skippedskipped
kjohnson3macOS 13.6.5 Ventura / arm64  OK    ERROR  skippedskipped


BUILD results for paxtoolsr on kjohnson3

To the developers/maintainers of the paxtoolsr package:
- Allow up to 24 hours (and sometimes 48 hours) for your latest push to git@git.bioconductor.org:packages/paxtoolsr.git to reflect on this report. See Troubleshooting Build Report for more information.
- Use the following Renviron settings to reproduce errors and warnings.
- If 'R CMD check' started to fail recently on the Linux builder(s) over a missing dependency, add the missing dependency to 'Suggests:' in your DESCRIPTION file. See Renviron.bioc for more information.

raw results


Summary

Package: paxtoolsr
Version: 1.39.0
Command: /Library/Frameworks/R.framework/Resources/bin/R CMD build --keep-empty-dirs --no-resave-data paxtoolsr
StartedAt: 2024-07-17 18:08:53 -0400 (Wed, 17 Jul 2024)
EndedAt: 2024-07-17 18:09:07 -0400 (Wed, 17 Jul 2024)
EllapsedTime: 14.2 seconds
RetCode: 1
Status:   ERROR  
PackageFile: None
PackageFileSize: NA

Command output

##############################################################################
##############################################################################
###
### Running command:
###
###   /Library/Frameworks/R.framework/Resources/bin/R CMD build --keep-empty-dirs --no-resave-data paxtoolsr
###
##############################################################################
##############################################################################


* checking for file ‘paxtoolsr/DESCRIPTION’ ... OK
* preparing ‘paxtoolsr’:
* checking DESCRIPTION meta-information ... OK
* installing the package to build vignettes
* creating vignettes ... ERROR
--- re-building ‘using_paxtoolsr.Rmd’ using rmarkdown
2024-07-17 18:08:57,543 329  [main] INFO  org.biopax.paxtools.PaxtoolsMain  - toSif: not blacklisting ubiquitous molecules (no blacklist.txt found)
2024-07-17 18:08:57,690 476  [main] INFO  org.biopax.paxtools.PaxtoolsMain  - toSifnx: not blacklisting ubiquitous molecules (no blacklist.txt found)

Quitting from lines 169-171 [searchResultsExampleVerbose] (using_paxtoolsr.Rmd)
Error: processing vignette 'using_paxtoolsr.Rmd' failed with diagnostics:
ERROR: Code: 404 Message: Unknown Error (PC Webservice Error)
--- failed re-building ‘using_paxtoolsr.Rmd’

SUMMARY: processing the following file failed:
  ‘using_paxtoolsr.Rmd’

Error: Vignette re-building failed.
Execution halted