Back to Multiple platform build/check report for BioC 3.19: simplified long |
|
This page was generated on 2024-03-28 11:39:37 -0400 (Thu, 28 Mar 2024).
Hostname | OS | Arch (*) | R version | Installed pkgs |
---|---|---|---|---|
nebbiolo1 | Linux (Ubuntu 22.04.3 LTS) | x86_64 | R Under development (unstable) (2024-03-18 r86148) -- "Unsuffered Consequences" | 4708 |
palomino3 | Windows Server 2022 Datacenter | x64 | R Under development (unstable) (2024-03-16 r86144 ucrt) -- "Unsuffered Consequences" | 4446 |
lconway | macOS 12.7.1 Monterey | x86_64 | R Under development (unstable) (2024-03-18 r86148) -- "Unsuffered Consequences" | 4471 |
kunpeng2 | Linux (openEuler 22.03 LTS-SP1) | aarch64 | R Under development (unstable) (2024-03-19 r86153) -- "Unsuffered Consequences" | 4426 |
Click on any hostname to see more info about the system (e.g. compilers) (*) as reported by 'uname -p', except on Windows and Mac OS X |
Package 1309/2270 | Hostname | OS / Arch | INSTALL | BUILD | CHECK | BUILD BIN | ||||||||
motifbreakR 2.17.1 (landing page) Simon Gert Coetzee
| nebbiolo1 | Linux (Ubuntu 22.04.3 LTS) / x86_64 | OK | OK | WARNINGS | |||||||||
palomino3 | Windows Server 2022 Datacenter / x64 | OK | OK | WARNINGS | OK | |||||||||
lconway | macOS 12.7.1 Monterey / x86_64 | OK | OK | WARNINGS | OK | |||||||||
kunpeng2 | Linux (openEuler 22.03 LTS-SP1) / aarch64 | OK | ERROR | skipped | ||||||||||
To the developers/maintainers of the motifbreakR package: - Allow up to 24 hours (and sometimes 48 hours) for your latest push to git@git.bioconductor.org:packages/motifbreakR.git to reflect on this report. See Troubleshooting Build Report for more information. - Use the following Renviron settings to reproduce errors and warnings. - If 'R CMD check' started to fail recently on the Linux builder(s) over a missing dependency, add the missing dependency to 'Suggests:' in your DESCRIPTION file. See Renviron.bioc for more information. |
Package: motifbreakR |
Version: 2.17.1 |
Command: /Library/Frameworks/R.framework/Resources/bin/R CMD check --install=check:motifbreakR.install-out.txt --library=/Library/Frameworks/R.framework/Resources/library --no-vignettes --timings motifbreakR_2.17.1.tar.gz |
StartedAt: 2024-03-27 22:34:01 -0400 (Wed, 27 Mar 2024) |
EndedAt: 2024-03-27 22:45:58 -0400 (Wed, 27 Mar 2024) |
EllapsedTime: 717.6 seconds |
RetCode: 0 |
Status: WARNINGS |
CheckDir: motifbreakR.Rcheck |
Warnings: 1 |
############################################################################## ############################################################################## ### ### Running command: ### ### /Library/Frameworks/R.framework/Resources/bin/R CMD check --install=check:motifbreakR.install-out.txt --library=/Library/Frameworks/R.framework/Resources/library --no-vignettes --timings motifbreakR_2.17.1.tar.gz ### ############################################################################## ############################################################################## * using log directory ‘/Users/biocbuild/bbs-3.19-bioc/meat/motifbreakR.Rcheck’ * using R Under development (unstable) (2024-03-18 r86148) * using platform: x86_64-apple-darwin20 * R was compiled by Apple clang version 14.0.0 (clang-1400.0.29.202) GNU Fortran (GCC) 12.2.0 * running under: macOS Monterey 12.7.1 * using session charset: UTF-8 * using option ‘--no-vignettes’ * checking for file ‘motifbreakR/DESCRIPTION’ ... OK * this is package ‘motifbreakR’ version ‘2.17.1’ * package encoding: UTF-8 * checking package namespace information ... OK * checking package dependencies ... OK * checking if this is a source package ... OK * checking if there is a namespace ... OK * checking for hidden files and directories ... OK * checking for portable file names ... OK * checking for sufficient/correct file permissions ... OK * checking whether package ‘motifbreakR’ can be installed ... OK * checking installed package size ... OK * checking package directory ... OK * checking ‘build’ directory ... OK * checking DESCRIPTION meta-information ... OK * checking top-level files ... OK * checking for left-over files ... OK * checking index information ... OK * checking package subdirectories ... OK * checking code files for non-ASCII characters ... OK * checking R files for syntax errors ... OK * checking whether the package can be loaded ... OK * checking whether the package can be loaded with stated dependencies ... OK * checking whether the package can be unloaded cleanly ... OK * checking whether the namespace can be loaded with stated dependencies ... OK * checking whether the namespace can be unloaded cleanly ... OK * checking dependencies in R code ... NOTE Package in Depends field not imported from: 'MotifDb' These packages need to be imported from (in the NAMESPACE file) for when this namespace is loaded but not attached. * checking S3 generic/method consistency ... OK * checking replacement functions ... OK * checking foreign function calls ... OK * checking R code for possible problems ... NOTE exportMBresults: no visible global function definition for 'write.table' exportMBresults: no visible global function definition for 'write.csv' Undefined global functions or variables: write.csv write.table Consider adding importFrom("utils", "write.csv", "write.table") to your NAMESPACE file. * checking Rd files ... NOTE checkRd: (-1) calculatePvalue.Rd:7: Lost braces 7 | H{\'e}l{\`e}ne Touzet and Jean-St{\'e}phane Varr{\'e} (2007) Efficient and accurate P-value computation for Position Weight Matrices. | ^ checkRd: (-1) calculatePvalue.Rd:7: Lost braces 7 | H{\'e}l{\`e}ne Touzet and Jean-St{\'e}phane Varr{\'e} (2007) Efficient and accurate P-value computation for Position Weight Matrices. | ^ checkRd: (-1) calculatePvalue.Rd:7: Lost braces 7 | H{\'e}l{\`e}ne Touzet and Jean-St{\'e}phane Varr{\'e} (2007) Efficient and accurate P-value computation for Position Weight Matrices. | ^ checkRd: (-1) calculatePvalue.Rd:7: Lost braces 7 | H{\'e}l{\`e}ne Touzet and Jean-St{\'e}phane Varr{\'e} (2007) Efficient and accurate P-value computation for Position Weight Matrices. | ^ * checking Rd metadata ... OK * checking Rd cross-references ... OK * checking for missing documentation entries ... WARNING Undocumented code objects: 'exportMBresults' Undocumented data sets: 'example.pvalue' All user-level objects in a package should have documentation entries. See chapter ‘Writing R documentation files’ in the ‘Writing R Extensions’ manual. * checking for code/documentation mismatches ... OK * checking Rd \usage sections ... OK * checking Rd contents ... OK * checking for unstated dependencies in examples ... OK * checking contents of ‘data’ directory ... OK * checking data for non-ASCII characters ... NOTE Note: found 6 marked UTF-8 strings * checking data for ASCII and uncompressed saves ... OK * checking files in ‘vignettes’ ... OK * checking examples ... OK Examples with CPU (user + system) or elapsed time > 5s user system elapsed snps.from.rsid 159.086 11.533 172.039 calculatePvalue 45.350 0.610 46.213 motifbreakR 11.938 0.312 12.317 * checking for unstated dependencies in vignettes ... OK * checking package vignettes ... OK * checking running R code from vignettes ... SKIPPED * checking re-building of vignette outputs ... SKIPPED * checking PDF version of manual ... OK * DONE Status: 1 WARNING, 4 NOTEs See ‘/Users/biocbuild/bbs-3.19-bioc/meat/motifbreakR.Rcheck/00check.log’ for details.
motifbreakR.Rcheck/00install.out
############################################################################## ############################################################################## ### ### Running command: ### ### /Library/Frameworks/R.framework/Resources/bin/R CMD INSTALL motifbreakR ### ############################################################################## ############################################################################## * installing to library ‘/Library/Frameworks/R.framework/Versions/4.4-x86_64/Resources/library’ * installing *source* package ‘motifbreakR’ ... ** using staged installation ** R ** data ** inst ** byte-compile and prepare package for lazy loading See system.file("LICENSE", package="MotifDb") for use restrictions. ** help *** installing help indices ** building package indices ** installing vignettes ** testing if installed package can be loaded from temporary location See system.file("LICENSE", package="MotifDb") for use restrictions. ** testing if installed package can be loaded from final location See system.file("LICENSE", package="MotifDb") for use restrictions. ** testing if installed package keeps a record of temporary installation path * DONE (motifbreakR)
motifbreakR.Rcheck/motifbreakR-Ex.timings
name | user | system | elapsed | |
calculatePvalue | 45.350 | 0.610 | 46.213 | |
encodemotif | 0.075 | 0.005 | 0.080 | |
example.results | 0.093 | 0.005 | 0.099 | |
factorbook | 0.012 | 0.002 | 0.013 | |
hocomoco | 0.025 | 0.002 | 0.027 | |
homer | 0.017 | 0.002 | 0.019 | |
motifbreakR | 11.938 | 0.312 | 12.317 | |
motifbreakR_motif | 0.094 | 0.003 | 0.098 | |
plotMB | 0.061 | 0.006 | 0.067 | |
snps.from.file | 1.303 | 0.071 | 1.397 | |
snps.from.rsid | 159.086 | 11.533 | 172.039 | |