Back to Multiple platform build/check report for BioC 3.17:   simplified   long
ABCDEFGHIJKL[M]NOPQRSTUVWXYZ

This page was generated on 2023-03-21 11:05:22 -0400 (Tue, 21 Mar 2023).

HostnameOSArch (*)R versionInstalled pkgs
nebbiolo1Linux (Ubuntu 22.04.1 LTS)x86_64R Under development (unstable) (2023-03-16 r83996) -- "Unsuffered Consequences" 4305
palomino3Windows Server 2022 Datacenterx64R Under development (unstable) (2023-03-15 r83984 ucrt) -- "Unsuffered Consequences" 4287
merida1macOS 10.14.6 Mojavex86_64R Under development (unstable) (2023-03-16 r83985) -- "Unsuffered Consequences" 4286
Click on any hostname to see more info about the system (e.g. compilers)      (*) as reported by 'uname -p', except on Windows and Mac OS X

CHECK results for memes on nebbiolo1


To the developers/maintainers of the memes package:
- Please allow up to 24 hours (and sometimes 48 hours) for your latest push to git@git.bioconductor.org:packages/memes.git to
reflect on this report. See How and When does the builder pull? When will my changes propagate? for more information.
- Make sure to use the following settings in order to reproduce any error or warning you see on this page.

raw results

Package 1137/2189HostnameOS / ArchINSTALLBUILDCHECKBUILD BIN
memes 1.7.0  (landing page)
Spencer Nystrom
Snapshot Date: 2023-03-20 14:00:22 -0400 (Mon, 20 Mar 2023)
git_url: https://git.bioconductor.org/packages/memes
git_branch: master
git_last_commit: 34e0e0f
git_last_commit_date: 2022-11-01 11:24:18 -0400 (Tue, 01 Nov 2022)
nebbiolo1Linux (Ubuntu 22.04.1 LTS) / x86_64  OK    OK    WARNINGS  UNNEEDED, same version is already published
palomino3Windows Server 2022 Datacenter / x64  OK    OK    WARNINGS    OK  UNNEEDED, same version is already published
merida1macOS 10.14.6 Mojave / x86_64  OK    OK    WARNINGS    OK  UNNEEDED, same version is already published

Summary

Package: memes
Version: 1.7.0
Command: /home/biocbuild/bbs-3.17-bioc/R/bin/R CMD check --install=check:memes.install-out.txt --library=/home/biocbuild/bbs-3.17-bioc/R/site-library --timings memes_1.7.0.tar.gz
StartedAt: 2023-03-20 21:36:44 -0400 (Mon, 20 Mar 2023)
EndedAt: 2023-03-20 21:39:52 -0400 (Mon, 20 Mar 2023)
EllapsedTime: 188.6 seconds
RetCode: 0
Status:   WARNINGS  
CheckDir: memes.Rcheck
Warnings: 1

Command output

##############################################################################
##############################################################################
###
### Running command:
###
###   /home/biocbuild/bbs-3.17-bioc/R/bin/R CMD check --install=check:memes.install-out.txt --library=/home/biocbuild/bbs-3.17-bioc/R/site-library --timings memes_1.7.0.tar.gz
###
##############################################################################
##############################################################################


* using log directory ‘/home/biocbuild/bbs-3.17-bioc/meat/memes.Rcheck’
* using R Under development (unstable) (2023-03-16 r83996)
* using platform: x86_64-pc-linux-gnu (64-bit)
* R was compiled by
    gcc (Ubuntu 11.3.0-1ubuntu1~22.04) 11.3.0
    GNU Fortran (Ubuntu 11.3.0-1ubuntu1~22.04) 11.3.0
* running under: Ubuntu 22.04.2 LTS
* using session charset: UTF-8
* checking for file ‘memes/DESCRIPTION’ ... OK
* checking extension type ... Package
* this is package ‘memes’ version ‘1.7.0’
* package encoding: UTF-8
* checking package namespace information ... OK
* checking package dependencies ... OK
* checking if this is a source package ... OK
* checking if there is a namespace ... OK
* checking for hidden files and directories ... OK
* checking for portable file names ... OK
* checking for sufficient/correct file permissions ... OK
* checking whether package ‘memes’ can be installed ... OK
* checking installed package size ... OK
* checking package directory ... OK
* checking ‘build’ directory ... OK
* checking DESCRIPTION meta-information ... OK
* checking top-level files ... OK
* checking for left-over files ... OK
* checking index information ... OK
* checking package subdirectories ... OK
* checking R files for non-ASCII characters ... OK
* checking R files for syntax errors ... OK
* checking whether the package can be loaded ... OK
* checking whether the package can be loaded with stated dependencies ... OK
* checking whether the package can be unloaded cleanly ... OK
* checking whether the namespace can be loaded with stated dependencies ... OK
* checking whether the namespace can be unloaded cleanly ... OK
* checking loading without being on the library search path ... OK
* checking dependencies in R code ... OK
* checking S3 generic/method consistency ... WARNING
motif_input:
  function(x, ...)
motif_input.universalmotif_df:
  function(input, path)

motif_input:
  function(x, ...)
motif_input.universalmotif:
  function(input, path)

motif_input:
  function(x, ...)
motif_input.list:
  function(input, path)

motif_input:
  function(x, ...)
motif_input.character:
  function(input, path)

motif_input:
  function(x, ...)
motif_input.data.frame:
  function(input, path)

sequence_input:
  function(x)
sequence_input.DNAStringSet:
  function(input)

sequence_input:
  function(x)
sequence_input.character:
  function(input)

sequence_input:
  function(x)
sequence_input.BStringSet:
  function(input)

sequence_input:
  function(x)
sequence_input.AAStringSet:
  function(input)
See section ‘Generic functions and methods’ in the ‘Writing R
Extensions’ manual.
* checking replacement functions ... OK
* checking foreign function calls ... OK
* checking R code for possible problems ... OK
* checking Rd files ... OK
* checking Rd metadata ... OK
* checking Rd cross-references ... OK
* checking for missing documentation entries ... OK
* checking for code/documentation mismatches ... OK
* checking Rd \usage sections ... OK
* checking Rd contents ... OK
* checking for unstated dependencies in examples ... OK
* checking contents of ‘data’ directory ... OK
* checking data for non-ASCII characters ... OK
* checking LazyData ... OK
* checking data for ASCII and uncompressed saves ... OK
* checking files in ‘vignettes’ ... OK
* checking examples ... OK
Examples with CPU (user + system) or elapsed time > 5s
              user system elapsed
add_sequence 7.244  0.468   7.712
* checking for unstated dependencies in vignettes ... OK
* checking package vignettes in ‘inst/doc’ ... OK
* checking running R code from vignettes ...
  ‘core_ame.Rmd’ using ‘UTF-8’... OK
  ‘core_dreme.Rmd’ using ‘UTF-8’... OK
  ‘core_fimo.Rmd’ using ‘UTF-8’... OK
  ‘core_tomtom.Rmd’ using ‘UTF-8’... OK
  ‘install_guide.Rmd’ using ‘UTF-8’... OK
  ‘integrative_analysis.Rmd’ using ‘UTF-8’... OK
  ‘tidy_motifs.Rmd’ using ‘UTF-8’... OK
 NONE
* checking re-building of vignette outputs ... OK
* checking PDF version of manual ... OK
* DONE

Status: 1 WARNING
See
  ‘/home/biocbuild/bbs-3.17-bioc/meat/memes.Rcheck/00check.log’
for details.



Installation output

memes.Rcheck/00install.out

##############################################################################
##############################################################################
###
### Running command:
###
###   /home/biocbuild/bbs-3.17-bioc/R/bin/R CMD INSTALL memes
###
##############################################################################
##############################################################################


* installing to library ‘/home/biocbuild/bbs-3.17-bioc/R/site-library’
* installing *source* package ‘memes’ ...
** using staged installation
** R
** data
*** moving datasets to lazyload DB
** inst
** byte-compile and prepare package for lazy loading
** help
*** installing help indices
*** copying figures
** building package indices
** installing vignettes
** testing if installed package can be loaded from temporary location
** testing if installed package can be loaded from final location
** testing if installed package keeps a record of temporary installation path
* DONE (memes)

Tests output


Example timings

memes.Rcheck/memes-Ex.timings

nameusersystemelapsed
add_sequence7.2440.4687.712
ame_compare_heatmap_methods0.9550.0551.011
check_meme_install0.5000.0120.512
drop_best_match0.0020.0080.009
example_ame0.0790.0190.098
example_ame_large0.0440.0040.047
force_best_match0.0510.0010.051
get_sequence0.3850.0070.393
has_duplicate_motifs0.1930.0170.210
importAme0.2580.0550.318
importDremeXML0.3900.0040.394
importFimo0.0670.0160.077
importMeme0.1090.0080.118
importStremeXML0.3710.0200.391
importTomTomXML0.4400.0000.441
meme_is_installed0.0460.0030.049
nest_tomtom0.0480.0000.049
plot_ame_heatmap1.3360.1001.437
plot_sequence_heatmap2.5320.1722.703
remove_duplicate_motifs0.0030.0000.003
runAme0.0490.0000.049
runDreme0.0580.0040.061
runFimo0.0450.0000.044
runMeme0.0410.0040.045
runTomTom0.0460.0000.047
update_best_match0.10.00.1
view_tomtom_hits0.9940.0000.993
write_fasta0.0040.0000.003