Back to Multiple platform build/check report for BioC 3.19:   simplified   long
ABCDEFGHIJKL[M]NOPQRSTUVWXYZ

This page was generated on 2024-03-28 11:40:56 -0400 (Thu, 28 Mar 2024).

HostnameOSArch (*)R versionInstalled pkgs
nebbiolo1Linux (Ubuntu 22.04.3 LTS)x86_64R Under development (unstable) (2024-03-18 r86148) -- "Unsuffered Consequences" 4708
palomino3Windows Server 2022 Datacenterx64R Under development (unstable) (2024-03-16 r86144 ucrt) -- "Unsuffered Consequences" 4446
lconwaymacOS 12.7.1 Montereyx86_64R Under development (unstable) (2024-03-18 r86148) -- "Unsuffered Consequences" 4471
kunpeng2Linux (openEuler 22.03 LTS-SP1)aarch64R Under development (unstable) (2024-03-19 r86153) -- "Unsuffered Consequences" 4426
Click on any hostname to see more info about the system (e.g. compilers)      (*) as reported by 'uname -p', except on Windows and Mac OS X

Package 1183/2270HostnameOS / ArchINSTALLBUILDCHECKBUILD BIN
memes 1.11.0  (landing page)
Spencer Nystrom
Snapshot Date: 2024-03-27 14:00:18 -0400 (Wed, 27 Mar 2024)
git_url: https://git.bioconductor.org/packages/memes
git_branch: devel
git_last_commit: 1629e09
git_last_commit_date: 2023-10-24 11:31:07 -0400 (Tue, 24 Oct 2023)
nebbiolo1Linux (Ubuntu 22.04.3 LTS) / x86_64  OK    OK    WARNINGS  UNNEEDED, same version is already published
palomino3Windows Server 2022 Datacenter / x64  OK    OK    WARNINGS    OK  UNNEEDED, same version is already published
lconwaymacOS 12.7.1 Monterey / x86_64  OK    OK    WARNINGS    OK  UNNEEDED, same version is already published
kunpeng2Linux (openEuler 22.03 LTS-SP1) / aarch64  OK    OK    WARNINGS  

CHECK results for memes on kunpeng2


To the developers/maintainers of the memes package:
- Allow up to 24 hours (and sometimes 48 hours) for your latest push to git@git.bioconductor.org:packages/memes.git to reflect on this report. See Troubleshooting Build Report for more information.
- Use the following Renviron settings to reproduce errors and warnings.
- If 'R CMD check' started to fail recently on the Linux builder(s) over a missing dependency, add the missing dependency to 'Suggests:' in your DESCRIPTION file. See Renviron.bioc for more information.
- See Martin Grigorov's blog post for how to debug Linux ARM64 related issues on a x86_64 host.

raw results


Summary

Package: memes
Version: 1.11.0
Command: /home/biocbuild/R/R-4.4-devel-2024.03.20/bin/R CMD check --install=check:memes.install-out.txt --library=/home/biocbuild/R/R-4.4-devel-2024.03.20/site-library --no-vignettes --timings memes_1.11.0.tar.gz
StartedAt: 2024-03-28 06:58:20 -0000 (Thu, 28 Mar 2024)
EndedAt: 2024-03-28 07:00:52 -0000 (Thu, 28 Mar 2024)
EllapsedTime: 152.3 seconds
RetCode: 0
Status:   WARNINGS  
CheckDir: memes.Rcheck
Warnings: 1

Command output

##############################################################################
##############################################################################
###
### Running command:
###
###   /home/biocbuild/R/R-4.4-devel-2024.03.20/bin/R CMD check --install=check:memes.install-out.txt --library=/home/biocbuild/R/R-4.4-devel-2024.03.20/site-library --no-vignettes --timings memes_1.11.0.tar.gz
###
##############################################################################
##############################################################################


* using log directory ‘/home/biocbuild/bbs-3.19-bioc/meat/memes.Rcheck’
* using R Under development (unstable) (2024-03-19 r86153)
* using platform: aarch64-unknown-linux-gnu
* R was compiled by
    gcc (GCC) 10.3.1
    GNU Fortran (GCC) 10.3.1
* running under: openEuler 22.03 (LTS-SP1)
* using session charset: UTF-8
* using option ‘--no-vignettes’
* checking for file ‘memes/DESCRIPTION’ ... OK
* checking extension type ... Package
* this is package ‘memes’ version ‘1.11.0’
* package encoding: UTF-8
* checking package namespace information ... OK
* checking package dependencies ... OK
* checking if this is a source package ... OK
* checking if there is a namespace ... OK
* checking for hidden files and directories ... OK
* checking for portable file names ... OK
* checking for sufficient/correct file permissions ... OK
* checking whether package ‘memes’ can be installed ... OK
* checking installed package size ... OK
* checking package directory ... OK
* checking ‘build’ directory ... OK
* checking DESCRIPTION meta-information ... OK
* checking top-level files ... OK
* checking for left-over files ... OK
* checking index information ... OK
* checking package subdirectories ... OK
* checking code files for non-ASCII characters ... OK
* checking R files for syntax errors ... OK
* checking whether the package can be loaded ... OK
* checking whether the package can be loaded with stated dependencies ... OK
* checking whether the package can be unloaded cleanly ... OK
* checking whether the namespace can be loaded with stated dependencies ... OK
* checking whether the namespace can be unloaded cleanly ... OK
* checking loading without being on the library search path ... OK
* checking dependencies in R code ... OK
* checking S3 generic/method consistency ... WARNING
motif_input:
  function(x, ...)
motif_input.universalmotif_df:
  function(input, path)

motif_input:
  function(x, ...)
motif_input.universalmotif:
  function(input, path)

motif_input:
  function(x, ...)
motif_input.list:
  function(input, path)

motif_input:
  function(x, ...)
motif_input.character:
  function(input, path)

motif_input:
  function(x, ...)
motif_input.data.frame:
  function(input, path)

sequence_input:
  function(x)
sequence_input.DNAStringSet:
  function(input)

sequence_input:
  function(x)
sequence_input.character:
  function(input)

sequence_input:
  function(x)
sequence_input.BStringSet:
  function(input)

sequence_input:
  function(x)
sequence_input.AAStringSet:
  function(input)
See section ‘Generic functions and methods’ in the ‘Writing R
Extensions’ manual.
* checking replacement functions ... OK
* checking foreign function calls ... OK
* checking R code for possible problems ... OK
* checking Rd files ... NOTE
checkRd: (-1) runTomTom.Rd:51: Lost braces; missing escapes or markup?
    51 | \item{...}{additional flags passed to tomtom using {cmdfun} formating (see table below for details)}
       |                                                    ^
* checking Rd metadata ... OK
* checking Rd cross-references ... OK
* checking for missing documentation entries ... OK
* checking for code/documentation mismatches ... OK
* checking Rd \usage sections ... OK
* checking Rd contents ... OK
* checking for unstated dependencies in examples ... OK
* checking contents of ‘data’ directory ... OK
* checking data for non-ASCII characters ... OK
* checking LazyData ... OK
* checking data for ASCII and uncompressed saves ... OK
* checking files in ‘vignettes’ ... OK
* checking examples ... OK
Examples with CPU (user + system) or elapsed time > 5s
              user system elapsed
add_sequence 9.615  0.391  10.026
* checking for unstated dependencies in vignettes ... OK
* checking package vignettes ... OK
* checking running R code from vignettes ... SKIPPED
* checking re-building of vignette outputs ... SKIPPED
* checking PDF version of manual ... OK
* DONE

Status: 1 WARNING, 1 NOTE
See
  ‘/home/biocbuild/bbs-3.19-bioc/meat/memes.Rcheck/00check.log’
for details.


Installation output

memes.Rcheck/00install.out

##############################################################################
##############################################################################
###
### Running command:
###
###   /home/biocbuild/R/R-4.4-devel-2024.03.20/bin/R CMD INSTALL memes
###
##############################################################################
##############################################################################


* installing to library ‘/home/biocbuild/R/R-4.4-devel-2024.03.20/site-library’
* installing *source* package ‘memes’ ...
** using staged installation
** R
** data
*** moving datasets to lazyload DB
** inst
** byte-compile and prepare package for lazy loading
** help
*** installing help indices
*** copying figures
** building package indices
** installing vignettes
** testing if installed package can be loaded from temporary location
** testing if installed package can be loaded from final location
** testing if installed package keeps a record of temporary installation path
* DONE (memes)

Tests output


Example timings

memes.Rcheck/memes-Ex.timings

nameusersystemelapsed
add_sequence 9.615 0.39110.026
ame_compare_heatmap_methods2.4550.1042.563
check_meme_install0.6690.0800.753
drop_best_match0.0070.0000.007
example_ame0.0840.0040.088
example_ame_large0.0630.0000.063
force_best_match0.0680.0080.076
get_sequence0.5180.0640.583
has_duplicate_motifs0.2350.0080.242
importAme0.2990.0340.321
importDremeXML0.2900.0130.305
importFimo0.0580.0040.060
importMeme0.1160.0040.123
importStremeXML0.2040.0040.209
importTomTomXML0.3600.0240.385
meme_is_installed0.0690.0040.074
nest_tomtom0.0690.0040.073
plot_ame_heatmap0.7790.0470.828
plot_sequence_heatmap4.8950.0354.944
remove_duplicate_motifs0.0030.0000.003
runAme0.0680.0000.069
runDreme0.0680.0000.068
runFimo0.0690.0000.069
runMeme0.0680.0000.068
runTomTom0.0690.0000.069
update_best_match0.0920.0000.093
view_tomtom_hits1.6210.0081.634
write_fasta0.0020.0000.003