Back to Multiple platform build/check report for BioC 3.15
ABCDEF[G]HIJKLMNOPQRSTUVWXYZ

This page was generated on 2022-01-17 11:11:11 -0500 (Mon, 17 Jan 2022).

HostnameOSArch (*)R versionInstalled pkgs
nebbiolo1Linux (Ubuntu 20.04.4 LTS)x86_64R Under development (unstable) (2022-01-05 r81451) -- "Unsuffered Consequences" 4161
riesling1Windows Server 2019 Standardx64R Under development (unstable) (2021-11-21 r81221) -- "Unsuffered Consequences" 4056
palomino3Windows Server 2022 Datacenterx64R Under development (unstable) (2021-12-21 r81400 ucrt) -- "Unsuffered Consequences" 3998
merida1macOS 10.14.6 Mojavex86_64R Under development (unstable) (2022-01-05 r81451) -- "Unsuffered Consequences" 4115
Click on any hostname to see more info about the system (e.g. compilers)      (*) as reported by 'uname -p', except on Windows and Mac OS X

CHECK results for ggbio on merida1


To the developers/maintainers of the ggbio package:
- Please allow up to 24 hours (and sometimes 48 hours) for your latest push to git@git.bioconductor.org:packages/ggbio.git to
reflect on this report. See How and When does the builder pull? When will my changes propagate? here for more information.
- Make sure to use the following settings in order to reproduce any error or warning you see on this page.

raw results

Package 772/2074HostnameOS / ArchINSTALLBUILDCHECKBUILD BIN
ggbio 1.43.0  (landing page)
Michael Lawrence
Snapshot Date: 2022-01-16 13:55:18 -0500 (Sun, 16 Jan 2022)
git_url: https://git.bioconductor.org/packages/ggbio
git_branch: master
git_last_commit: 7f5f384
git_last_commit_date: 2021-11-05 14:03:26 -0500 (Fri, 05 Nov 2021)
nebbiolo1Linux (Ubuntu 20.04.4 LTS) / x86_64  OK    OK    WARNINGS  UNNEEDED, same version is already published
riesling1Windows Server 2019 Standard / x64  OK    OK    WARNINGS    OK  
palomino3Windows Server 2022 Datacenter / x64  OK    OK    WARNINGS    OK  NO, package depends on 'BiocGenerics' which is not available
merida1macOS 10.14.6 Mojave / x86_64  OK    OK    WARNINGS    OK  UNNEEDED, same version is already published

Summary

Package: ggbio
Version: 1.43.0
Command: /Library/Frameworks/R.framework/Resources/bin/R CMD check --install=check:ggbio.install-out.txt --library=/Library/Frameworks/R.framework/Resources/library --no-vignettes --timings ggbio_1.43.0.tar.gz
StartedAt: 2022-01-17 01:17:26 -0500 (Mon, 17 Jan 2022)
EndedAt: 2022-01-17 01:33:40 -0500 (Mon, 17 Jan 2022)
EllapsedTime: 973.7 seconds
RetCode: 0
Status:   WARNINGS  
CheckDir: ggbio.Rcheck
Warnings: 2

Command output

##############################################################################
##############################################################################
###
### Running command:
###
###   /Library/Frameworks/R.framework/Resources/bin/R CMD check --install=check:ggbio.install-out.txt --library=/Library/Frameworks/R.framework/Resources/library --no-vignettes --timings ggbio_1.43.0.tar.gz
###
##############################################################################
##############################################################################


* using log directory ‘/Users/biocbuild/bbs-3.15-bioc/meat/ggbio.Rcheck’
* using R Under development (unstable) (2022-01-05 r81451)
* using platform: x86_64-apple-darwin17.0 (64-bit)
* using session charset: UTF-8
* using option ‘--no-vignettes’
* checking for file ‘ggbio/DESCRIPTION’ ... OK
* this is package ‘ggbio’ version ‘1.43.0’
* checking package namespace information ... OK
* checking package dependencies ... OK
* checking if this is a source package ... OK
* checking if there is a namespace ... OK
* checking for hidden files and directories ... NOTE
Found the following hidden files and directories:
  .git_fetch_output.txt
  .git_merge_output.txt
These were most likely included in error. See section ‘Package
structure’ in the ‘Writing R Extensions’ manual.
* checking for portable file names ... OK
* checking for sufficient/correct file permissions ... OK
* checking whether package ‘ggbio’ can be installed ... OK
* checking installed package size ... OK
* checking package directory ... OK
* checking ‘build’ directory ... OK
* checking DESCRIPTION meta-information ... OK
* checking top-level files ... OK
* checking for left-over files ... OK
* checking index information ... OK
* checking package subdirectories ... OK
* checking R files for non-ASCII characters ... OK
* checking R files for syntax errors ... OK
* checking whether the package can be loaded ... OK
* checking whether the package can be loaded with stated dependencies ... OK
* checking whether the package can be unloaded cleanly ... OK
* checking whether the namespace can be loaded with stated dependencies ... OK
* checking whether the namespace can be unloaded cleanly ... OK
* checking dependencies in R code ... NOTE
':::' call which should be '::': 'ggplot2:::set_last_plot'
  See the note in ?`:::` about the use of this operator.
Unexported objects imported by ':::' calls:
  'S4Vectors:::top_prenv' 'ggplot2:::add_ggplot' 'ggplot2:::cunion'
  'ggplot2:::rescale01'
  See the note in ?`:::` about the use of this operator.
* checking S3 generic/method consistency ... OK
* checking replacement functions ... OK
* checking foreign function calls ... OK
* checking R code for possible problems ... NOTE
.combineNames: no visible binding for global variable
  '.layout_circle.stats'
Ideogram: no visible global function definition for 'data'
Ideogram: no visible binding for global variable 'ideoCyto'
getNR: no visible global function definition for 'se'
getNR: no visible global function definition for 'indexProbesProcessed'
getNR: no visible global function definition for 'coefs'
scale_x_sequnit: no visible binding for global variable '.x'
autoplot,ExpressionSet: no visible binding for global variable
  'variable'
autoplot,RangedSummarizedExperiment: no visible binding for global
  variable 'variable'
autoplot,VCF: no visible binding for global variable 'stepping'
autoplot,VCF: no visible binding for global variable 'value'
autoplot,VRanges: no visible binding for global variable 'midpoint'
autoplot,Views: no visible binding for global variable 'x'
autoplot,Views: no visible binding for global variable 'value'
geom_alignment,BamFile: no visible binding for global variable 'fl'
geom_alignment,BamFile: no visible binding for global variable
  'stepping'
height,GGbio: no visible binding for global variable 'mt'
height,Tracked: no visible binding for global variable 'mt'
height,gg: no visible binding for global variable 'mt'
layout_karyogram,GRanges: no visible binding for global variable
  'gieStain'
layout_karyogram,GRanges: no visible binding for global variable 'x'
layout_karyogram,GRanges: no visible binding for global variable 'xend'
layout_karyogram,GRanges: no visible binding for global variable 'y2'
layout_karyogram,GRanges: no visible binding for global variable
  'yend2'
layout_karyogram,GRanges: no visible binding for global variable 'name'
plotFragLength,character-GRanges: no visible binding for global
  variable '.fragLength'
plotSpliceSum,character-EnsDb: possible error in GRangesFilter(which,
  condition = "overlapping"): unused argument (condition =
  "overlapping")
stat_mismatch,GRanges: no visible binding for global variable 'sts'
stat_mismatch,GRanges: no visible binding for global variable 'eds'
stat_mismatch,GRanges: no visible binding for global variable 'read'
Undefined global functions or variables:
  .fragLength .layout_circle.stats .x coefs data eds fl gieStain
  ideoCyto indexProbesProcessed midpoint mt name read se stepping sts
  value variable x xend y2 yend2
Consider adding
  importFrom("utils", "data")
to your NAMESPACE file.
* checking Rd files ... OK
* checking Rd metadata ... OK
* checking Rd cross-references ... OK
* checking for missing documentation entries ... WARNING
Undocumented S4 methods:
  generic '+' and siglist 'Tracks,ANY'
  generic '+' and siglist 'Tracks,Tracks'
  generic '+' and siglist 'Tracks,cartesian'
  generic '+' and siglist 'Tracks,position_c'
  generic '+' and siglist 'Tracks,theme'
  generic '+' and siglist 'Tracks,zoom'
All user-level objects in a package (including S4 classes and methods)
should have documentation entries.
See chapter ‘Writing R documentation files’ in the ‘Writing R
Extensions’ manual.
* checking for code/documentation mismatches ... WARNING
Codoc mismatches from documentation object 'geom_alignment':
\S4method{geom_alignment}{GRanges}
  Code: function(data, ..., xlab, ylab, main, facets = NULL, stat =
                 c("stepping", "identity"), range.geom = c("rect",
                 "arrowrect"), gap.geom = c("chevron", "arrow",
                 "segment"), rect.height = NULL, group.selfish = TRUE)
  Docs: function(data, ..., xlab, ylab, main, facets = NULL, stat =
                 c("stepping", "identity"), range.geom = c("rect",
                 "arrowrect"), gap.geom = c("chevron", "arrow",
                 "segment"), rect.height = NULL, group.selfish = TRUE,
                 label = TRUE)
  Argument names in docs not in code:
    label

Codoc mismatches from documentation object 'ggsave':
ggsave
  Code: function(filename, plot = last_plot(), device = NULL, path =
                 NULL, scale = 1, width = NA, height = NA, units =
                 c("in", "cm", "mm"), dpi = 300, limitsize = TRUE, ...)
  Docs: function(filename, plot = last_plot(), device =
                 default_device(filename), path = NULL, scale = 1,
                 width = par("din")[1], height = par("din")[2], units =
                 c("in", "cm", "mm"), dpi = 300, limitsize = TRUE, ...)
  Mismatches in argument default values:
    Name: 'device' Code: NULL Docs: default_device(filename)
    Name: 'width' Code: NA Docs: par("din")[1]
    Name: 'height' Code: NA Docs: par("din")[2]

* checking Rd \usage sections ... OK
* checking Rd contents ... OK
* checking for unstated dependencies in examples ... OK
* checking line endings in Makefiles ... OK
* checking for GNU extensions in Makefiles ... OK
* checking include directives in Makefiles ... OK
* checking sizes of PDF files under ‘inst/doc’ ... OK
* checking files in ‘vignettes’ ... OK
* checking examples ... OK
Examples with CPU (user + system) or elapsed time > 5s
                              user system elapsed
autoplot-method            140.581  1.806 142.802
geom_alignment-method       53.744  0.669  54.500
layout_karyogram-method     42.844  0.159  43.078
tracks                      40.448  0.161  40.710
plotRangesLinkedToData      16.914  0.140  17.086
stat_reduce-method          14.208  0.186  14.417
ggplot-method               12.404  0.085  12.518
stat_aggregate-method       12.172  0.057  12.247
layout_circle-method        11.245  0.037  11.300
geom_arrow-method            9.579  0.041   9.636
plotGrandLinear              9.217  0.087   9.328
geom_chevron-method          7.898  0.027   7.938
stat_bin-method              7.862  0.049   7.931
scale_fill_giemsa            7.763  0.021   7.796
geom_arrowrect-method        6.120  0.021   6.153
arrangeGrobByParsingLegend   5.101  0.232   5.341
geom_rect-method             5.243  0.022   5.272
stat_slice-method            5.178  0.034   6.110
geom_segment-method          5.072  0.024   5.109
* checking for unstated dependencies in ‘tests’ ... OK
* checking tests ...
  Running ‘test-all.R’
 OK
* checking for unstated dependencies in vignettes ... OK
* checking package vignettes in ‘inst/doc’ ... OK
* checking running R code from vignettes ... SKIPPED
* checking re-building of vignette outputs ... SKIPPED
* checking PDF version of manual ... OK
* DONE

Status: 2 WARNINGs, 3 NOTEs
See
  ‘/Users/biocbuild/bbs-3.15-bioc/meat/ggbio.Rcheck/00check.log’
for details.



Installation output

ggbio.Rcheck/00install.out

##############################################################################
##############################################################################
###
### Running command:
###
###   /Library/Frameworks/R.framework/Resources/bin/R CMD INSTALL ggbio
###
##############################################################################
##############################################################################


* installing to library ‘/Library/Frameworks/R.framework/Versions/4.2/Resources/library’
* installing *source* package ‘ggbio’ ...
** using staged installation
** R
** inst
** byte-compile and prepare package for lazy loading
Creating a new generic function for 'rescale' in package 'ggbio'
Creating a new generic function for 'xlim' in package 'ggbio'
Creating a new generic function for 'geom_rect' in package 'ggbio'
Creating a new generic function for 'geom_segment' in package 'ggbio'
Creating a new generic function for 'geom_bar' in package 'ggbio'
Creating a new generic function for 'stat_identity' in package 'ggbio'
Creating a new generic function for 'stat_bin' in package 'ggbio'
** help
*** installing help indices
** building package indices
** installing vignettes
** testing if installed package can be loaded from temporary location
** testing if installed package can be loaded from final location
** testing if installed package keeps a record of temporary installation path
* DONE (ggbio)

Tests output

ggbio.Rcheck/tests/test-all.Rout


R Under development (unstable) (2022-01-05 r81451) -- "Unsuffered Consequences"
Copyright (C) 2022 The R Foundation for Statistical Computing
Platform: x86_64-apple-darwin17.0 (64-bit)

R is free software and comes with ABSOLUTELY NO WARRANTY.
You are welcome to redistribute it under certain conditions.
Type 'license()' or 'licence()' for distribution details.

R is a collaborative project with many contributors.
Type 'contributors()' for more information and
'citation()' on how to cite R or R packages in publications.

Type 'demo()' for some demos, 'help()' for on-line help, or
'help.start()' for an HTML browser interface to help.
Type 'q()' to quit R.

> library(testthat)
> test_check("ggbio")
Loading required package: ggbio
Loading required package: BiocGenerics

Attaching package: 'BiocGenerics'

The following objects are masked from 'package:stats':

    IQR, mad, sd, var, xtabs

The following objects are masked from 'package:base':

    Filter, Find, Map, Position, Reduce, anyDuplicated, append,
    as.data.frame, basename, cbind, colnames, dirname, do.call,
    duplicated, eval, evalq, get, grep, grepl, intersect, is.unsorted,
    lapply, mapply, match, mget, order, paste, pmax, pmax.int, pmin,
    pmin.int, rank, rbind, rownames, sapply, setdiff, sort, table,
    tapply, union, unique, unsplit, which.max, which.min

Loading required package: ggplot2
Need specific help about ggbio? try mailing 
 the maintainer or visit https://lawremi.github.io/ggbio/

Attaching package: 'ggbio'

The following objects are masked from 'package:ggplot2':

    geom_bar, geom_rect, geom_segment, ggsave, stat_bin, stat_identity,
    xlim

[ FAIL 0 | WARN 0 | SKIP 0 | PASS 0 ]
> 
> proc.time()
   user  system elapsed 
 24.345   1.049  25.406 

Example timings

ggbio.Rcheck/ggbio-Ex.timings

nameusersystemelapsed
arrangeGrobByParsingLegend5.1010.2325.341
autoplot-method140.581 1.806142.802
geom_alignment-method53.744 0.66954.500
geom_arch-method2.5210.0562.582
geom_arrow-method9.5790.0419.636
geom_arrowrect-method6.1200.0216.153
geom_bar-method1.8260.0111.841
geom_chevron-method7.8980.0277.938
geom_rect-method5.2430.0225.272
geom_segment-method5.0720.0245.109
ggbio-class0.0090.0000.009
ggplot-method12.404 0.08512.518
layout_circle-method11.245 0.03711.300
layout_karyogram-method42.844 0.15943.078
plotFragLength0.0000.0010.000
plotGrandLinear9.2170.0879.328
plotRangesLinkedToData16.914 0.14017.086
plotSingleChrom0.0000.0000.001
plotSpliceSum000
plotStackedOverview0.0000.0000.001
rescale-method0.1920.0020.193
scale_fill_fold_change0.6290.0120.642
scale_fill_giemsa7.7630.0217.796
scale_x_sequnit0.5210.0030.524
stat_aggregate-method12.172 0.05712.247
stat_bin-method7.8620.0497.931
stat_coverage-method3.8620.0233.891
stat_gene-method0.0010.0000.000
stat_identity-method4.6780.0504.739
stat_reduce-method14.208 0.18614.417
stat_slice-method5.1780.0346.110
stat_stepping-method4.3560.0154.377
stat_table-method2.8460.0172.867
theme2.9040.0102.922
tracks40.448 0.16140.710