Back to Multiple platform build/check report for BioC 3.17:   simplified   long
ABCDEF[G]HIJKLMNOPQRSTUVWXYZ

This page was generated on 2023-03-24 11:06:48 -0400 (Fri, 24 Mar 2023).

HostnameOSArch (*)R versionInstalled pkgs
nebbiolo1Linux (Ubuntu 22.04.1 LTS)x86_64R Under development (unstable) (2023-03-16 r83996) -- "Unsuffered Consequences" 4546
palomino3Windows Server 2022 Datacenterx64R Under development (unstable) (2023-03-15 r83984 ucrt) -- "Unsuffered Consequences" 4307
merida1macOS 10.14.6 Mojavex86_64R Under development (unstable) (2023-03-16 r83985) -- "Unsuffered Consequences" 4299
Click on any hostname to see more info about the system (e.g. compilers)      (*) as reported by 'uname -p', except on Windows and Mac OS X

BUILD results for gespeR on merida1


To the developers/maintainers of the gespeR package:
- Please allow up to 24 hours (and sometimes 48 hours) for your latest push to git@git.bioconductor.org:packages/gespeR.git to
reflect on this report. See How and When does the builder pull? When will my changes propagate? for more information.
- Make sure to use the following settings in order to reproduce any error or warning you see on this page.

raw results

Package 814/2195HostnameOS / ArchINSTALLBUILDCHECKBUILD BIN
gespeR 1.31.0  (landing page)
Fabian Schmich
Snapshot Date: 2023-03-23 14:00:15 -0400 (Thu, 23 Mar 2023)
git_url: https://git.bioconductor.org/packages/gespeR
git_branch: devel
git_last_commit: c1df552
git_last_commit_date: 2022-11-01 11:10:56 -0400 (Tue, 01 Nov 2022)
nebbiolo1Linux (Ubuntu 22.04.1 LTS) / x86_64  OK    ERROR  skipped
palomino3Windows Server 2022 Datacenter / x64  OK    OK    WARNINGS    OK  UNNEEDED, same version is already published
merida1macOS 10.14.6 Mojave / x86_64  OK    ERROR  skippedskipped

Summary

Package: gespeR
Version: 1.31.0
Command: /Library/Frameworks/R.framework/Resources/bin/R CMD build --keep-empty-dirs --no-resave-data gespeR
StartedAt: 2023-03-23 18:20:32 -0400 (Thu, 23 Mar 2023)
EndedAt: 2023-03-23 18:22:25 -0400 (Thu, 23 Mar 2023)
EllapsedTime: 113.1 seconds
RetCode: 1
Status:   ERROR  
PackageFile: None
PackageFileSize: NA

Command output

##############################################################################
##############################################################################
###
### Running command:
###
###   /Library/Frameworks/R.framework/Resources/bin/R CMD build --keep-empty-dirs --no-resave-data gespeR
###
##############################################################################
##############################################################################


* checking for file ‘gespeR/DESCRIPTION’ ... OK
* preparing ‘gespeR’:
* checking DESCRIPTION meta-information ... OK
* installing the package to build vignettes
* creating vignettes ... ERROR
--- re-building ‘gespeR.Rnw’ using knitr
Error: processing vignette 'gespeR.Rnw' failed with diagnostics:
Running 'texi2dvi' on 'gespeR.tex' failed.
LaTeX errors:
! Undefined control sequence.
l.94 \Rhref
           {https://doi.org/10.18129/B9.bioc.gespeR}{doi:10.18129\slash{}B9....
The control sequence at the end of the top line
of your error message was never \def'ed. If you have
--- failed re-building ‘gespeR.Rnw’

SUMMARY: processing the following file failed:
  ‘gespeR.Rnw’

Error: Vignette re-building failed.
Execution halted