Back to Multiple platform build/check report for BioC 3.19:   simplified   long
ABC[D]EFGHIJKLMNOPQRSTUVWXYZ

This page was generated on 2024-03-01 11:37:33 -0500 (Fri, 01 Mar 2024).

HostnameOSArch (*)R versionInstalled pkgs
nebbiolo1Linux (Ubuntu 22.04.3 LTS)x86_64R Under development (unstable) (2024-01-16 r85808) -- "Unsuffered Consequences" 4676
palomino3Windows Server 2022 Datacenterx64R Under development (unstable) (2024-01-14 r85805 ucrt) -- "Unsuffered Consequences" 4414
merida1macOS 12.7.1 Montereyx86_64R Under development (unstable) (2024-01-16 r85808) -- "Unsuffered Consequences" 4441
kunpeng2Linux (openEuler 22.03 LTS-SP1)aarch64R Under development (unstable) (2024-01-16 r85812) -- "Unsuffered Consequences" 4417
Click on any hostname to see more info about the system (e.g. compilers)      (*) as reported by 'uname -p', except on Windows and Mac OS X

Package 565/2251HostnameOS / ArchINSTALLBUILDCHECKBUILD BIN
diffHic 1.35.0  (landing page)
Aaron Lun
Snapshot Date: 2024-02-28 14:00:14 -0500 (Wed, 28 Feb 2024)
git_url: https://git.bioconductor.org/packages/diffHic
git_branch: devel
git_last_commit: 16c4aaf
git_last_commit_date: 2023-10-24 10:43:16 -0500 (Tue, 24 Oct 2023)
nebbiolo1Linux (Ubuntu 22.04.3 LTS) / x86_64  OK    OK    WARNINGS  UNNEEDED, same version is already published
palomino3Windows Server 2022 Datacenter / x64  OK    ERROR  skippedskipped
merida1macOS 12.7.1 Monterey / x86_64  OK    OK    WARNINGS    OK  UNNEEDED, same version is already published
kunpeng2Linux (openEuler 22.03 LTS-SP1) / aarch64  OK    OK    WARNINGS  

BUILD results for diffHic on palomino3


To the developers/maintainers of the diffHic package:
- Allow up to 24 hours (and sometimes 48 hours) for your latest push to git@git.bioconductor.org:packages/diffHic.git to reflect on this report. See Troubleshooting Build Report for more information.
- Use the following Renviron settings to reproduce errors and warnings.
- If 'R CMD check' started to fail recently on the Linux builder(s) over a missing dependency, add the missing dependency to 'Suggests:' in your DESCRIPTION file. See Renviron.bioc for more information.

raw results


Summary

Package: diffHic
Version: 1.35.0
Command: chmod a+r diffHic -R && F:\biocbuild\bbs-3.19-bioc\R\bin\R.exe CMD build --keep-empty-dirs --no-resave-data diffHic
StartedAt: 2024-02-28 19:57:03 -0500 (Wed, 28 Feb 2024)
EndedAt: 2024-02-28 19:59:27 -0500 (Wed, 28 Feb 2024)
EllapsedTime: 143.7 seconds
RetCode: 1
Status:   ERROR  
PackageFile: None
PackageFileSize: NA

Command output

##############################################################################
##############################################################################
###
### Running command:
###
###   chmod a+r diffHic -R && F:\biocbuild\bbs-3.19-bioc\R\bin\R.exe CMD build --keep-empty-dirs --no-resave-data diffHic
###
##############################################################################
##############################################################################


* checking for file 'diffHic/DESCRIPTION' ... OK
* preparing 'diffHic':
* checking DESCRIPTION meta-information ... OK
* cleaning src
* installing the package to build vignettes
* creating vignettes ... ERROR
--- re-building 'diffHic.Rnw' using Sweave
Warning in system(paste(shQuote(texi2dvi), "--version"), intern = TRUE) :
  running command '"C:\PROGRA~1\MiKTeX\miktex\bin\x64\texify.exe" --version' had status 1033
Warning in system(paste(shQuote(texi2dvi), if (quiet) "--quiet" else "",  :
  running command '"C:\PROGRA~1\MiKTeX\miktex\bin\x64\texify.exe" --quiet --pdf "diffHic.tex" ' had status 1033
Error: processing vignette 'diffHic.Rnw' failed with diagnostics:
Failed to locate 'texi2pdf' output file 'diffHic.pdf' for vignette with name 'diffHic' and engine 'utils::Sweave'. The following files exist in working directory 'F:\biocbuild\bbs-3.19-bioc\tmpdir\RtmpqoJjxA\Rbuild3ee83e8175ba\diffHic\vignettes': 'diffHic.Rnw' (1669 bytes), 'diffHic.tex' (1730 bytes)
--- failed re-building 'diffHic.Rnw'

SUMMARY: processing the following file failed:
  'diffHic.Rnw'

Error: Vignette re-building failed.
Execution halted