Back to Multiple platform build/check report for BioC 3.19:   simplified   long
AB[C]DEFGHIJKLMNOPQRSTUVWXYZ

This page was generated on 2023-11-30 11:39:27 -0500 (Thu, 30 Nov 2023).

HostnameOSArch (*)R versionInstalled pkgs
nebbiolo1Linux (Ubuntu 22.04.2 LTS)x86_64R Under development (unstable) (2023-11-11 r85510) -- "Unsuffered Consequences" 4601
palomino3Windows Server 2022 Datacenterx64R Under development (unstable) (2023-11-14 r85524 ucrt) -- "Unsuffered Consequences" 4343
merida1macOS 12.7.1 Montereyx86_64R Under development (unstable) (2023-11-11 r85510) -- "Unsuffered Consequences" 4368
kunpeng2Linux (openEuler 22.03 LTS-SP1)aarch64R Under development (unstable) (2023-11-01 r85459) -- "Unsuffered Consequences" 4253
Click on any hostname to see more info about the system (e.g. compilers)      (*) as reported by 'uname -p', except on Windows and Mac OS X

Package 406/2225HostnameOS / ArchINSTALLBUILDCHECKBUILD BIN
compartmap 1.21.0  (landing page)
Benjamin Johnson
Snapshot Date: 2023-11-29 14:00:17 -0500 (Wed, 29 Nov 2023)
git_url: https://git.bioconductor.org/packages/compartmap
git_branch: devel
git_last_commit: 2525625
git_last_commit_date: 2023-10-24 11:09:25 -0500 (Tue, 24 Oct 2023)
nebbiolo1Linux (Ubuntu 22.04.2 LTS) / x86_64  OK    OK    ERROR  
palomino3Windows Server 2022 Datacenter / x64  OK    OK    OK    OK  UNNEEDED, same version is already published
merida1macOS 12.7.1 Monterey / x86_64  OK    OK    OK    OK  UNNEEDED, same version is already published
kunpeng2Linux (openEuler 22.03 LTS-SP1) / aarch64  OK    OK    WARNINGS  

CHECK results for compartmap on kunpeng2


To the developers/maintainers of the compartmap package:
- Allow up to 24 hours (and sometimes 48 hours) for your latest push to git@git.bioconductor.org:packages/compartmap.git to reflect on this report. See Troubleshooting Build Report for more information.
- Use the following Renviron settings to reproduce errors and warnings.
- If 'R CMD check' started to fail recently on the Linux builder(s) over a missing dependency, add the missing dependency to 'Suggests:' in your DESCRIPTION file. See Renviron.bioc for more information.
- See Martin Grigorov's blog post for how to debug Linux ARM64 related issues on a x86_64 host.

raw results


Summary

Package: compartmap
Version: 1.21.0
Command: /home/biocbuild/R/R-4.4-devel-2023.11.02/bin/R CMD check --install=check:compartmap.install-out.txt --library=/home/biocbuild/R/R-4.4-devel-2023.11.02/site-library --no-vignettes --timings compartmap_1.21.0.tar.gz
StartedAt: 2023-11-30 03:35:17 -0000 (Thu, 30 Nov 2023)
EndedAt: 2023-11-30 03:42:41 -0000 (Thu, 30 Nov 2023)
EllapsedTime: 444.8 seconds
RetCode: 0
Status:   WARNINGS  
CheckDir: compartmap.Rcheck
Warnings: 1

Command output

##############################################################################
##############################################################################
###
### Running command:
###
###   /home/biocbuild/R/R-4.4-devel-2023.11.02/bin/R CMD check --install=check:compartmap.install-out.txt --library=/home/biocbuild/R/R-4.4-devel-2023.11.02/site-library --no-vignettes --timings compartmap_1.21.0.tar.gz
###
##############################################################################
##############################################################################


* using log directory ‘/home/biocbuild/bbs-3.19-bioc/meat/compartmap.Rcheck’
* using R Under development (unstable) (2023-11-01 r85459)
* using platform: aarch64-unknown-linux-gnu
* R was compiled by
    gcc (GCC) 10.3.1
    GNU Fortran (GCC) 10.3.1
* running under: openEuler 22.03 (LTS-SP1)
* using session charset: UTF-8
* using option ‘--no-vignettes’
* checking for file ‘compartmap/DESCRIPTION’ ... OK
* checking extension type ... Package
* this is package ‘compartmap’ version ‘1.21.0’
* package encoding: UTF-8
* checking package namespace information ... OK
* checking package dependencies ... OK
* checking if this is a source package ... OK
* checking if there is a namespace ... OK
* checking for hidden files and directories ... OK
* checking for portable file names ... OK
* checking for sufficient/correct file permissions ... OK
* checking whether package ‘compartmap’ can be installed ... OK
* checking installed package size ... OK
* checking package directory ... OK
* checking ‘build’ directory ... OK
* checking DESCRIPTION meta-information ... OK
* checking top-level files ... OK
* checking for left-over files ... OK
* checking index information ... OK
* checking package subdirectories ... OK
* checking R files for non-ASCII characters ... OK
* checking R files for syntax errors ... OK
* checking whether the package can be loaded ... OK
* checking whether the package can be loaded with stated dependencies ... OK
* checking whether the package can be unloaded cleanly ... OK
* checking whether the namespace can be loaded with stated dependencies ... OK
* checking whether the namespace can be unloaded cleanly ... OK
* checking loading without being on the library search path ... OK
* checking dependencies in R code ... NOTE
package 'methods' is used but not declared
* checking S3 generic/method consistency ... OK
* checking replacement functions ... OK
* checking foreign function calls ... OK
* checking R code for possible problems ... NOTE
.ebayes: no visible global function definition for ‘sd’
.jse: no visible global function definition for ‘sd’
.unitarize: no visible global function definition for ‘median’
.window.mean: no visible global function definition for ‘weighted.mean’
.window.mean.rcpp: no visible global function definition for
  ‘weighted.mean’
.window.mean.rcpp: no visible binding for global variable ‘x’
checkAssayType: no visible global function definition for ‘is’
condenseRE: no visible global function definition for ‘is’
condenseSE: no visible global function definition for ‘is’
estRMT: no visible global function definition for ‘cov’
estRMT : <anonymous>: no visible global function definition for ‘optim’
extractOpenClosed: no visible global function definition for ‘is’
filterCompartments: no visible global function definition for ‘is’
fixCompartments: no visible global function definition for ‘is’
getATACABsignal : atacCompartments: no visible global function
  definition for ‘keepSeqlevels’
getATACABsignal : atacCompartments: no visible global function
  definition for ‘as’
getATACABsignal : <anonymous>: no visible global function definition
  for ‘as’
getATACABsignal: no visible global function definition for ‘as’
getBinMatrix: no visible global function definition for ‘IRanges’
getCorMatrix: no visible global function definition for ‘cor’
getDenoisedCorMatrix: no visible global function definition for
  ‘keepSeqlevels’
getDomainInflections: no visible global function definition for ‘is’
getDomainInflections: no visible global function definition for ‘data’
getDomainInflections: no visible global function definition for
  ‘seqlengths’
getDomainInflections: no visible global function definition for
  ‘queryHits’
getDomainInflections: no visible global function definition for
  ‘subjectHits’
getDomainInflections : .getInflections: no visible global function
  definition for ‘IRanges’
getDomainInflections: no visible global function definition for ‘as’
getRNAABsignal : atacCompartments: no visible global function
  definition for ‘keepSeqlevels’
getRNAABsignal : atacCompartments: no visible global function
  definition for ‘as’
getRNAABsignal : <anonymous>: no visible global function definition for
  ‘as’
getRNAABsignal: no visible global function definition for ‘as’
getSVD: no visible global function definition for ‘cor’
getSeqLengths: no visible global function definition for ‘data’
getSeqLengths: no visible global function definition for ‘seqlevels’
getSeqLengths: no visible global function definition for ‘seqlengths’
hdf5TFIDF: no visible global function definition for ‘is’
hdf5TFIDF: no visible global function definition for ‘as’
importBigWig: no visible global function definition for
  ‘seqlevelsStyle<-’
importBigWig: no visible global function definition for ‘seqlengths’
importBigWig: no visible global function definition for
  ‘keepStandardChromosomes’
importBigWig: no visible global function definition for ‘keepSeqlevels’
importBigWig: no visible global function definition for ‘seqlevels’
importBigWig: no visible global function definition for ‘SimpleList’
meanSmoother: no visible global function definition for ‘median’
plotAB: no visible global function definition for ‘is’
plotAB: no visible global function definition for ‘keepSeqlevels’
plotAB: no visible global function definition for ‘as’
plotAB: no visible global function definition for ‘par’
plotAB: no visible global function definition for ‘barplot’
plotAB: no visible global function definition for ‘abline’
plotAB: no visible global function definition for ‘median’
plotCorMatrix: no visible binding for global variable ‘Var2’
plotCorMatrix: no visible binding for global variable ‘Var1’
plotCorMatrix: no visible binding for global variable ‘value’
precomputeBootstrapMeans : <anonymous>: no visible global function
  definition for ‘SimpleList’
sparseToDenseMatrix: no visible global function definition for ‘as’
sparseToDenseMatrix : <anonymous>: no visible global function
  definition for ‘as’
summarizeBootstraps : <anonymous>: no visible global function
  definition for ‘subjectHits’
summarizeBootstraps : <anonymous>: no visible global function
  definition for ‘queryHits’
transformTFIDF: no visible global function definition for ‘is’
as.matrix,GRanges: no visible global function definition for ‘as’
coerce,GRanges-matrix: no visible global function definition for ‘as’
coerce,matrix-GRanges: no visible global function definition for ‘as’
granges,matrix: no visible global function definition for ‘as’
Undefined global functions or variables:
  IRanges SimpleList Var1 Var2 abline as barplot cor cov data is
  keepSeqlevels keepStandardChromosomes median optim par queryHits sd
  seqlengths seqlevels seqlevelsStyle<- subjectHits value weighted.mean
  x
Consider adding
  importFrom("graphics", "abline", "barplot", "par")
  importFrom("methods", "as", "is")
  importFrom("stats", "cor", "cov", "median", "optim", "sd",
             "weighted.mean")
  importFrom("utils", "data")
to your NAMESPACE file (and ensure that your DESCRIPTION Imports field
contains 'methods').
* checking Rd files ... NOTE
prepare_Rd: filterCompartments.Rd:22-24: Dropping empty section \examples
prepare_Rd: fixCompartments.Rd:24-26: Dropping empty section \examples
prepare_Rd: summarizeBootstraps.Rd:24-26: Dropping empty section \examples
* checking Rd metadata ... OK
* checking Rd cross-references ... OK
* checking for missing documentation entries ... OK
* checking for code/documentation mismatches ... OK
* checking Rd \usage sections ... OK
* checking Rd contents ... OK
* checking for unstated dependencies in examples ... OK
* checking contents of ‘data’ directory ... OK
* checking data for non-ASCII characters ... WARNING
  Error loading dataset 'k562_scatac_chr14':
   Error in .requirePackage(package) : 
    unable to find required package 'csaw'
  
  Error loading dataset 'ss3_umi_sce':
   Error in .requirePackage(package) : 
    unable to find required package 'SingleCellExperiment'
  
  The dataset(s) may use package(s) not declared in Depends/Imports.
* checking data for ASCII and uncompressed saves ... OK
* checking files in ‘vignettes’ ... OK
* checking examples ... OK
Examples with CPU (user + system) or elapsed time > 5s
                     user system elapsed
scCompartments    149.486  0.579 150.327
getDenoisedMatrix  12.716  0.140  12.883
* checking for unstated dependencies in vignettes ... OK
* checking package vignettes in ‘inst/doc’ ... OK
* checking running R code from vignettes ... SKIPPED
* checking re-building of vignette outputs ... SKIPPED
* checking PDF version of manual ... OK
* DONE

Status: 1 WARNING, 3 NOTEs
See
  ‘/home/biocbuild/bbs-3.19-bioc/meat/compartmap.Rcheck/00check.log’
for details.



Installation output

compartmap.Rcheck/00install.out

##############################################################################
##############################################################################
###
### Running command:
###
###   /home/biocbuild/R/R-4.4-devel-2023.11.02/bin/R CMD INSTALL compartmap
###
##############################################################################
##############################################################################


* installing to library ‘/home/biocbuild/R/R-4.4-devel-2023.11.02/site-library’
* installing *source* package ‘compartmap’ ...
** using staged installation
** R
** data
** inst
** byte-compile and prepare package for lazy loading
** help
*** installing help indices
*** copying figures
** building package indices
** installing vignettes
** testing if installed package can be loaded from temporary location
** testing if installed package can be loaded from final location
** testing if installed package keeps a record of temporary installation path
* DONE (compartmap)

Tests output


Example timings

compartmap.Rcheck/compartmap-Ex.timings

nameusersystemelapsed
agrestiCoullCI0.0020.0000.001
bootstrapCompartments000
checkAssayType0.1120.0080.120
condenseRE0.5760.0200.597
condenseSE0.4720.0200.493
estRMT0.2120.0000.212
extractOpenClosed0.0260.0000.026
fexpit0.0040.0000.004
fisherZ0.0020.0000.002
flogit0.0010.0000.002
getABSignal0.3020.0110.315
getATACABsignal4.2630.0684.339
getAssayNames0.1200.0040.125
getBinMatrix0.2140.0080.222
getChrs0.1160.0040.121
getCorMatrix0.2180.0040.223
getDenoisedMatrix12.716 0.14012.883
getDomainInflections2.2950.0322.332
getGlobalMeans0.3280.0080.336
getMatrixBlocks0.0090.0000.009
getSVD0.0090.0000.009
getSeqLengths0.0000.0020.002
getShrinkageTargets0.0000.0000.001
hdf5TFIDF0.2590.0040.264
ifisherZ0.0020.0000.002
meanSmoother1.9700.0001.974
plotAB0.2750.0200.296
plotCorMatrix0.0450.0000.045
precomputeBootstrapMeans0.7000.0080.710
scCompartments149.486 0.579150.327
shrinkBins2.3620.0042.371
sparseToDenseMatrix0.020.000.02
transformTFIDF0.0190.0000.019