Back to Multiple platform build/check report for BioC 3.18: simplified long |
|
This page was generated on 2023-09-23 11:36:07 -0400 (Sat, 23 Sep 2023).
Hostname | OS | Arch (*) | R version | Installed pkgs |
---|---|---|---|---|
nebbiolo2 | Linux (Ubuntu 22.04.2 LTS) | x86_64 | 4.3.1 (2023-06-16) -- "Beagle Scouts" | 4659 |
palomino4 | Windows Server 2022 Datacenter | x64 | 4.3.1 (2023-06-16 ucrt) -- "Beagle Scouts" | 4394 |
lconway | macOS 12.6.5 Monterey | x86_64 | 4.3.1 Patched (2023-06-17 r84564) -- "Beagle Scouts" | 4408 |
kunpeng2 | Linux (openEuler 22.03 LTS-SP1) | aarch64 | 4.3.1 (2023-06-16) -- "Beagle Scouts" | 4397 |
Click on any hostname to see more info about the system (e.g. compilers) (*) as reported by 'uname -p', except on Windows and Mac OS X |
Package 410/2233 | Hostname | OS / Arch | INSTALL | BUILD | CHECK | BUILD BIN | ||||||||
compEpiTools 1.35.1 (landing page) Mattia Furlan
| nebbiolo2 | Linux (Ubuntu 22.04.2 LTS) / x86_64 | OK | OK | WARNINGS | ![]() | ||||||||
palomino4 | Windows Server 2022 Datacenter / x64 | OK | OK | WARNINGS | OK | ![]() | ||||||||
lconway | macOS 12.6.5 Monterey / x86_64 | OK | OK | WARNINGS | OK | ![]() | ||||||||
kunpeng2 | Linux (openEuler 22.03 LTS-SP1) / aarch64 | OK | OK | WARNINGS | ||||||||||
To the developers/maintainers of the compEpiTools package: - Allow up to 24 hours (and sometimes 48 hours) for your latest push to git@git.bioconductor.org:packages/compEpiTools.git to reflect on this report. See Troubleshooting Build Report for more information. - Use the following Renviron settings to reproduce errors and warnings. - If 'R CMD check' started to fail recently on the Linux builder(s) over a missing dependency, add the missing dependency to 'Suggests:' in your DESCRIPTION file. See Renviron.bioc for more information. |
Package: compEpiTools |
Version: 1.35.1 |
Command: /home/biocbuild/bbs-3.18-bioc/R/bin/R CMD check --install=check:compEpiTools.install-out.txt --library=/home/biocbuild/bbs-3.18-bioc/R/site-library --timings compEpiTools_1.35.1.tar.gz |
StartedAt: 2023-09-22 20:27:33 -0400 (Fri, 22 Sep 2023) |
EndedAt: 2023-09-22 20:35:18 -0400 (Fri, 22 Sep 2023) |
EllapsedTime: 465.4 seconds |
RetCode: 0 |
Status: WARNINGS |
CheckDir: compEpiTools.Rcheck |
Warnings: 1 |
############################################################################## ############################################################################## ### ### Running command: ### ### /home/biocbuild/bbs-3.18-bioc/R/bin/R CMD check --install=check:compEpiTools.install-out.txt --library=/home/biocbuild/bbs-3.18-bioc/R/site-library --timings compEpiTools_1.35.1.tar.gz ### ############################################################################## ############################################################################## * using log directory ‘/home/biocbuild/bbs-3.18-bioc/meat/compEpiTools.Rcheck’ * using R version 4.3.1 (2023-06-16) * using platform: x86_64-pc-linux-gnu (64-bit) * R was compiled by gcc (Ubuntu 11.3.0-1ubuntu1~22.04.1) 11.3.0 GNU Fortran (Ubuntu 11.3.0-1ubuntu1~22.04.1) 11.3.0 * running under: Ubuntu 22.04.3 LTS * using session charset: UTF-8 * checking for file ‘compEpiTools/DESCRIPTION’ ... OK * checking extension type ... Package * this is package ‘compEpiTools’ version ‘1.35.1’ * checking package namespace information ... OK * checking package dependencies ... OK * checking if this is a source package ... OK * checking if there is a namespace ... OK * checking for hidden files and directories ... OK * checking for portable file names ... OK * checking for sufficient/correct file permissions ... OK * checking whether package ‘compEpiTools’ can be installed ... OK * checking installed package size ... OK * checking package directory ... OK * checking ‘build’ directory ... OK * checking DESCRIPTION meta-information ... OK * checking top-level files ... OK * checking for left-over files ... OK * checking index information ... OK * checking package subdirectories ... OK * checking R files for non-ASCII characters ... OK * checking R files for syntax errors ... OK * checking whether the package can be loaded ... OK * checking whether the package can be loaded with stated dependencies ... OK * checking whether the package can be unloaded cleanly ... OK * checking whether the namespace can be loaded with stated dependencies ... OK * checking whether the namespace can be unloaded cleanly ... OK * checking loading without being on the library search path ... OK * checking dependencies in R code ... OK * checking S3 generic/method consistency ... OK * checking replacement functions ... OK * checking foreign function calls ... OK * checking R code for possible problems ... NOTE TSS: no visible global function definition for 'end<-' TSS: no visible global function definition for 'start<-' findLncRNA: no visible global function definition for 'start<-' findLncRNA: no visible global function definition for 'end<-' findLncRNA: no visible global function definition for 'IRanges' stallingIndex : getBound: no visible global function definition for 'start<-' stallingIndex : getBound: no visible global function definition for 'end<-' stallingIndex: no visible global function definition for 'IRanges' topGOres : <anonymous>: no visible global function definition for 'ggplot' topGOres : <anonymous>: no visible global function definition for 'aes' topGOres : <anonymous>: no visible binding for global variable 'Significant' topGOres : <anonymous>: no visible binding for global variable 'P_val' topGOres : <anonymous>: no visible global function definition for 'geom_bar' topGOres : <anonymous>: no visible global function definition for 'coord_flip' topGOres : <anonymous>: no visible global function definition for 'ylab' ucsc2GRanges: no visible global function definition for 'IRanges' GR2fasta,GRanges: no visible global function definition for 'seqlengths' GR2fasta,GRanges: no visible global function definition for 'seqlengths<-' GR2fasta,GRanges: no visible global function definition for 'trim' GRangesInPromoters,GRanges: no visible global function definition for 'start<-' GRannotate,GRanges: no visible global function definition for 'start<-' GRannotate,GRanges: no visible global function definition for 'end<-' GRcoverageSummit,GRanges: no visible global function definition for 'start<-' GRcoverageSummit,GRanges: no visible global function definition for 'end<-' GRmidpoint,GRanges: no visible global function definition for 'start<-' GRmidpoint,GRanges: no visible global function definition for 'end<-' GRsetwidth,GRanges: no visible global function definition for 'start<-' GRsetwidth,GRanges: no visible global function definition for 'end<-' countOverlapsInBins,GRanges: no visible global function definition for 'IRanges' featuresLength,TxDb: no visible global function definition for 'reduce' getPromoterClass,TxDb: no visible binding for global variable 'txdb' getPromoterClass,TxDb: no visible global function definition for 'start<-' makeGtfFromDb,TxDb: no visible global function definition for 'reduce' matchEnhancers,GRanges: no visible global function definition for 'distanceToNearest' matchEnhancers,GRanges: no visible global function definition for 'IRanges' Undefined global functions or variables: IRanges P_val Significant aes coord_flip distanceToNearest end<- geom_bar ggplot reduce seqlengths seqlengths<- start<- trim txdb ylab * checking Rd files ... OK * checking Rd metadata ... OK * checking Rd cross-references ... OK * checking for missing documentation entries ... OK * checking for code/documentation mismatches ... OK * checking Rd \usage sections ... OK * checking Rd contents ... OK * checking for unstated dependencies in examples ... OK * checking files in ‘vignettes’ ... OK * checking examples ... WARNING Found the following significant warnings: Warning: 'applyPileups' is deprecated. Warning: 'applyPileups' is deprecated. Warning: 'applyPileups' is deprecated. Warning: 'applyPileups' is deprecated. Warning: 'applyPileups' is deprecated. Warning: 'applyPileups' is deprecated. Warning: 'applyPileups' is deprecated. Warning: 'applyPileups' is deprecated. Warning: 'applyPileups' is deprecated. Warning: 'applyPileups' is deprecated. Warning: 'applyPileups' is deprecated. Warning: 'applyPileups' is deprecated. Deprecated functions may be defunct as soon as of the next release of R. See ?Deprecated. Examples with CPU (user + system) or elapsed time > 5s user system elapsed topGOres 27.634 0.376 28.010 getPromoterClass-methods 1.855 0.101 19.986 * checking for unstated dependencies in vignettes ... OK * checking package vignettes in ‘inst/doc’ ... OK * checking running R code from vignettes ... ‘compEpiTools.rnw’... OK NONE * checking re-building of vignette outputs ... OK * checking PDF version of manual ... OK * DONE Status: 1 WARNING, 1 NOTE See ‘/home/biocbuild/bbs-3.18-bioc/meat/compEpiTools.Rcheck/00check.log’ for details.
compEpiTools.Rcheck/00install.out
############################################################################## ############################################################################## ### ### Running command: ### ### /home/biocbuild/bbs-3.18-bioc/R/bin/R CMD INSTALL compEpiTools ### ############################################################################## ############################################################################## * installing to library ‘/home/biocbuild/bbs-3.18-bioc/R/site-library’ * installing *source* package ‘compEpiTools’ ... ** using staged installation ** R ** inst ** byte-compile and prepare package for lazy loading groupGOTerms: GOBPTerm, GOMFTerm, GOCCTerm environments built. ** help *** installing help indices ** building package indices ** installing vignettes ** testing if installed package can be loaded from temporary location groupGOTerms: GOBPTerm, GOMFTerm, GOCCTerm environments built. ** testing if installed package can be loaded from final location groupGOTerms: GOBPTerm, GOMFTerm, GOCCTerm environments built. ** testing if installed package keeps a record of temporary installation path * DONE (compEpiTools)
compEpiTools.Rcheck/compEpiTools-Ex.timings
name | user | system | elapsed | |
GR2fasta-methods | 0.413 | 0.016 | 0.429 | |
GRanges2ucsc-methods | 0.009 | 0.000 | 0.009 | |
GRangesInPromoters-methods | 2.947 | 0.096 | 3.044 | |
GRannotate-methods | 3.361 | 0.064 | 3.425 | |
GRannotateSimple | 0.604 | 0.008 | 0.613 | |
GRbaseCoverage-methods | 0.062 | 0.000 | 0.063 | |
GRcoverage-methods | 0.109 | 0.004 | 0.113 | |
GRcoverageSummit-methods | 0.055 | 0.000 | 0.054 | |
GRenrichment-methods | 0.068 | 0.000 | 0.068 | |
GRmidpoint-methods | 0.024 | 0.000 | 0.023 | |
GRsetwidth | 0.033 | 0.000 | 0.032 | |
TSS | 1.197 | 0.032 | 1.228 | |
countOverlapsInBins-methods | 0.115 | 0.000 | 0.115 | |
distanceFromTSS-methods | 1.771 | 0.028 | 1.800 | |
enhancers | 0.364 | 0.012 | 0.377 | |
findLncRNA | 0.645 | 0.015 | 0.663 | |
getPromoterClass-methods | 1.855 | 0.101 | 19.986 | |
heatmapData | 1.014 | 0.004 | 1.018 | |
heatmapPlot | 2.448 | 0.124 | 2.572 | |
makeGtfFromDb | 2.996 | 0.072 | 3.068 | |
matchEnhancers | 1.531 | 0.040 | 1.571 | |
overlapOfGRanges-methods | 0.047 | 0.000 | 0.047 | |
palette2d | 0.043 | 0.004 | 0.047 | |
plotStallingIndex | 2.115 | 0.008 | 2.124 | |
simplifyGOterms | 0.448 | 0.044 | 0.617 | |
stallingIndex | 2.124 | 0.020 | 2.144 | |
topGOres | 27.634 | 0.376 | 28.010 | |
ucsc2GRanges | 0.012 | 0.000 | 0.013 | |
unionMaxScore-methods | 0.107 | 0.004 | 0.111 | |