Back to Multiple platform build/check report for BioC 3.16
AB[C]DEFGHIJKLMNOPQRSTUVWXYZ

This page was generated on 2022-06-24 11:06:13 -0400 (Fri, 24 Jun 2022).

HostnameOSArch (*)R versionInstalled pkgs
nebbiolo2Linux (Ubuntu 20.04.4 LTS)x86_644.2.0 Patched (2022-06-02 r82447) -- "Vigorous Calisthenics" 4331
palomino4Windows Server 2022 Datacenterx644.2.0 Patched (2022-06-02 r82447 ucrt) -- "Vigorous Calisthenics" 4136
lconwaymacOS 12.2.1 Montereyx86_644.2.0 Patched (2022-05-29 r82424) -- "Vigorous Calisthenics" 4147
Click on any hostname to see more info about the system (e.g. compilers)      (*) as reported by 'uname -p', except on Windows and Mac OS X

CHECK results for chipseq on palomino4


To the developers/maintainers of the chipseq package:
- Please allow up to 24 hours (and sometimes 48 hours) for your latest push to git@git.bioconductor.org:packages/chipseq.git to
reflect on this report. See How and When does the builder pull? When will my changes propagate? for more information.
- Make sure to use the following settings in order to reproduce any error or warning you see on this page.

raw results

Package 309/2118HostnameOS / ArchINSTALLBUILDCHECKBUILD BIN
chipseq 1.47.0  (landing page)
Bioconductor Package Maintainer
Snapshot Date: 2022-06-23 14:00:04 -0400 (Thu, 23 Jun 2022)
git_url: https://git.bioconductor.org/packages/chipseq
git_branch: master
git_last_commit: 06ed2fe
git_last_commit_date: 2022-04-26 11:03:08 -0400 (Tue, 26 Apr 2022)
nebbiolo2Linux (Ubuntu 20.04.4 LTS) / x86_64  OK    OK    WARNINGS  UNNEEDED, same version is already published
palomino4Windows Server 2022 Datacenter / x64  OK    OK    WARNINGS    OK  UNNEEDED, same version is already published
lconwaymacOS 12.2.1 Monterey / x86_64  OK    OK    WARNINGS    OK  UNNEEDED, same version is already published

Summary

Package: chipseq
Version: 1.47.0
Command: F:\biocbuild\bbs-3.16-bioc\R\bin\R.exe CMD check --force-multiarch --install=check:chipseq.install-out.txt --library=F:\biocbuild\bbs-3.16-bioc\R\library --no-vignettes --timings chipseq_1.47.0.tar.gz
StartedAt: 2022-06-24 00:09:14 -0400 (Fri, 24 Jun 2022)
EndedAt: 2022-06-24 00:12:29 -0400 (Fri, 24 Jun 2022)
EllapsedTime: 194.3 seconds
RetCode: 0
Status:   WARNINGS  
CheckDir: chipseq.Rcheck
Warnings: 3

Command output

##############################################################################
##############################################################################
###
### Running command:
###
###   F:\biocbuild\bbs-3.16-bioc\R\bin\R.exe CMD check --force-multiarch --install=check:chipseq.install-out.txt --library=F:\biocbuild\bbs-3.16-bioc\R\library --no-vignettes --timings chipseq_1.47.0.tar.gz
###
##############################################################################
##############################################################################


* using log directory 'F:/biocbuild/bbs-3.16-bioc/meat/chipseq.Rcheck'
* using R version 4.2.0 Patched (2022-06-02 r82447 ucrt)
* using platform: x86_64-w64-mingw32 (64-bit)
* using session charset: UTF-8
* using option '--no-vignettes'
* checking for file 'chipseq/DESCRIPTION' ... OK
* this is package 'chipseq' version '1.47.0'
* checking package namespace information ... OK
* checking package dependencies ... OK
* checking if this is a source package ... OK
* checking if there is a namespace ... OK
* checking for hidden files and directories ... OK
* checking for portable file names ... OK
* checking whether package 'chipseq' can be installed ... OK
* checking installed package size ... OK
* checking package directory ... OK
* checking 'build' directory ... OK
* checking DESCRIPTION meta-information ... NOTE
Malformed Description field: should contain one or more complete sentences.
Packages listed in more than one of Depends, Imports, Suggests, Enhances:
  'methods' 'BiocGenerics' 'IRanges' 'GenomicRanges' 'ShortRead'
A package should be listed in only one of these fields.
* checking top-level files ... OK
* checking for left-over files ... OK
* checking index information ... OK
* checking package subdirectories ... OK
* checking R files for non-ASCII characters ... OK
* checking R files for syntax errors ... OK
* checking whether the package can be loaded ... OK
* checking whether the package can be loaded with stated dependencies ... OK
* checking whether the package can be unloaded cleanly ... OK
* checking whether the namespace can be loaded with stated dependencies ... OK
* checking whether the namespace can be unloaded cleanly ... OK
* checking dependencies in R code ... OK
* checking S3 generic/method consistency ... OK
* checking replacement functions ... OK
* checking foreign function calls ... OK
* checking R code for possible problems ... NOTE
.genomicContext: no visible global function definition for
  'transcripts'
.genomicContext: no visible global function definition for 'cdsBy'
.genomicContext: no visible global function definition for
  'threeUTRsByTranscript'
.genomicContext: no visible global function definition for
  'fiveUTRsByTranscript'
.genomicContext: no visible global function definition for
  'intronsByTranscript'
.nearestTss: no visible global function definition for 'transcripts'
.nearestTss: no visible global function definition for 'seqlevels<-'
.nearestTss: no visible global function definition for 'seqlevels'
applyPosByChrAndStrand: no visible global function definition for
  'seqnames'
correlation.estimate: no visible binding for global variable 'mu'
correlation.estimate: no visible binding for global variable 'corr'
correlationProfile : <anonymous>: no visible global function definition
  for 'subseq'
coverage.estimate: no visible binding for global variable 'mu'
coverage.estimate: no visible binding for global variable 'covered'
islandDepthPlot: no visible binding for global variable 'depth'
islandDepthPlot : <anonymous>: no visible global function definition
  for 'panel.lines'
islandDepthPlot : <anonymous>: no visible global function definition
  for 'panel.xyplot'
laneSubsample: no visible global function definition for 'seqnames'
laneSubsample: no visible global function definition for 'GRangesList'
subsetSummary: no visible global function definition for 'seqlengths'
subsetSummary: no visible global function definition for 'GRanges'
subsetSummary: no visible global function definition for 'seqnames'
subsetSummary: no visible global function definition for 'seqlengths<-'
diffPeakSummary,RleViewsList-RleViewsList: no visible global function
  definition for 'GRanges'
estimate.mean.fraglen,GRanges: no visible global function definition
  for 'seqnames'
peakSummary,RleViewsList: no visible global function definition for
  'GRanges'
Undefined global functions or variables:
  GRanges GRangesList cdsBy corr covered depth fiveUTRsByTranscript
  intronsByTranscript mu panel.lines panel.xyplot seqlengths
  seqlengths<- seqlevels seqlevels<- seqnames subseq
  threeUTRsByTranscript transcripts
* checking Rd files ... OK
* checking Rd metadata ... OK
* checking Rd cross-references ... OK
* checking for missing documentation entries ... WARNING
Undocumented S4 methods:
  generic 'densityCorr' and siglist 'GenomicRanges'
  generic 'densityCorr' and siglist 'list'
All user-level objects in a package (including S4 classes and methods)
should have documentation entries.
See chapter 'Writing R documentation files' in the 'Writing R
Extensions' manual.
* checking for code/documentation mismatches ... WARNING
Codoc mismatches from documentation object 'estimate.mean.fraglen':
densityCorr
  Code: function(x, ...)
  Docs: function(x, shift = seq(0, 500, 5), center = FALSE, width =
                 seqLen * 2L, seqLen = 100L, maxDist = 500L, ...)
  Argument names in docs not in code:
    shift center width seqLen maxDist
  Mismatches in argument names:
    Position: 2 Code: ... Docs: shift

* checking Rd \usage sections ... OK
* checking Rd contents ... OK
* checking for unstated dependencies in examples ... WARNING
'library' or 'require' call not declared from: 'BSgenome.Mmusculus.UCSC.mm9'
* checking contents of 'data' directory ... OK
* checking data for non-ASCII characters ... OK
* checking data for ASCII and uncompressed saves ... OK
* checking line endings in C/C++/Fortran sources/headers ... OK
* checking compiled code ... NOTE
Note: information on .o files for x64 is not available
File 'F:/biocbuild/bbs-3.16-bioc/R/library/chipseq/libs/x64/chipseq.dll':
  Found 'abort', possibly from 'abort' (C), 'runtime' (Fortran)

Compiled code should not call entry points which might terminate R nor
write to stdout/stderr instead of to the console, nor use Fortran I/O
nor system RNGs. The detected symbols are linked into the code but
might come from libraries and not actually be called.

See 'Writing portable packages' in the 'Writing R Extensions' manual.
* checking sizes of PDF files under 'inst/doc' ... OK
* checking files in 'vignettes' ... OK
* checking examples ... OK
Examples with CPU (user + system) or elapsed time > 5s
                user system elapsed
diffPeakSummary 5.86   0.14       6
* checking for unstated dependencies in vignettes ... OK
* checking package vignettes in 'inst/doc' ... OK
* checking running R code from vignettes ... SKIPPED
* checking re-building of vignette outputs ... SKIPPED
* checking PDF version of manual ... OK
* DONE

Status: 3 WARNINGs, 3 NOTEs
See
  'F:/biocbuild/bbs-3.16-bioc/meat/chipseq.Rcheck/00check.log'
for details.



Installation output

chipseq.Rcheck/00install.out

##############################################################################
##############################################################################
###
### Running command:
###
###   C:\cygwin\bin\curl.exe -O http://155.52.207.166/BBS/3.16/bioc/src/contrib/chipseq_1.47.0.tar.gz && rm -rf chipseq.buildbin-libdir && mkdir chipseq.buildbin-libdir && F:\biocbuild\bbs-3.16-bioc\R\bin\R.exe CMD INSTALL --merge-multiarch --build --library=chipseq.buildbin-libdir chipseq_1.47.0.tar.gz && F:\biocbuild\bbs-3.16-bioc\R\bin\R.exe CMD INSTALL chipseq_1.47.0.zip && rm chipseq_1.47.0.tar.gz chipseq_1.47.0.zip
###
##############################################################################
##############################################################################


  % Total    % Received % Xferd  Average Speed   Time    Time     Time  Current
                                 Dload  Upload   Total   Spent    Left  Speed

  0     0    0     0    0     0      0      0 --:--:-- --:--:-- --:--:--     0
100 1707k  100 1707k    0     0  9857k      0 --:--:-- --:--:-- --:--:-- 9927k
only one architecture so ignoring '--merge-multiarch'
* installing *source* package 'chipseq' ...
** using staged installation
** libs
gcc  -I"F:/biocbuild/bbs-3.16-bioc/R/include" -DNDEBUG     -I"C:/rtools42/x86_64-w64-mingw32.static.posix/include"     -O2 -Wall  -std=gnu99 -mfpmath=sse -msse2 -mstackrealign  -c rlesumprod.c -o rlesumprod.o
gcc -shared -s -static-libgcc -o chipseq.dll tmp.def rlesumprod.o -LC:/rtools42/x86_64-w64-mingw32.static.posix/lib/x64 -LC:/rtools42/x86_64-w64-mingw32.static.posix/lib -LF:/biocbuild/bbs-3.16-bioc/R/bin/x64 -lR
installing to F:/biocbuild/bbs-3.16-bioc/meat/chipseq.buildbin-libdir/00LOCK-chipseq/00new/chipseq/libs/x64
** R
** data
** inst
** byte-compile and prepare package for lazy loading
** help
*** installing help indices
** building package indices
** installing vignettes
** testing if installed package can be loaded from temporary location
** testing if installed package can be loaded from final location
** testing if installed package keeps a record of temporary installation path
* MD5 sums
packaged installation of 'chipseq' as chipseq_1.47.0.zip
* DONE (chipseq)
* installing to library 'F:/biocbuild/bbs-3.16-bioc/R/library'
package 'chipseq' successfully unpacked and MD5 sums checked

Tests output


Example timings

chipseq.Rcheck/chipseq-Ex.timings

nameusersystemelapsed
chipseqFilter0.250.000.26
coverageplot0.080.000.08
cstest0.20.00.2
diffPeakSummary5.860.146.00
estimate.mean.fraglen2.550.342.89
islandDepthPlot0.900.060.97
laneSubsample0.390.000.39
peakCutoff0.890.020.91