Back to Multiple platform build/check report for BioC 3.19:   simplified   long
ABCDEFGHIJKL[M]NOPQRSTUVWXYZ

This page was generated on 2024-02-21 12:53:13 -0500 (Wed, 21 Feb 2024).

HostnameOSArch (*)R versionInstalled pkgs
nebbiolo1Linux (Ubuntu 22.04.3 LTS)x86_64R Under development (unstable) (2024-01-16 r85808) -- "Unsuffered Consequences" 4657
palomino3Windows Server 2022 Datacenterx64R Under development (unstable) (2024-01-14 r85805 ucrt) -- "Unsuffered Consequences" 4397
Click on any hostname to see more info about the system (e.g. compilers)      (*) as reported by 'uname -p', except on Windows and Mac OS X

Package 1273/2244HostnameOS / ArchINSTALLBUILDCHECKBUILD BIN
MMAPPR2 1.17.1  (landing page)
Jonathon Hill
Snapshot Date: 2024-02-20 14:10:09 -0500 (Tue, 20 Feb 2024)
git_url: https://git.bioconductor.org/packages/MMAPPR2
git_branch: devel
git_last_commit: b0b2960
git_last_commit_date: 2023-11-14 08:32:44 -0500 (Tue, 14 Nov 2023)
nebbiolo1Linux (Ubuntu 22.04.3 LTS) / x86_64  OK    ERROR  skipped
palomino3Windows Server 2022 Datacenter / x64... NOT SUPPORTED ...

BUILD results for MMAPPR2 on nebbiolo1


To the developers/maintainers of the MMAPPR2 package:
- Allow up to 24 hours (and sometimes 48 hours) for your latest push to git@git.bioconductor.org:packages/MMAPPR2.git to reflect on this report. See Troubleshooting Build Report for more information.
- Use the following Renviron settings to reproduce errors and warnings.
- If 'R CMD check' started to fail recently on the Linux builder(s) over a missing dependency, add the missing dependency to 'Suggests:' in your DESCRIPTION file. See Renviron.bioc for more information.

raw results


Summary

Package: MMAPPR2
Version: 1.17.1
Command: /home/biocbuild/bbs-3.19-bioc/R/bin/R CMD build --keep-empty-dirs --no-resave-data MMAPPR2
StartedAt: 2024-02-20 18:04:45 -0500 (Tue, 20 Feb 2024)
EndedAt: 2024-02-20 18:06:17 -0500 (Tue, 20 Feb 2024)
EllapsedTime: 91.9 seconds
RetCode: 1
Status:   ERROR  
PackageFile: None
PackageFileSize: NA

Command output

##############################################################################
##############################################################################
###
### Running command:
###
###   /home/biocbuild/bbs-3.19-bioc/R/bin/R CMD build --keep-empty-dirs --no-resave-data MMAPPR2
###
##############################################################################
##############################################################################


* checking for file ‘MMAPPR2/DESCRIPTION’ ... OK
* preparing ‘MMAPPR2’:
* checking DESCRIPTION meta-information ... OK
* installing the package to build vignettes
* creating vignettes ... ERROR
--- re-building ‘MMAPPR2.Rmd’ using rmarkdown
running: bash  -c "# Cooking show code to account for cases when samtools is not installed
echo '#!/bin/bash' > /tmp/samtools
chmod 755 /tmp/samtools"
Smartmatch is experimental at /usr/local/ensembl-vep/modules/Bio/EnsEMBL/VEP/AnnotationSource/File.pm line 472.

-------------------- EXCEPTION --------------------
MSG: ERROR: Cannot use format gff without Bio::DB::HTS::Tabix module installed

STACK Bio::EnsEMBL::VEP::AnnotationSource::File::new /usr/local/ensembl-vep/modules/Bio/EnsEMBL/VEP/AnnotationSource/File.pm:177
STACK Bio::EnsEMBL::VEP::AnnotationSourceAdaptor::get_all_custom /usr/local/ensembl-vep/modules/Bio/EnsEMBL/VEP/AnnotationSourceAdaptor.pm:272
STACK Bio::EnsEMBL::VEP::AnnotationSourceAdaptor::get_all /usr/local/ensembl-vep/modules/Bio/EnsEMBL/VEP/AnnotationSourceAdaptor.pm:94
STACK Bio::EnsEMBL::VEP::BaseRunner::get_all_AnnotationSources /usr/local/ensembl-vep/modules/Bio/EnsEMBL/VEP/BaseRunner.pm:170
STACK Bio::EnsEMBL::VEP::Runner::init /usr/local/ensembl-vep/modules/Bio/EnsEMBL/VEP/Runner.pm:128
STACK Bio::EnsEMBL::VEP::Runner::run /usr/local/ensembl-vep/modules/Bio/EnsEMBL/VEP/Runner.pm:200
STACK toplevel /usr/local/ensembl-vep/vep:46
Date (localtime)    = Tue Feb 20 18:06:00 2024
Ensembl API version = 110
---------------------------------------------------
Smartmatch is experimental at /usr/local/ensembl-vep/modules/Bio/EnsEMBL/VEP/AnnotationSource/File.pm line 472.

-------------------- EXCEPTION --------------------
MSG: ERROR: Cannot use format gff without Bio::DB::HTS::Tabix module installed

STACK Bio::EnsEMBL::VEP::AnnotationSource::File::new /usr/local/ensembl-vep/modules/Bio/EnsEMBL/VEP/AnnotationSource/File.pm:177
STACK Bio::EnsEMBL::VEP::AnnotationSourceAdaptor::get_all_custom /usr/local/ensembl-vep/modules/Bio/EnsEMBL/VEP/AnnotationSourceAdaptor.pm:272
STACK Bio::EnsEMBL::VEP::AnnotationSourceAdaptor::get_all /usr/local/ensembl-vep/modules/Bio/EnsEMBL/VEP/AnnotationSourceAdaptor.pm:94
STACK Bio::EnsEMBL::VEP::BaseRunner::get_all_AnnotationSources /usr/local/ensembl-vep/modules/Bio/EnsEMBL/VEP/BaseRunner.pm:170
STACK Bio::EnsEMBL::VEP::Runner::init /usr/local/ensembl-vep/modules/Bio/EnsEMBL/VEP/Runner.pm:128
STACK Bio::EnsEMBL::VEP::Runner::run /usr/local/ensembl-vep/modules/Bio/EnsEMBL/VEP/Runner.pm:200
STACK toplevel /usr/local/ensembl-vep/vep:46
Date (localtime)    = Tue Feb 20 18:06:16 2024
Ensembl API version = 110
---------------------------------------------------

Quitting from lines 128-135 [mmappr-steps] (MMAPPR2.Rmd)
Error: processing vignette 'MMAPPR2.Rmd' failed with diagnostics:
file(s) do not exist:
  '/tmp/Rtmpx90pri/file2443852eb8b580'
--- failed re-building ‘MMAPPR2.Rmd’

SUMMARY: processing the following file failed:
  ‘MMAPPR2.Rmd’

Error: Vignette re-building failed.
Execution halted