Back to Multiple platform build/check report for BioC 3.17
ABCDEF[G]HIJKLMNOPQRSTUVWXYZ

This page was generated on 2023-01-28 11:08:56 -0500 (Sat, 28 Jan 2023).

HostnameOSArch (*)R versionInstalled pkgs
nebbiolo1Linux (Ubuntu 22.04.1 LTS)x86_64R Under development (unstable) (2023-01-10 r83596) -- "Unsuffered Consequences" 4465
palomino3Windows Server 2022 Datacenterx64R Under development (unstable) (2023-01-10 r83596 ucrt) -- "Unsuffered Consequences" 4246
merida1macOS 10.14.6 Mojavex86_64R Under development (unstable) (2023-01-10 r83596) -- "Unsuffered Consequences" 4269
Click on any hostname to see more info about the system (e.g. compilers)      (*) as reported by 'uname -p', except on Windows and Mac OS X

CHECK results for Gviz on merida1


To the developers/maintainers of the Gviz package:
- Please allow up to 24 hours (and sometimes 48 hours) for your latest push to git@git.bioconductor.org:packages/Gviz.git to
reflect on this report. See How and When does the builder pull? When will my changes propagate? for more information.
- Make sure to use the following settings in order to reproduce any error or warning you see on this page.

raw results

Package 868/2162HostnameOS / ArchINSTALLBUILDCHECKBUILD BIN
Gviz 1.43.0  (landing page)
Robert Ivanek
Snapshot Date: 2023-01-27 14:00:19 -0500 (Fri, 27 Jan 2023)
git_url: https://git.bioconductor.org/packages/Gviz
git_branch: master
git_last_commit: aefa8d1
git_last_commit_date: 2022-11-01 11:06:41 -0500 (Tue, 01 Nov 2022)
nebbiolo1Linux (Ubuntu 22.04.1 LTS) / x86_64  OK    OK    ERROR  
palomino3Windows Server 2022 Datacenter / x64  OK    OK    WARNINGS    NA  
merida1macOS 10.14.6 Mojave / x86_64  OK    OK    WARNINGS    OK  UNNEEDED, same version is already published

Summary

Package: Gviz
Version: 1.43.0
Command: /Library/Frameworks/R.framework/Resources/bin/R CMD check --install=check:Gviz.install-out.txt --library=/Library/Frameworks/R.framework/Resources/library --no-vignettes --timings Gviz_1.43.0.tar.gz
StartedAt: 2023-01-28 02:14:32 -0500 (Sat, 28 Jan 2023)
EndedAt: 2023-01-28 02:34:15 -0500 (Sat, 28 Jan 2023)
EllapsedTime: 1183.5 seconds
RetCode: 0
Status:   WARNINGS  
CheckDir: Gviz.Rcheck
Warnings: 1

Command output

##############################################################################
##############################################################################
###
### Running command:
###
###   /Library/Frameworks/R.framework/Resources/bin/R CMD check --install=check:Gviz.install-out.txt --library=/Library/Frameworks/R.framework/Resources/library --no-vignettes --timings Gviz_1.43.0.tar.gz
###
##############################################################################
##############################################################################


* using log directory ‘/Users/biocbuild/bbs-3.17-bioc/meat/Gviz.Rcheck’
* using R Under development (unstable) (2023-01-10 r83596)
* using platform: x86_64-apple-darwin17.0 (64-bit)
* R was compiled by
    Apple clang version 12.0.0 (clang-1200.0.32.29)
    GNU Fortran (GCC) 8.2.0
* running under: macOS Mojave 10.14.6
* using session charset: UTF-8
* using option ‘--no-vignettes’
* checking for file ‘Gviz/DESCRIPTION’ ... OK
* this is package ‘Gviz’ version ‘1.43.0’
* package encoding: UTF-8
* checking package namespace information ... OK
* checking package dependencies ... OK
* checking if this is a source package ... OK
* checking if there is a namespace ... OK
* checking for hidden files and directories ... OK
* checking for portable file names ... OK
* checking for sufficient/correct file permissions ... OK
* checking whether package ‘Gviz’ can be installed ... OK
* checking installed package size ... NOTE
  installed size is  5.1Mb
  sub-directories of 1Mb or more:
    R         1.7Mb
    extdata   2.5Mb
* checking package directory ... OK
* checking ‘build’ directory ... OK
* checking DESCRIPTION meta-information ... OK
* checking top-level files ... OK
* checking for left-over files ... OK
* checking index information ... OK
* checking package subdirectories ... OK
* checking R files for non-ASCII characters ... OK
* checking R files for syntax errors ... OK
* checking whether the package can be loaded ... OK
* checking whether the package can be loaded with stated dependencies ... OK
* checking whether the package can be unloaded cleanly ... OK
* checking whether the namespace can be loaded with stated dependencies ... OK
* checking whether the namespace can be unloaded cleanly ... OK
* checking dependencies in R code ... OK
* checking S3 generic/method consistency ... OK
* checking replacement functions ... OK
* checking foreign function calls ... OK
* checking R code for possible problems ... OK
* checking Rd files ... WARNING
checkRd: (5) AlignmentsTrack-class.Rd:131-134: \item in \describe must have non-empty label
checkRd: (5) AlignmentsTrack-class.Rd:136-142: \item in \describe must have non-empty label
checkRd: (5) AlignmentsTrack-class.Rd:144-151: \item in \describe must have non-empty label
checkRd: (5) AlignmentsTrack-class.Rd:153-161: \item in \describe must have non-empty label
checkRd: (5) DataTrack-class.Rd:129-143: \item in \describe must have non-empty label
checkRd: (5) DataTrack-class.Rd:145-149: \item in \describe must have non-empty label
checkRd: (5) DataTrack-class.Rd:151-157: \item in \describe must have non-empty label
checkRd: (5) DataTrack-class.Rd:159-163: \item in \describe must have non-empty label
checkRd: (5) DataTrack-class.Rd:250: \item in \describe must have non-empty label
checkRd: (5) DataTrack-class.Rd:252-255: \item in \describe must have non-empty label
checkRd: (5) DataTrack-class.Rd:257: \item in \describe must have non-empty label
checkRd: (5) DataTrack-class.Rd:259: \item in \describe must have non-empty label
checkRd: (5) DataTrack-class.Rd:261: \item in \describe must have non-empty label
checkRd: (5) DataTrack-class.Rd:263: \item in \describe must have non-empty label
checkRd: (5) DataTrack-class.Rd:265-267: \item in \describe must have non-empty label
checkRd: (5) DataTrack-class.Rd:269: \item in \describe must have non-empty label
checkRd: (5) DataTrack-class.Rd:271-272: \item in \describe must have non-empty label
checkRd: (5) DataTrack-class.Rd:274-276: \item in \describe must have non-empty label
checkRd: (5) DataTrack-class.Rd:278-280: \item in \describe must have non-empty label
checkRd: (5) DataTrack-class.Rd:282-287: \item in \describe must have non-empty label
checkRd: (5) DataTrack-class.Rd:289-293: \item in \describe must have non-empty label
checkRd: (5) DataTrack-class.Rd:295-298: \item in \describe must have non-empty label
checkRd: (5) DataTrack-class.Rd:300-305: \item in \describe must have non-empty label
checkRd: (5) DataTrack-class.Rd:307-313: \item in \describe must have non-empty label
checkRd: (5) DataTrack-class.Rd:315-322: \item in \describe must have non-empty label
checkRd: (5) GeneRegionTrack-class.Rd:135-144: \item in \describe must have non-empty label
checkRd: (5) GeneRegionTrack-class.Rd:146-152: \item in \describe must have non-empty label
checkRd: (5) GeneRegionTrack-class.Rd:154-162: \item in \describe must have non-empty label
checkRd: (5) GeneRegionTrack-class.Rd:164-173: \item in \describe must have non-empty label
checkRd: (5) GeneRegionTrack-class.Rd:175-183: \item in \describe must have non-empty label
checkRd: (5) GeneRegionTrack-class.Rd:185-189: \item in \describe must have non-empty label
checkRd: (5) HighlightTrack-class.Rd:61-62: \item in \describe must have non-empty label
checkRd: (5) HighlightTrack-class.Rd:64-67: \item in \describe must have non-empty label
checkRd: (5) HighlightTrack-class.Rd:69-73: \item in \describe must have non-empty label
checkRd: (5) SequenceTrack-class.Rd:125-127: \item in \describe must have non-empty label
checkRd: (5) SequenceTrack-class.Rd:129-132: \item in \describe must have non-empty label
checkRd: (5) SequenceTrack-class.Rd:134-138: \item in \describe must have non-empty label
checkRd: (5) settings.Rd:104-105: \item in \describe must have non-empty label
checkRd: (5) settings.Rd:107-108: \item in \describe must have non-empty label
checkRd: (5) settings.Rd:110-111: \item in \describe must have non-empty label
checkRd: (5) settings.Rd:113-114: \item in \describe must have non-empty label
checkRd: (5) settings.Rd:116-117: \item in \describe must have non-empty label
checkRd: (5) settings.Rd:119-120: \item in \describe must have non-empty label
checkRd: (5) settings.Rd:122-123: \item in \describe must have non-empty label
checkRd: (5) settings.Rd:125-126: \item in \describe must have non-empty label
checkRd: (5) settings.Rd:128-129: \item in \describe must have non-empty label
checkRd: (5) settings.Rd:131-132: \item in \describe must have non-empty label
checkRd: (5) settings.Rd:134-136: \item in \describe must have non-empty label
checkRd: (5) settings.Rd:138-139: \item in \describe must have non-empty label
checkRd: (5) settings.Rd:141-142: \item in \describe must have non-empty label
checkRd: (5) settings.Rd:144-145: \item in \describe must have non-empty label
checkRd: (5) settings.Rd:147-150: \item in \describe must have non-empty label
checkRd: (5) settings.Rd:152-153: \item in \describe must have non-empty label
checkRd: (5) settings.Rd:155-156: \item in \describe must have non-empty label
checkRd: (5) settings.Rd:158-161: \item in \describe must have non-empty label
checkRd: (5) settings.Rd:163-164: \item in \describe must have non-empty label
checkRd: (5) settings.Rd:166-167: \item in \describe must have non-empty label
checkRd: (5) settings.Rd:169-170: \item in \describe must have non-empty label
checkRd: (5) settings.Rd:172-174: \item in \describe must have non-empty label
checkRd: (5) settings.Rd:176-177: \item in \describe must have non-empty label
checkRd: (5) settings.Rd:185-186: \item in \describe must have non-empty label
checkRd: (5) settings.Rd:188-189: \item in \describe must have non-empty label
checkRd: (5) settings.Rd:191-192: \item in \describe must have non-empty label
checkRd: (5) settings.Rd:194-195: \item in \describe must have non-empty label
checkRd: (5) settings.Rd:197-199: \item in \describe must have non-empty label
checkRd: (5) settings.Rd:201-204: \item in \describe must have non-empty label
checkRd: (5) settings.Rd:206-207: \item in \describe must have non-empty label
checkRd: (5) settings.Rd:209-210: \item in \describe must have non-empty label
checkRd: (5) settings.Rd:212-214: \item in \describe must have non-empty label
checkRd: (5) settings.Rd:216-217: \item in \describe must have non-empty label
checkRd: (5) settings.Rd:219-220: \item in \describe must have non-empty label
checkRd: (5) settings.Rd:222-223: \item in \describe must have non-empty label
checkRd: (5) settings.Rd:225-227: \item in \describe must have non-empty label
checkRd: (5) settings.Rd:229-231: \item in \describe must have non-empty label
checkRd: (5) settings.Rd:233-234: \item in \describe must have non-empty label
checkRd: (5) settings.Rd:236-237: \item in \describe must have non-empty label
checkRd: (5) settings.Rd:239-240: \item in \describe must have non-empty label
checkRd: (5) settings.Rd:242-243: \item in \describe must have non-empty label
checkRd: (5) settings.Rd:245-246: \item in \describe must have non-empty label
checkRd: (5) settings.Rd:248-249: \item in \describe must have non-empty label
checkRd: (5) settings.Rd:251-252: \item in \describe must have non-empty label
checkRd: (5) settings.Rd:254-255: \item in \describe must have non-empty label
checkRd: (5) settings.Rd:257-259: \item in \describe must have non-empty label
checkRd: (5) settings.Rd:261-263: \item in \describe must have non-empty label
checkRd: (5) settings.Rd:265-266: \item in \describe must have non-empty label
checkRd: (5) settings.Rd:268-270: \item in \describe must have non-empty label
checkRd: (5) settings.Rd:272-274: \item in \describe must have non-empty label
checkRd: (5) settings.Rd:276-278: \item in \describe must have non-empty label
checkRd: (5) settings.Rd:280-282: \item in \describe must have non-empty label
checkRd: (5) settings.Rd:284-286: \item in \describe must have non-empty label
checkRd: (5) settings.Rd:288-290: \item in \describe must have non-empty label
checkRd: (5) settings.Rd:292-293: \item in \describe must have non-empty label
checkRd: (5) settings.Rd:295-296: \item in \describe must have non-empty label
checkRd: (5) settings.Rd:298-299: \item in \describe must have non-empty label
checkRd: (5) settings.Rd:309-311: \item in \describe must have non-empty label
checkRd: (5) settings.Rd:313-319: \item in \describe must have non-empty label
checkRd: (5) settings.Rd:321-324: \item in \describe must have non-empty label
checkRd: (5) settings.Rd:326-327: \item in \describe must have non-empty label
checkRd: (5) settings.Rd:329-330: \item in \describe must have non-empty label
checkRd: (5) settings.Rd:332-335: \item in \describe must have non-empty label
checkRd: (5) settings.Rd:337-338: \item in \describe must have non-empty label
checkRd: (5) settings.Rd:340-341: \item in \describe must have non-empty label
checkRd: (5) settings.Rd:343-344: \item in \describe must have non-empty label
checkRd: (5) settings.Rd:346-347: \item in \describe must have non-empty label
checkRd: (5) settings.Rd:349-350: \item in \describe must have non-empty label
checkRd: (5) settings.Rd:352-354: \item in \describe must have non-empty label
checkRd: (5) settings.Rd:356-357: \item in \describe must have non-empty label
checkRd: (5) settings.Rd:359-360: \item in \describe must have non-empty label
checkRd: (5) settings.Rd:362-363: \item in \describe must have non-empty label
checkRd: (5) settings.Rd:365-366: \item in \describe must have non-empty label
checkRd: (5) settings.Rd:368-369: \item in \describe must have non-empty label
checkRd: (5) settings.Rd:371-372: \item in \describe must have non-empty label
checkRd: (5) settings.Rd:374-375: \item in \describe must have non-empty label
checkRd: (5) settings.Rd:377-379: \item in \describe must have non-empty label
checkRd: (5) settings.Rd:381-382: \item in \describe must have non-empty label
checkRd: (5) settings.Rd:384-388: \item in \describe must have non-empty label
checkRd: (5) settings.Rd:390-391: \item in \describe must have non-empty label
checkRd: (5) settings.Rd:393-395: \item in \describe must have non-empty label
checkRd: (5) settings.Rd:397-398: \item in \describe must have non-empty label
checkRd: (5) settings.Rd:400-402: \item in \describe must have non-empty label
checkRd: (5) settings.Rd:404-405: \item in \describe must have non-empty label
checkRd: (5) settings.Rd:407-409: \item in \describe must have non-empty label
checkRd: (5) settings.Rd:411-412: \item in \describe must have non-empty label
checkRd: (5) settings.Rd:414-415: \item in \describe must have non-empty label
checkRd: (5) settings.Rd:417-422: \item in \describe must have non-empty label
checkRd: (5) settings.Rd:424-425: \item in \describe must have non-empty label
checkRd: (5) settings.Rd:427-428: \item in \describe must have non-empty label
checkRd: (5) settings.Rd:430-431: \item in \describe must have non-empty label
checkRd: (5) settings.Rd:433-434: \item in \describe must have non-empty label
checkRd: (5) settings.Rd:436-437: \item in \describe must have non-empty label
checkRd: (5) settings.Rd:439-445: \item in \describe must have non-empty label
checkRd: (5) settings.Rd:447-449: \item in \describe must have non-empty label
checkRd: (5) settings.Rd:451-453: \item in \describe must have non-empty label
checkRd: (5) settings.Rd:455-457: \item in \describe must have non-empty label
checkRd: (5) settings.Rd:459-460: \item in \describe must have non-empty label
checkRd: (5) settings.Rd:462-463: \item in \describe must have non-empty label
checkRd: (5) settings.Rd:465-466: \item in \describe must have non-empty label
checkRd: (5) settings.Rd:468-470: \item in \describe must have non-empty label
checkRd: (5) settings.Rd:472-473: \item in \describe must have non-empty label
checkRd: (5) settings.Rd:475-476: \item in \describe must have non-empty label
checkRd: (5) settings.Rd:478-480: \item in \describe must have non-empty label
checkRd: (5) settings.Rd:482-483: \item in \describe must have non-empty label
checkRd: (5) settings.Rd:485-487: \item in \describe must have non-empty label
checkRd: (5) settings.Rd:489-490: \item in \describe must have non-empty label
checkRd: (5) settings.Rd:492-493: \item in \describe must have non-empty label
checkRd: (5) settings.Rd:495-496: \item in \describe must have non-empty label
checkRd: (5) settings.Rd:498-499: \item in \describe must have non-empty label
checkRd: (5) settings.Rd:501-502: \item in \describe must have non-empty label
checkRd: (5) settings.Rd:504-505: \item in \describe must have non-empty label
checkRd: (5) settings.Rd:507-508: \item in \describe must have non-empty label
checkRd: (5) settings.Rd:510-511: \item in \describe must have non-empty label
checkRd: (5) settings.Rd:513-514: \item in \describe must have non-empty label
checkRd: (5) settings.Rd:516-518: \item in \describe must have non-empty label
checkRd: (5) settings.Rd:520-522: \item in \describe must have non-empty label
checkRd: (5) settings.Rd:524-526: \item in \describe must have non-empty label
checkRd: (5) settings.Rd:528-529: \item in \describe must have non-empty label
checkRd: (5) settings.Rd:531-535: \item in \describe must have non-empty label
checkRd: (5) settings.Rd:537-543: \item in \describe must have non-empty label
checkRd: (5) settings.Rd:545-546: \item in \describe must have non-empty label
checkRd: (5) settings.Rd:548-554: \item in \describe must have non-empty label
checkRd: (5) settings.Rd:556-557: \item in \describe must have non-empty label
checkRd: (5) settings.Rd:559-560: \item in \describe must have non-empty label
checkRd: (5) settings.Rd:562-564: \item in \describe must have non-empty label
checkRd: (5) settings.Rd:572-573: \item in \describe must have non-empty label
checkRd: (5) settings.Rd:575-576: \item in \describe must have non-empty label
checkRd: (5) settings.Rd:578-579: \item in \describe must have non-empty label
checkRd: (5) settings.Rd:581-582: \item in \describe must have non-empty label
checkRd: (5) settings.Rd:584-585: \item in \describe must have non-empty label
checkRd: (5) settings.Rd:587-589: \item in \describe must have non-empty label
checkRd: (5) settings.Rd:591-594: \item in \describe must have non-empty label
checkRd: (5) settings.Rd:596-597: \item in \describe must have non-empty label
checkRd: (5) settings.Rd:599-600: \item in \describe must have non-empty label
checkRd: (5) settings.Rd:602-603: \item in \describe must have non-empty label
checkRd: (5) settings.Rd:605-607: \item in \describe must have non-empty label
checkRd: (5) settings.Rd:609-610: \item in \describe must have non-empty label
checkRd: (5) settings.Rd:612-613: \item in \describe must have non-empty label
checkRd: (5) settings.Rd:615-616: \item in \describe must have non-empty label
checkRd: (5) settings.Rd:618-620: \item in \describe must have non-empty label
checkRd: (5) settings.Rd:622-623: \item in \describe must have non-empty label
checkRd: (5) settings.Rd:625-626: \item in \describe must have non-empty label
checkRd: (5) settings.Rd:628-629: \item in \describe must have non-empty label
checkRd: (5) settings.Rd:631-632: \item in \describe must have non-empty label
checkRd: (5) settings.Rd:634-635: \item in \describe must have non-empty label
checkRd: (5) settings.Rd:637-638: \item in \describe must have non-empty label
checkRd: (5) settings.Rd:640-641: \item in \describe must have non-empty label
checkRd: (5) settings.Rd:643-644: \item in \describe must have non-empty label
checkRd: (5) settings.Rd:646-647: \item in \describe must have non-empty label
checkRd: (5) settings.Rd:649-651: \item in \describe must have non-empty label
checkRd: (5) settings.Rd:653-655: \item in \describe must have non-empty label
checkRd: (5) settings.Rd:657-658: \item in \describe must have non-empty label
checkRd: (5) settings.Rd:660-661: \item in \describe must have non-empty label
checkRd: (5) settings.Rd:663-665: \item in \describe must have non-empty label
checkRd: (5) settings.Rd:667-669: \item in \describe must have non-empty label
checkRd: (5) settings.Rd:671-673: \item in \describe must have non-empty label
checkRd: (5) settings.Rd:675-677: \item in \describe must have non-empty label
checkRd: (5) settings.Rd:679-681: \item in \describe must have non-empty label
checkRd: (5) settings.Rd:683-685: \item in \describe must have non-empty label
checkRd: (5) settings.Rd:687-688: \item in \describe must have non-empty label
checkRd: (5) settings.Rd:690-691: \item in \describe must have non-empty label
checkRd: (5) settings.Rd:693-698: \item in \describe must have non-empty label
checkRd: (5) settings.Rd:700-701: \item in \describe must have non-empty label
checkRd: (5) settings.Rd:711-712: \item in \describe must have non-empty label
checkRd: (5) settings.Rd:714-715: \item in \describe must have non-empty label
checkRd: (5) settings.Rd:717-719: \item in \describe must have non-empty label
checkRd: (5) settings.Rd:721-722: \item in \describe must have non-empty label
checkRd: (5) settings.Rd:724-725: \item in \describe must have non-empty label
checkRd: (5) settings.Rd:727-728: \item in \describe must have non-empty label
checkRd: (5) settings.Rd:730-731: \item in \describe must have non-empty label
checkRd: (5) settings.Rd:733-734: \item in \describe must have non-empty label
checkRd: (5) settings.Rd:736-737: \item in \describe must have non-empty label
checkRd: (5) settings.Rd:739-740: \item in \describe must have non-empty label
checkRd: (5) settings.Rd:742-743: \item in \describe must have non-empty label
checkRd: (5) settings.Rd:745-746: \item in \describe must have non-empty label
checkRd: (5) settings.Rd:748-749: \item in \describe must have non-empty label
checkRd: (5) settings.Rd:751-752: \item in \describe must have non-empty label
checkRd: (5) settings.Rd:754-755: \item in \describe must have non-empty label
checkRd: (5) settings.Rd:757-758: \item in \describe must have non-empty label
checkRd: (5) settings.Rd:760-761: \item in \describe must have non-empty label
checkRd: (5) settings.Rd:763-764: \item in \describe must have non-empty label
checkRd: (5) settings.Rd:766-767: \item in \describe must have non-empty label
checkRd: (5) settings.Rd:769-771: \item in \describe must have non-empty label
checkRd: (5) settings.Rd:779-780: \item in \describe must have non-empty label
checkRd: (5) settings.Rd:782-783: \item in \describe must have non-empty label
checkRd: (5) settings.Rd:785-786: \item in \describe must have non-empty label
checkRd: (5) settings.Rd:788-789: \item in \describe must have non-empty label
checkRd: (5) settings.Rd:791-793: \item in \describe must have non-empty label
checkRd: (5) settings.Rd:795-798: \item in \describe must have non-empty label
checkRd: (5) settings.Rd:800-801: \item in \describe must have non-empty label
checkRd: (5) settings.Rd:803-804: \item in \describe must have non-empty label
checkRd: (5) settings.Rd:806-808: \item in \describe must have non-empty label
checkRd: (5) settings.Rd:810-811: \item in \describe must have non-empty label
checkRd: (5) settings.Rd:813-814: \item in \describe must have non-empty label
checkRd: (5) settings.Rd:816-817: \item in \describe must have non-empty label
checkRd: (5) settings.Rd:819-821: \item in \describe must have non-empty label
checkRd: (5) settings.Rd:823-824: \item in \describe must have non-empty label
checkRd: (5) settings.Rd:826-827: \item in \describe must have non-empty label
checkRd: (5) settings.Rd:829-830: \item in \describe must have non-empty label
checkRd: (5) settings.Rd:832-833: \item in \describe must have non-empty label
checkRd: (5) settings.Rd:835-836: \item in \describe must have non-empty label
checkRd: (5) settings.Rd:838-839: \item in \describe must have non-empty label
checkRd: (5) settings.Rd:841-843: \item in \describe must have non-empty label
checkRd: (5) settings.Rd:845-846: \item in \describe must have non-empty label
checkRd: (5) settings.Rd:848-850: \item in \describe must have non-empty label
checkRd: (5) settings.Rd:852-854: \item in \describe must have non-empty label
checkRd: (5) settings.Rd:856-858: \item in \describe must have non-empty label
checkRd: (5) settings.Rd:860-862: \item in \describe must have non-empty label
checkRd: (5) settings.Rd:864-866: \item in \describe must have non-empty label
checkRd: (5) settings.Rd:868-870: \item in \describe must have non-empty label
checkRd: (5) settings.Rd:872-873: \item in \describe must have non-empty label
checkRd: (5) settings.Rd:875-876: \item in \describe must have non-empty label
checkRd: (5) settings.Rd:878-879: \item in \describe must have non-empty label
checkRd: (5) settings.Rd:889-890: \item in \describe must have non-empty label
checkRd: (5) settings.Rd:892-893: \item in \describe must have non-empty label
checkRd: (5) settings.Rd:895-896: \item in \describe must have non-empty label
checkRd: (5) settings.Rd:898-899: \item in \describe must have non-empty label
checkRd: (5) settings.Rd:901-903: \item in \describe must have non-empty label
checkRd: (5) settings.Rd:905-906: \item in \describe must have non-empty label
checkRd: (5) settings.Rd:908-911: \item in \describe must have non-empty label
checkRd: (5) settings.Rd:913-915: \item in \describe must have non-empty label
checkRd: (5) settings.Rd:917-918: \item in \describe must have non-empty label
checkRd: (5) settings.Rd:920-921: \item in \describe must have non-empty label
checkRd: (5) settings.Rd:923-924: \item in \describe must have non-empty label
checkRd: (5) settings.Rd:926-927: \item in \describe must have non-empty label
checkRd: (5) settings.Rd:929-930: \item in \describe must have non-empty label
checkRd: (5) settings.Rd:932-935: \item in \describe must have non-empty label
checkRd: (5) settings.Rd:937-939: \item in \describe must have non-empty label
checkRd: (5) settings.Rd:941-943: \item in \describe must have non-empty label
checkRd: (5) settings.Rd:945-946: \item in \describe must have non-empty label
checkRd: (5) settings.Rd:948-950: \item in \describe must have non-empty label
checkRd: (5) settings.Rd:952-954: \item in \describe must have non-empty label
checkRd: (5) settings.Rd:956-957: \item in \describe must have non-empty label
checkRd: (5) settings.Rd:959-963: \item in \describe must have non-empty label
checkRd: (5) settings.Rd:965-967: \item in \describe must have non-empty label
checkRd: (5) settings.Rd:969-970: \item in \describe must have non-empty label
checkRd: (5) settings.Rd:972-973: \item in \describe must have non-empty label
checkRd: (5) settings.Rd:975-976: \item in \describe must have non-empty label
checkRd: (5) settings.Rd:978-980: \item in \describe must have non-empty label
checkRd: (5) settings.Rd:982-983: \item in \describe must have non-empty label
checkRd: (5) settings.Rd:985-986: \item in \describe must have non-empty label
checkRd: (5) settings.Rd:988-990: \item in \describe must have non-empty label
checkRd: (5) settings.Rd:992-993: \item in \describe must have non-empty label
checkRd: (5) settings.Rd:1001-1007: \item in \describe must have non-empty label
checkRd: (5) settings.Rd:1009-1011: \item in \describe must have non-empty label
checkRd: (5) settings.Rd:1019-1020: \item in \describe must have non-empty label
checkRd: (5) settings.Rd:1022-1023: \item in \describe must have non-empty label
checkRd: (5) settings.Rd:1025-1026: \item in \describe must have non-empty label
checkRd: (5) settings.Rd:1028-1029: \item in \describe must have non-empty label
checkRd: (5) settings.Rd:1031-1032: \item in \describe must have non-empty label
checkRd: (5) settings.Rd:1034-1036: \item in \describe must have non-empty label
checkRd: (5) settings.Rd:1038-1041: \item in \describe must have non-empty label
checkRd: (5) settings.Rd:1043-1044: \item in \describe must have non-empty label
checkRd: (5) settings.Rd:1046-1047: \item in \describe must have non-empty label
checkRd: (5) settings.Rd:1049-1050: \item in \describe must have non-empty label
checkRd: (5) settings.Rd:1052-1054: \item in \describe must have non-empty label
checkRd: (5) settings.Rd:1056-1057: \item in \describe must have non-empty label
checkRd: (5) settings.Rd:1059-1060: \item in \describe must have non-empty label
checkRd: (5) settings.Rd:1062-1064: \item in \describe must have non-empty label
checkRd: (5) settings.Rd:1066-1067: \item in \describe must have non-empty label
checkRd: (5) settings.Rd:1069-1070: \item in \describe must have non-empty label
checkRd: (5) settings.Rd:1072-1073: \item in \describe must have non-empty label
checkRd: (5) settings.Rd:1075-1076: \item in \describe must have non-empty label
checkRd: (5) settings.Rd:1078-1079: \item in \describe must have non-empty label
checkRd: (5) settings.Rd:1081-1082: \item in \describe must have non-empty label
checkRd: (5) settings.Rd:1084-1085: \item in \describe must have non-empty label
checkRd: (5) settings.Rd:1087-1088: \item in \describe must have non-empty label
checkRd: (5) settings.Rd:1090-1091: \item in \describe must have non-empty label
checkRd: (5) settings.Rd:1093-1095: \item in \describe must have non-empty label
checkRd: (5) settings.Rd:1097-1098: \item in \describe must have non-empty label
checkRd: (5) settings.Rd:1100-1101: \item in \describe must have non-empty label
checkRd: (5) settings.Rd:1103-1105: \item in \describe must have non-empty label
checkRd: (5) settings.Rd:1107-1109: \item in \describe must have non-empty label
checkRd: (5) settings.Rd:1111-1113: \item in \describe must have non-empty label
checkRd: (5) settings.Rd:1115-1117: \item in \describe must have non-empty label
checkRd: (5) settings.Rd:1119-1120: \item in \describe must have non-empty label
checkRd: (5) settings.Rd:1122-1127: \item in \describe must have non-empty label
checkRd: (5) settings.Rd:1129-1130: \item in \describe must have non-empty label
checkRd: (5) settings.Rd:1140-1141: \item in \describe must have non-empty label
checkRd: (5) settings.Rd:1143-1144: \item in \describe must have non-empty label
checkRd: (5) settings.Rd:1146-1148: \item in \describe must have non-empty label
checkRd: (5) settings.Rd:1150-1158: \item in \describe must have non-empty label
checkRd: (5) settings.Rd:1160-1164: \item in \describe must have non-empty label
checkRd: (5) settings.Rd:1166-1168: \item in \describe must have non-empty label
checkRd: (5) settings.Rd:1170-1174: \item in \describe must have non-empty label
checkRd: (5) settings.Rd:1176-1178: \item in \describe must have non-empty label
checkRd: (5) settings.Rd:1180-1181: \item in \describe must have non-empty label
checkRd: (5) settings.Rd:1183-1186: \item in \describe must have non-empty label
checkRd: (5) settings.Rd:1188-1191: \item in \describe must have non-empty label
checkRd: (5) settings.Rd:1199-1200: \item in \describe must have non-empty label
checkRd: (5) settings.Rd:1202-1203: \item in \describe must have non-empty label
checkRd: (5) settings.Rd:1205-1207: \item in \describe must have non-empty label
checkRd: (5) settings.Rd:1209-1212: \item in \describe must have non-empty label
checkRd: (5) settings.Rd:1214-1215: \item in \describe must have non-empty label
checkRd: (5) settings.Rd:1217-1218: \item in \describe must have non-empty label
checkRd: (5) settings.Rd:1220-1221: \item in \describe must have non-empty label
checkRd: (5) settings.Rd:1223-1224: \item in \describe must have non-empty label
checkRd: (5) settings.Rd:1226-1227: \item in \describe must have non-empty label
checkRd: (5) settings.Rd:1229-1232: \item in \describe must have non-empty label
checkRd: (5) settings.Rd:1234-1236: \item in \describe must have non-empty label
checkRd: (5) settings.Rd:1238-1240: \item in \describe must have non-empty label
checkRd: (5) settings.Rd:1242-1243: \item in \describe must have non-empty label
checkRd: (5) settings.Rd:1245-1247: \item in \describe must have non-empty label
checkRd: (5) settings.Rd:1249-1251: \item in \describe must have non-empty label
checkRd: (5) settings.Rd:1253-1254: \item in \describe must have non-empty label
checkRd: (5) settings.Rd:1256-1260: \item in \describe must have non-empty label
checkRd: (5) settings.Rd:1262-1264: \item in \describe must have non-empty label
checkRd: (5) settings.Rd:1266-1267: \item in \describe must have non-empty label
checkRd: (5) settings.Rd:1269-1270: \item in \describe must have non-empty label
checkRd: (5) settings.Rd:1272-1273: \item in \describe must have non-empty label
checkRd: (5) settings.Rd:1275-1276: \item in \describe must have non-empty label
checkRd: (5) settings.Rd:1278-1279: \item in \describe must have non-empty label
checkRd: (5) settings.Rd:1281-1283: \item in \describe must have non-empty label
checkRd: (5) settings.Rd:1285-1286: \item in \describe must have non-empty label
checkRd: (5) settings.Rd:1294-1300: \item in \describe must have non-empty label
checkRd: (5) settings.Rd:1302-1304: \item in \describe must have non-empty label
checkRd: (5) settings.Rd:1312-1313: \item in \describe must have non-empty label
checkRd: (5) settings.Rd:1315-1316: \item in \describe must have non-empty label
checkRd: (5) settings.Rd:1318-1319: \item in \describe must have non-empty label
checkRd: (5) settings.Rd:1321-1322: \item in \describe must have non-empty label
checkRd: (5) settings.Rd:1324-1325: \item in \describe must have non-empty label
checkRd: (5) settings.Rd:1327-1329: \item in \describe must have non-empty label
checkRd: (5) settings.Rd:1331-1334: \item in \describe must have non-empty label
checkRd: (5) settings.Rd:1336-1337: \item in \describe must have non-empty label
checkRd: (5) settings.Rd:1339-1340: \item in \describe must have non-empty label
checkRd: (5) settings.Rd:1342-1343: \item in \describe must have non-empty label
checkRd: (5) settings.Rd:1345-1347: \item in \describe must have non-empty label
checkRd: (5) settings.Rd:1349-1350: \item in \describe must have non-empty label
checkRd: (5) settings.Rd:1352-1353: \item in \describe must have non-empty label
checkRd: (5) settings.Rd:1355-1357: \item in \describe must have non-empty label
checkRd: (5) settings.Rd:1359-1360: \item in \describe must have non-empty label
checkRd: (5) settings.Rd:1362-1363: \item in \describe must have non-empty label
checkRd: (5) settings.Rd:1365-1366: \item in \describe must have non-empty label
checkRd: (5) settings.Rd:1368-1369: \item in \describe must have non-empty label
checkRd: (5) settings.Rd:1371-1372: \item in \describe must have non-empty label
checkRd: (5) settings.Rd:1374-1375: \item in \describe must have non-empty label
checkRd: (5) settings.Rd:1377-1378: \item in \describe must have non-empty label
checkRd: (5) settings.Rd:1380-1381: \item in \describe must have non-empty label
checkRd: (5) settings.Rd:1383-1384: \item in \describe must have non-empty label
checkRd: (5) settings.Rd:1386-1388: \item in \describe must have non-empty label
checkRd: (5) settings.Rd:1390-1391: \item in \describe must have non-empty label
checkRd: (5) settings.Rd:1393-1394: \item in \describe must have non-empty label
checkRd: (5) settings.Rd:1396-1398: \item in \describe must have non-empty label
checkRd: (5) settings.Rd:1400-1402: \item in \describe must have non-empty label
checkRd: (5) settings.Rd:1404-1406: \item in \describe must have non-empty label
checkRd: (5) settings.Rd:1408-1409: \item in \describe must have non-empty label
checkRd: (5) settings.Rd:1411-1416: \item in \describe must have non-empty label
checkRd: (5) settings.Rd:1418-1419: \item in \describe must have non-empty label
checkRd: (5) settings.Rd:1429-1430: \item in \describe must have non-empty label
checkRd: (5) settings.Rd:1432-1433: \item in \describe must have non-empty label
checkRd: (5) settings.Rd:1435-1436: \item in \describe must have non-empty label
checkRd: (5) settings.Rd:1438-1439: \item in \describe must have non-empty label
checkRd: (5) settings.Rd:1441-1442: \item in \describe must have non-empty label
checkRd: (5) settings.Rd:1444-1445: \item in \describe must have non-empty label
checkRd: (5) settings.Rd:1447-1448: \item in \describe must have non-empty label
checkRd: (5) settings.Rd:1450-1451: \item in \describe must have non-empty label
checkRd: (5) settings.Rd:1453-1454: \item in \describe must have non-empty label
checkRd: (5) settings.Rd:1456-1457: \item in \describe must have non-empty label
checkRd: (5) settings.Rd:1459-1460: \item in \describe must have non-empty label
checkRd: (5) settings.Rd:1462-1463: \item in \describe must have non-empty label
checkRd: (5) settings.Rd:1465-1466: \item in \describe must have non-empty label
checkRd: (5) settings.Rd:1468-1469: \item in \describe must have non-empty label
checkRd: (5) settings.Rd:1471-1472: \item in \describe must have non-empty label
checkRd: (5) settings.Rd:1474-1475: \item in \describe must have non-empty label
checkRd: (5) settings.Rd:1477-1478: \item in \describe must have non-empty label
checkRd: (5) settings.Rd:1480-1481: \item in \describe must have non-empty label
checkRd: (5) settings.Rd:1483-1484: \item in \describe must have non-empty label
checkRd: (5) settings.Rd:1486-1487: \item in \describe must have non-empty label
checkRd: (5) settings.Rd:1489-1490: \item in \describe must have non-empty label
checkRd: (5) settings.Rd:1492-1493: \item in \describe must have non-empty label
checkRd: (5) settings.Rd:1495-1496: \item in \describe must have non-empty label
checkRd: (5) settings.Rd:1498-1499: \item in \describe must have non-empty label
checkRd: (5) settings.Rd:1501-1502: \item in \describe must have non-empty label
checkRd: (5) settings.Rd:1504-1505: \item in \describe must have non-empty label
checkRd: (5) settings.Rd:1513-1514: \item in \describe must have non-empty label
checkRd: (5) settings.Rd:1516-1517: \item in \describe must have non-empty label
checkRd: (5) settings.Rd:1519-1521: \item in \describe must have non-empty label
checkRd: (5) settings.Rd:1523-1531: \item in \describe must have non-empty label
checkRd: (5) settings.Rd:1533-1537: \item in \describe must have non-empty label
checkRd: (5) settings.Rd:1539-1541: \item in \describe must have non-empty label
checkRd: (5) settings.Rd:1543-1547: \item in \describe must have non-empty label
checkRd: (5) settings.Rd:1549-1551: \item in \describe must have non-empty label
checkRd: (5) settings.Rd:1553-1554: \item in \describe must have non-empty label
checkRd: (5) settings.Rd:1556-1559: \item in \describe must have non-empty label
checkRd: (5) settings.Rd:1561-1564: \item in \describe must have non-empty label
checkRd: (5) settings.Rd:1572-1573: \item in \describe must have non-empty label
checkRd: (5) settings.Rd:1575-1576: \item in \describe must have non-empty label
checkRd: (5) settings.Rd:1578-1580: \item in \describe must have non-empty label
checkRd: (5) settings.Rd:1582-1585: \item in \describe must have non-empty label
checkRd: (5) settings.Rd:1587-1588: \item in \describe must have non-empty label
checkRd: (5) settings.Rd:1590-1591: \item in \describe must have non-empty label
checkRd: (5) settings.Rd:1593-1594: \item in \describe must have non-empty label
checkRd: (5) settings.Rd:1596-1597: \item in \describe must have non-empty label
checkRd: (5) settings.Rd:1599-1600: \item in \describe must have non-empty label
checkRd: (5) settings.Rd:1602-1605: \item in \describe must have non-empty label
checkRd: (5) settings.Rd:1607-1609: \item in \describe must have non-empty label
checkRd: (5) settings.Rd:1611-1613: \item in \describe must have non-empty label
checkRd: (5) settings.Rd:1615-1616: \item in \describe must have non-empty label
checkRd: (5) settings.Rd:1618-1620: \item in \describe must have non-empty label
checkRd: (5) settings.Rd:1622-1624: \item in \describe must have non-empty label
checkRd: (5) settings.Rd:1626-1627: \item in \describe must have non-empty label
checkRd: (5) settings.Rd:1629-1633: \item in \describe must have non-empty label
checkRd: (5) settings.Rd:1635-1637: \item in \describe must have non-empty label
checkRd: (5) settings.Rd:1639-1640: \item in \describe must have non-empty label
checkRd: (5) settings.Rd:1642-1643: \item in \describe must have non-empty label
checkRd: (5) settings.Rd:1645-1646: \item in \describe must have non-empty label
checkRd: (5) settings.Rd:1648-1649: \item in \describe must have non-empty label
checkRd: (5) settings.Rd:1651-1652: \item in \describe must have non-empty label
checkRd: (5) settings.Rd:1654-1656: \item in \describe must have non-empty label
checkRd: (5) settings.Rd:1658-1659: \item in \describe must have non-empty label
checkRd: (5) settings.Rd:1667-1673: \item in \describe must have non-empty label
checkRd: (5) settings.Rd:1675-1677: \item in \describe must have non-empty label
checkRd: (5) settings.Rd:1685-1686: \item in \describe must have non-empty label
checkRd: (5) settings.Rd:1688-1689: \item in \describe must have non-empty label
checkRd: (5) settings.Rd:1691-1692: \item in \describe must have non-empty label
checkRd: (5) settings.Rd:1694-1695: \item in \describe must have non-empty label
checkRd: (5) settings.Rd:1697-1698: \item in \describe must have non-empty label
checkRd: (5) settings.Rd:1700-1702: \item in \describe must have non-empty label
checkRd: (5) settings.Rd:1704-1707: \item in \describe must have non-empty label
checkRd: (5) settings.Rd:1709-1710: \item in \describe must have non-empty label
checkRd: (5) settings.Rd:1712-1713: \item in \describe must have non-empty label
checkRd: (5) settings.Rd:1715-1716: \item in \describe must have non-empty label
checkRd: (5) settings.Rd:1718-1720: \item in \describe must have non-empty label
checkRd: (5) settings.Rd:1722-1723: \item in \describe must have non-empty label
checkRd: (5) settings.Rd:1725-1726: \item in \describe must have non-empty label
checkRd: (5) settings.Rd:1728-1730: \item in \describe must have non-empty label
checkRd: (5) settings.Rd:1732-1733: \item in \describe must have non-empty label
checkRd: (5) settings.Rd:1735-1736: \item in \describe must have non-empty label
checkRd: (5) settings.Rd:1738-1739: \item in \describe must have non-empty label
checkRd: (5) settings.Rd:1741-1742: \item in \describe must have non-empty label
checkRd: (5) settings.Rd:1744-1745: \item in \describe must have non-empty label
checkRd: (5) settings.Rd:1747-1748: \item in \describe must have non-empty label
checkRd: (5) settings.Rd:1750-1751: \item in \describe must have non-empty label
checkRd: (5) settings.Rd:1753-1754: \item in \describe must have non-empty label
checkRd: (5) settings.Rd:1756-1757: \item in \describe must have non-empty label
checkRd: (5) settings.Rd:1759-1761: \item in \describe must have non-empty label
checkRd: (5) settings.Rd:1763-1764: \item in \describe must have non-empty label
checkRd: (5) settings.Rd:1766-1767: \item in \describe must have non-empty label
checkRd: (5) settings.Rd:1769-1771: \item in \describe must have non-empty label
checkRd: (5) settings.Rd:1773-1775: \item in \describe must have non-empty label
checkRd: (5) settings.Rd:1777-1779: \item in \describe must have non-empty label
checkRd: (5) settings.Rd:1781-1782: \item in \describe must have non-empty label
checkRd: (5) settings.Rd:1784-1789: \item in \describe must have non-empty label
checkRd: (5) settings.Rd:1791-1792: \item in \describe must have non-empty label
checkRd: (5) settings.Rd:1802-1804: \item in \describe must have non-empty label
checkRd: (5) settings.Rd:1806-1807: \item in \describe must have non-empty label
checkRd: (5) settings.Rd:1809-1810: \item in \describe must have non-empty label
checkRd: (5) settings.Rd:1812-1813: \item in \describe must have non-empty label
checkRd: (5) settings.Rd:1815-1816: \item in \describe must have non-empty label
checkRd: (5) settings.Rd:1818-1819: \item in \describe must have non-empty label
checkRd: (5) settings.Rd:1821-1822: \item in \describe must have non-empty label
checkRd: (5) settings.Rd:1824-1825: \item in \describe must have non-empty label
checkRd: (5) settings.Rd:1827-1828: \item in \describe must have non-empty label
checkRd: (5) settings.Rd:1830-1831: \item in \describe must have non-empty label
checkRd: (5) settings.Rd:1833-1834: \item in \describe must have non-empty label
checkRd: (5) settings.Rd:1836-1837: \item in \describe must have non-empty label
checkRd: (5) settings.Rd:1839-1840: \item in \describe must have non-empty label
checkRd: (5) settings.Rd:1842-1843: \item in \describe must have non-empty label
checkRd: (5) settings.Rd:1845-1848: \item in \describe must have non-empty label
checkRd: (5) settings.Rd:1850-1851: \item in \describe must have non-empty label
checkRd: (5) settings.Rd:1853-1854: \item in \describe must have non-empty label
checkRd: (5) settings.Rd:1856-1857: \item in \describe must have non-empty label
checkRd: (5) settings.Rd:1859-1860: \item in \describe must have non-empty label
checkRd: (5) settings.Rd:1862-1863: \item in \describe must have non-empty label
checkRd: (5) settings.Rd:1865-1866: \item in \describe must have non-empty label
checkRd: (5) settings.Rd:1868-1869: \item in \describe must have non-empty label
checkRd: (5) settings.Rd:1871-1872: \item in \describe must have non-empty label
checkRd: (5) settings.Rd:1874-1875: \item in \describe must have non-empty label
checkRd: (5) settings.Rd:1877-1878: \item in \describe must have non-empty label
checkRd: (5) settings.Rd:1880-1881: \item in \describe must have non-empty label
checkRd: (5) settings.Rd:1883-1884: \item in \describe must have non-empty label
checkRd: (5) settings.Rd:1886-1887: \item in \describe must have non-empty label
checkRd: (5) settings.Rd:1889-1890: \item in \describe must have non-empty label
checkRd: (5) settings.Rd:1892-1893: \item in \describe must have non-empty label
checkRd: (5) settings.Rd:1895-1896: \item in \describe must have non-empty label
checkRd: (5) settings.Rd:1898-1899: \item in \describe must have non-empty label
checkRd: (5) settings.Rd:1901-1902: \item in \describe must have non-empty label
checkRd: (5) settings.Rd:1904-1905: \item in \describe must have non-empty label
checkRd: (5) settings.Rd:1907-1908: \item in \describe must have non-empty label
checkRd: (5) settings.Rd:1910-1911: \item in \describe must have non-empty label
checkRd: (5) settings.Rd:1913-1915: \item in \describe must have non-empty label
checkRd: (5) settings.Rd:1917-1919: \item in \describe must have non-empty label
checkRd: (5) settings.Rd:1921-1923: \item in \describe must have non-empty label
checkRd: (5) settings.Rd:1925-1927: \item in \describe must have non-empty label
checkRd: (5) settings.Rd:1929-1930: \item in \describe must have non-empty label
checkRd: (5) settings.Rd:1932-1934: \item in \describe must have non-empty label
checkRd: (5) settings.Rd:1936-1940: \item in \describe must have non-empty label
checkRd: (5) settings.Rd:1942-1945: \item in \describe must have non-empty label
checkRd: (5) settings.Rd:1947-1948: \item in \describe must have non-empty label
checkRd: (5) settings.Rd:1950-1951: \item in \describe must have non-empty label
checkRd: (5) settings.Rd:1953-1956: \item in \describe must have non-empty label
checkRd: (5) settings.Rd:1958-1962: \item in \describe must have non-empty label
checkRd: (5) settings.Rd:1964-1967: \item in \describe must have non-empty label
checkRd: (5) settings.Rd:1969-1970: \item in \describe must have non-empty label
checkRd: (5) settings.Rd:1972-1975: \item in \describe must have non-empty label
checkRd: (5) settings.Rd:1977-1981: \item in \describe must have non-empty label
checkRd: (5) settings.Rd:1989-1995: \item in \describe must have non-empty label
checkRd: (5) settings.Rd:1997-1999: \item in \describe must have non-empty label
checkRd: (5) settings.Rd:2007-2008: \item in \describe must have non-empty label
checkRd: (5) settings.Rd:2010-2011: \item in \describe must have non-empty label
checkRd: (5) settings.Rd:2013-2014: \item in \describe must have non-empty label
checkRd: (5) settings.Rd:2016-2017: \item in \describe must have non-empty label
checkRd: (5) settings.Rd:2019-2020: \item in \describe must have non-empty label
checkRd: (5) settings.Rd:2022-2024: \item in \describe must have non-empty label
checkRd: (5) settings.Rd:2026-2029: \item in \describe must have non-empty label
checkRd: (5) settings.Rd:2031-2032: \item in \describe must have non-empty label
checkRd: (5) settings.Rd:2034-2035: \item in \describe must have non-empty label
checkRd: (5) settings.Rd:2037-2038: \item in \describe must have non-empty label
checkRd: (5) settings.Rd:2040-2042: \item in \describe must have non-empty label
checkRd: (5) settings.Rd:2044-2045: \item in \describe must have non-empty label
checkRd: (5) settings.Rd:2047-2048: \item in \describe must have non-empty label
checkRd: (5) settings.Rd:2050-2051: \item in \describe must have non-empty label
checkRd: (5) settings.Rd:2053-2054: \item in \describe must have non-empty label
checkRd: (5) settings.Rd:2056-2057: \item in \describe must have non-empty label
checkRd: (5) settings.Rd:2059-2060: \item in \describe must have non-empty label
checkRd: (5) settings.Rd:2062-2063: \item in \describe must have non-empty label
checkRd: (5) settings.Rd:2065-2066: \item in \describe must have non-empty label
checkRd: (5) settings.Rd:2068-2069: \item in \describe must have non-empty label
checkRd: (5) settings.Rd:2071-2072: \item in \describe must have non-empty label
checkRd: (5) settings.Rd:2074-2075: \item in \describe must have non-empty label
checkRd: (5) settings.Rd:2077-2078: \item in \describe must have non-empty label
checkRd: (5) settings.Rd:2080-2081: \item in \describe must have non-empty label
checkRd: (5) settings.Rd:2083-2085: \item in \describe must have non-empty label
checkRd: (5) settings.Rd:2087-2088: \item in \describe must have non-empty label
checkRd: (5) settings.Rd:2090-2091: \item in \describe must have non-empty label
checkRd: (5) settings.Rd:2093-2095: \item in \describe must have non-empty label
checkRd: (5) settings.Rd:2097-2099: \item in \describe must have non-empty label
checkRd: (5) settings.Rd:2101-2103: \item in \describe must have non-empty label
checkRd: (5) settings.Rd:2105-2107: \item in \describe must have non-empty label
checkRd: (5) settings.Rd:2109-2111: \item in \describe must have non-empty label
checkRd: (5) settings.Rd:2113-2114: \item in \describe must have non-empty label
checkRd: (5) settings.Rd:2116-2117: \item in \describe must have non-empty label
checkRd: (5) settings.Rd:2119-2124: \item in \describe must have non-empty label
checkRd: (5) settings.Rd:2126-2127: \item in \describe must have non-empty label
* checking Rd metadata ... OK
* checking Rd cross-references ... OK
* checking for missing documentation entries ... OK
* checking for code/documentation mismatches ... OK
* checking Rd \usage sections ... OK
* checking Rd contents ... OK
* checking for unstated dependencies in examples ... OK
* checking contents of ‘data’ directory ... OK
* checking data for non-ASCII characters ... OK
* checking data for ASCII and uncompressed saves ... OK
* checking files in ‘vignettes’ ... OK
* checking examples ... OK
Examples with CPU (user + system) or elapsed time > 5s
                               user system elapsed
AlignmentsTrack-class        19.411  1.064  29.584
GeneRegionTrack-class        14.463  0.086  21.471
AnnotationTrack-class        13.390  0.215  20.122
plotTracks                    9.670  0.031  13.333
BiomartGeneRegionTrack-class  8.332  0.052  12.497
GenomeAxisTrack-class         7.954  0.032  11.476
SequenceTrack-class           7.515  0.414  10.818
* checking for unstated dependencies in ‘tests’ ... OK
* checking tests ...
  Running ‘testthat.R’
 OK
* checking for unstated dependencies in vignettes ... OK
* checking package vignettes in ‘inst/doc’ ... OK
* checking running R code from vignettes ... SKIPPED
* checking re-building of vignette outputs ... SKIPPED
* checking PDF version of manual ... OK
* DONE

Status: 1 WARNING, 1 NOTE
See
  ‘/Users/biocbuild/bbs-3.17-bioc/meat/Gviz.Rcheck/00check.log’
for details.



Installation output

Gviz.Rcheck/00install.out

##############################################################################
##############################################################################
###
### Running command:
###
###   /Library/Frameworks/R.framework/Resources/bin/R CMD INSTALL Gviz
###
##############################################################################
##############################################################################


* installing to library ‘/Library/Frameworks/R.framework/Versions/4.3/Resources/library’
* installing *source* package ‘Gviz’ ...
** using staged installation
** R
** data
** inst
** byte-compile and prepare package for lazy loading
** help
*** installing help indices
** building package indices
** installing vignettes
** testing if installed package can be loaded from temporary location
** testing if installed package can be loaded from final location
** testing if installed package keeps a record of temporary installation path
* DONE (Gviz)

Tests output

Gviz.Rcheck/tests/testthat.Rout


R Under development (unstable) (2023-01-10 r83596) -- "Unsuffered Consequences"
Copyright (C) 2023 The R Foundation for Statistical Computing
Platform: x86_64-apple-darwin17.0 (64-bit)

R is free software and comes with ABSOLUTELY NO WARRANTY.
You are welcome to redistribute it under certain conditions.
Type 'license()' or 'licence()' for distribution details.

R is a collaborative project with many contributors.
Type 'contributors()' for more information and
'citation()' on how to cite R or R packages in publications.

Type 'demo()' for some demos, 'help()' for on-line help, or
'help.start()' for an HTML browser interface to help.
Type 'q()' to quit R.

> library(testthat)
> library(Gviz)
Loading required package: S4Vectors
Loading required package: stats4
Loading required package: BiocGenerics

Attaching package: 'BiocGenerics'

The following objects are masked from 'package:stats':

    IQR, mad, sd, var, xtabs

The following objects are masked from 'package:base':

    Filter, Find, Map, Position, Reduce, anyDuplicated, aperm, append,
    as.data.frame, basename, cbind, colnames, dirname, do.call,
    duplicated, eval, evalq, get, grep, grepl, intersect, is.unsorted,
    lapply, mapply, match, mget, order, paste, pmax, pmax.int, pmin,
    pmin.int, rank, rbind, rownames, sapply, setdiff, sort, table,
    tapply, union, unique, unsplit, which.max, which.min


Attaching package: 'S4Vectors'

The following objects are masked from 'package:base':

    I, expand.grid, unname

Loading required package: IRanges
Loading required package: GenomicRanges
Loading required package: GenomeInfoDb
Loading required package: grid
> 
> test_check("Gviz")
Loading required package: BSgenome
Loading required package: Biostrings
Loading required package: XVector

Attaching package: 'Biostrings'

The following object is masked from 'package:grid':

    pattern

The following object is masked from 'package:base':

    strsplit

Loading required package: rtracklayer
[ FAIL 0 | WARN 0 | SKIP 0 | PASS 299 ]
> 
> proc.time()
   user  system elapsed 
101.726   5.628 156.824 

Example timings

Gviz.Rcheck/Gviz-Ex.timings

nameusersystemelapsed
AlignmentsTrack-class19.411 1.06429.584
AnnotationTrack-class13.390 0.21520.122
BiomartGeneRegionTrack-class 8.332 0.05212.497
CustomTrack-class0.0150.0010.023
DataTrack-class3.6310.0354.988
DisplayPars-class0.0420.0040.065
GdObject-class1.0940.0061.506
GeneRegionTrack-class14.463 0.08621.471
GenomeAxisTrack-class 7.954 0.03211.476
HighlightTrack-class0.2810.0010.395
IdeogramTrack-class1.9560.0243.226
ImageMap-class0.0000.0000.001
OverlayTrack-class0.0970.0000.121
RangeTrack-class1.0640.0031.391
ReferenceTrack-class3.0750.0164.144
SequenceTrack-class 7.515 0.41410.818
StackedTrack-class1.8990.0062.632
UcscTrack2.0480.0172.827
exportTracks0.1890.0010.272
plotTracks 9.670 0.03113.333
settings1.8240.0082.442