Back to Multiple platform build/check report for BioC 3.17:   simplified   long
ABCDEF[G]HIJKLMNOPQRSTUVWXYZ

This page was generated on 2023-02-07 11:06:51 -0500 (Tue, 07 Feb 2023).

HostnameOSArch (*)R versionInstalled pkgs
nebbiolo1Linux (Ubuntu 22.04.1 LTS)x86_64R Under development (unstable) (2023-01-10 r83596) -- "Unsuffered Consequences" 4483
palomino3Windows Server 2022 Datacenterx64R Under development (unstable) (2023-01-10 r83596 ucrt) -- "Unsuffered Consequences" 4249
merida1macOS 10.14.6 Mojavex86_64R Under development (unstable) (2023-01-10 r83596) -- "Unsuffered Consequences" 4272
Click on any hostname to see more info about the system (e.g. compilers)      (*) as reported by 'uname -p', except on Windows and Mac OS X

CHECK results for GenomicRanges on merida1


To the developers/maintainers of the GenomicRanges package:
- Please allow up to 24 hours (and sometimes 48 hours) for your latest push to git@git.bioconductor.org:packages/GenomicRanges.git to
reflect on this report. See How and When does the builder pull? When will my changes propagate? for more information.
- Make sure to use the following settings in order to reproduce any error or warning you see on this page.

raw results

Package 780/2164HostnameOS / ArchINSTALLBUILDCHECKBUILD BIN
GenomicRanges 1.51.4  (landing page)
Hervé Pagès
Snapshot Date: 2023-02-06 14:00:21 -0500 (Mon, 06 Feb 2023)
git_url: https://git.bioconductor.org/packages/GenomicRanges
git_branch: master
git_last_commit: f1a44dc
git_last_commit_date: 2022-12-15 13:51:02 -0500 (Thu, 15 Dec 2022)
nebbiolo1Linux (Ubuntu 22.04.1 LTS) / x86_64  OK    OK    WARNINGS  UNNEEDED, same version is already published
palomino3Windows Server 2022 Datacenter / x64  OK    OK    WARNINGS    OK  UNNEEDED, same version is already published
merida1macOS 10.14.6 Mojave / x86_64  OK    OK    WARNINGS    OK  UNNEEDED, same version is already published

Summary

Package: GenomicRanges
Version: 1.51.4
Command: /Library/Frameworks/R.framework/Resources/bin/R CMD check --install=check:GenomicRanges.install-out.txt --library=/Library/Frameworks/R.framework/Resources/library --no-vignettes --timings GenomicRanges_1.51.4.tar.gz
StartedAt: 2023-02-07 01:49:33 -0500 (Tue, 07 Feb 2023)
EndedAt: 2023-02-07 01:59:25 -0500 (Tue, 07 Feb 2023)
EllapsedTime: 592.0 seconds
RetCode: 0
Status:   WARNINGS  
CheckDir: GenomicRanges.Rcheck
Warnings: 1

Command output

##############################################################################
##############################################################################
###
### Running command:
###
###   /Library/Frameworks/R.framework/Resources/bin/R CMD check --install=check:GenomicRanges.install-out.txt --library=/Library/Frameworks/R.framework/Resources/library --no-vignettes --timings GenomicRanges_1.51.4.tar.gz
###
##############################################################################
##############################################################################


* using log directory ‘/Users/biocbuild/bbs-3.17-bioc/meat/GenomicRanges.Rcheck’
* using R Under development (unstable) (2023-01-10 r83596)
* using platform: x86_64-apple-darwin17.0 (64-bit)
* R was compiled by
    Apple clang version 12.0.0 (clang-1200.0.32.29)
    GNU Fortran (GCC) 8.2.0
* running under: macOS Mojave 10.14.6
* using session charset: UTF-8
* using option ‘--no-vignettes’
* checking for file ‘GenomicRanges/DESCRIPTION’ ... OK
* this is package ‘GenomicRanges’ version ‘1.51.4’
* package encoding: UTF-8
* checking package namespace information ... OK
* checking package dependencies ... OK
* checking if this is a source package ... OK
* checking if there is a namespace ... OK
* checking for hidden files and directories ... OK
* checking for portable file names ... OK
* checking for sufficient/correct file permissions ... OK
* checking whether package ‘GenomicRanges’ can be installed ... OK
* used C compiler: ‘Apple clang version 11.0.0 (clang-1100.0.33.17)’
* used SDK: ‘’
* checking installed package size ... OK
* checking package directory ... OK
* checking ‘build’ directory ... OK
* checking DESCRIPTION meta-information ... OK
* checking top-level files ... OK
* checking for left-over files ... OK
* checking index information ... OK
* checking package subdirectories ... OK
* checking R files for non-ASCII characters ... OK
* checking R files for syntax errors ... OK
* checking whether the package can be loaded ... OK
* checking whether the package can be loaded with stated dependencies ... OK
* checking whether the package can be unloaded cleanly ... OK
* checking whether the namespace can be loaded with stated dependencies ... OK
* checking whether the namespace can be unloaded cleanly ... OK
* checking dependencies in R code ... OK
* checking S3 generic/method consistency ... OK
* checking replacement functions ... OK
* checking foreign function calls ... OK
* checking R code for possible problems ... OK
* checking Rd files ... WARNING
checkRd: (5) GRanges-class.Rd:115-165: \item in \describe must have non-empty label
checkRd: (5) GRanges-class.Rd:173-176: \item in \describe must have non-empty label
checkRd: (5) GRanges-class.Rd:177-182: \item in \describe must have non-empty label
checkRd: (5) GRanges-class.Rd:183-187: \item in \describe must have non-empty label
checkRd: (5) GRanges-class.Rd:188-191: \item in \describe must have non-empty label
checkRd: (5) GRanges-class.Rd:192-195: \item in \describe must have non-empty label
checkRd: (5) GRanges-class.Rd:196-199: \item in \describe must have non-empty label
checkRd: (5) GRanges-class.Rd:200-204: \item in \describe must have non-empty label
checkRd: (5) GRanges-class.Rd:205-208: \item in \describe must have non-empty label
checkRd: (5) GRanges-class.Rd:209-218: \item in \describe must have non-empty label
checkRd: (5) GRanges-class.Rd:219-223: \item in \describe must have non-empty label
checkRd: (5) GRanges-class.Rd:224-228: \item in \describe must have non-empty label
checkRd: (5) GRanges-class.Rd:229-238: \item in \describe must have non-empty label
checkRd: (5) GRanges-class.Rd:239-245: \item in \describe must have non-empty label
checkRd: (5) GRanges-class.Rd:246-251: \item in \describe must have non-empty label
checkRd: (5) GRanges-class.Rd:252-257: \item in \describe must have non-empty label
checkRd: (5) GRanges-class.Rd:258-263: \item in \describe must have non-empty label
checkRd: (5) GRanges-class.Rd:264-267: \item in \describe must have non-empty label
checkRd: (5) GRanges-class.Rd:268-276: \item in \describe must have non-empty label
checkRd: (5) GRanges-class.Rd:284-299: \item in \describe must have non-empty label
checkRd: (5) GRanges-class.Rd:300-307: \item in \describe must have non-empty label
checkRd: (5) GRanges-class.Rd:308-322: \item in \describe must have non-empty label
checkRd: (5) GRanges-class.Rd:323-332: \item in \describe must have non-empty label
checkRd: (5) GRanges-class.Rd:333-342: \item in \describe must have non-empty label
checkRd: (5) GRanges-class.Rd:343-349: \item in \describe must have non-empty label
checkRd: (5) GRanges-class.Rd:356-361: \item in \describe must have non-empty label
checkRd: (5) GRanges-class.Rd:368-371: \item in \describe must have non-empty label
checkRd: (5) GRanges-class.Rd:372-376: \item in \describe must have non-empty label
checkRd: (5) GRanges-class.Rd:377-380: \item in \describe must have non-empty label
checkRd: (5) GRanges-class.Rd:381-394: \item in \describe must have non-empty label
checkRd: (5) GRanges-class.Rd:409-415: \item in \describe must have non-empty label
checkRd: (5) GRanges-class.Rd:421-427: \item in \describe must have non-empty label
checkRd: (5) GRanges-class.Rd:433-445: \item in \describe must have non-empty label
checkRd: (5) GRanges-class.Rd:453-466: \item in \describe must have non-empty label
* checking Rd metadata ... OK
* checking Rd cross-references ... OK
* checking for missing documentation entries ... OK
* checking for code/documentation mismatches ... OK
* checking Rd \usage sections ... OK
* checking Rd contents ... OK
* checking for unstated dependencies in examples ... OK
* checking line endings in C/C++/Fortran sources/headers ... OK
* checking compiled code ... NOTE
Note: information on .o files is not available
* checking sizes of PDF files under ‘inst/doc’ ... OK
* checking files in ‘vignettes’ ... OK
* checking examples ... OK
Examples with CPU (user + system) or elapsed time > 5s
                           user system elapsed
genomicvars              73.947  8.538 108.329
GPos-class               57.653  2.955  81.023
setops-methods            6.864  0.032   9.296
inter-range-methods       4.960  0.222   6.769
findOverlaps-methods      3.838  0.025   5.102
makeGRangesFromDataFrame  1.391  0.124  15.459
* checking for unstated dependencies in ‘tests’ ... OK
* checking tests ...
  Running ‘run_unitTests.R’
 OK
* checking for unstated dependencies in vignettes ... OK
* checking package vignettes in ‘inst/doc’ ... OK
* checking running R code from vignettes ... SKIPPED
* checking re-building of vignette outputs ... SKIPPED
* checking PDF version of manual ... OK
* DONE

Status: 1 WARNING, 1 NOTE
See
  ‘/Users/biocbuild/bbs-3.17-bioc/meat/GenomicRanges.Rcheck/00check.log’
for details.



Installation output

GenomicRanges.Rcheck/00install.out

##############################################################################
##############################################################################
###
### Running command:
###
###   /Library/Frameworks/R.framework/Resources/bin/R CMD INSTALL GenomicRanges
###
##############################################################################
##############################################################################


* installing to library ‘/Library/Frameworks/R.framework/Versions/4.3/Resources/library’
* installing *source* package ‘GenomicRanges’ ...
** using staged installation
** libs
using C compiler: ‘Apple clang version 11.0.0 (clang-1100.0.33.17)’
using SDK: ‘’
clang -mmacosx-version-min=10.13 -I"/Library/Frameworks/R.framework/Resources/include" -DNDEBUG  -I'/Library/Frameworks/R.framework/Versions/4.3/Resources/library/S4Vectors/include' -I'/Library/Frameworks/R.framework/Versions/4.3/Resources/library/IRanges/include' -I/usr/local/include    -fPIC  -Wall -g -O2  -c IRanges_stubs.c -o IRanges_stubs.o
clang -mmacosx-version-min=10.13 -I"/Library/Frameworks/R.framework/Resources/include" -DNDEBUG  -I'/Library/Frameworks/R.framework/Versions/4.3/Resources/library/S4Vectors/include' -I'/Library/Frameworks/R.framework/Versions/4.3/Resources/library/IRanges/include' -I/usr/local/include    -fPIC  -Wall -g -O2  -c R_init_GenomicRanges.c -o R_init_GenomicRanges.o
clang -mmacosx-version-min=10.13 -I"/Library/Frameworks/R.framework/Resources/include" -DNDEBUG  -I'/Library/Frameworks/R.framework/Versions/4.3/Resources/library/S4Vectors/include' -I'/Library/Frameworks/R.framework/Versions/4.3/Resources/library/IRanges/include' -I/usr/local/include    -fPIC  -Wall -g -O2  -c S4Vectors_stubs.c -o S4Vectors_stubs.o
clang -mmacosx-version-min=10.13 -I"/Library/Frameworks/R.framework/Resources/include" -DNDEBUG  -I'/Library/Frameworks/R.framework/Versions/4.3/Resources/library/S4Vectors/include' -I'/Library/Frameworks/R.framework/Versions/4.3/Resources/library/IRanges/include' -I/usr/local/include    -fPIC  -Wall -g -O2  -c transcript_utils.c -o transcript_utils.o
clang -mmacosx-version-min=10.13 -dynamiclib -Wl,-headerpad_max_install_names -undefined dynamic_lookup -single_module -multiply_defined suppress -L/Library/Frameworks/R.framework/Resources/lib -L/usr/local/lib -o GenomicRanges.so IRanges_stubs.o R_init_GenomicRanges.o S4Vectors_stubs.o transcript_utils.o -F/Library/Frameworks/R.framework/.. -framework R -Wl,-framework -Wl,CoreFoundation
installing to /Library/Frameworks/R.framework/Versions/4.3/Resources/library/00LOCK-GenomicRanges/00new/GenomicRanges/libs
** R
** inst
** byte-compile and prepare package for lazy loading
** help
*** installing help indices
** building package indices
** installing vignettes
** testing if installed package can be loaded from temporary location
** checking absolute paths in shared objects and dynamic libraries
** testing if installed package can be loaded from final location
** testing if installed package keeps a record of temporary installation path
* DONE (GenomicRanges)

Tests output

GenomicRanges.Rcheck/tests/run_unitTests.Rout


R Under development (unstable) (2023-01-10 r83596) -- "Unsuffered Consequences"
Copyright (C) 2023 The R Foundation for Statistical Computing
Platform: x86_64-apple-darwin17.0 (64-bit)

R is free software and comes with ABSOLUTELY NO WARRANTY.
You are welcome to redistribute it under certain conditions.
Type 'license()' or 'licence()' for distribution details.

R is a collaborative project with many contributors.
Type 'contributors()' for more information and
'citation()' on how to cite R or R packages in publications.

Type 'demo()' for some demos, 'help()' for on-line help, or
'help.start()' for an HTML browser interface to help.
Type 'q()' to quit R.

> require("GenomicRanges") || stop("unable to load GenomicRanges package")
Loading required package: GenomicRanges
Loading required package: stats4
Loading required package: BiocGenerics

Attaching package: 'BiocGenerics'

The following objects are masked from 'package:stats':

    IQR, mad, sd, var, xtabs

The following objects are masked from 'package:base':

    Filter, Find, Map, Position, Reduce, anyDuplicated, aperm, append,
    as.data.frame, basename, cbind, colnames, dirname, do.call,
    duplicated, eval, evalq, get, grep, grepl, intersect, is.unsorted,
    lapply, mapply, match, mget, order, paste, pmax, pmax.int, pmin,
    pmin.int, rank, rbind, rownames, sapply, setdiff, sort, table,
    tapply, union, unique, unsplit, which.max, which.min

Loading required package: S4Vectors

Attaching package: 'S4Vectors'

The following objects are masked from 'package:base':

    I, expand.grid, unname

Loading required package: IRanges
Loading required package: GenomeInfoDb
[1] TRUE
> GenomicRanges:::.test()


RUNIT TEST PROTOCOL -- Tue Feb  7 01:59:05 2023 
*********************************************** 
Number of test functions: 73 
Number of errors: 0 
Number of failures: 0 

 
1 Test Suite : 
GenomicRanges RUnit Tests - 73 test functions, 0 errors, 0 failures
Number of test functions: 73 
Number of errors: 0 
Number of failures: 0 
> 
> proc.time()
   user  system elapsed 
 97.853   0.867 134.879 

Example timings

GenomicRanges.Rcheck/GenomicRanges-Ex.timings

nameusersystemelapsed
GNCList-class1.0480.0541.478
GPos-class57.653 2.95581.023
GRanges-class1.8510.0632.533
GRangesFactor-class1.8140.1412.479
GRangesList-class0.9360.0091.266
GenomicRanges-comparison0.4950.0080.660
absoluteRanges2.2580.0933.100
constraint1.9160.0272.578
coverage-methods0.5740.0020.773
findOverlaps-methods3.8380.0255.102
genomic-range-squeezers0.0010.0010.000
genomicvars 73.947 8.538108.329
inter-range-methods4.9600.2226.769
intra-range-methods1.2190.1271.817
makeGRangesFromDataFrame 1.391 0.12415.459
makeGRangesListFromDataFrame0.2000.0020.247
nearest-methods3.5400.0294.834
phicoef0.0020.0000.002
setops-methods6.8640.0329.296
strand-utils0.2190.0050.294
subtract-methods0.5450.0030.726
tile-methods0.2130.0020.273
tileGenome0.6820.0150.967