Back to Multiple platform build/check report for BioC 3.17:   simplified   long
AB[C]DEFGHIJKLMNOPQRSTUVWXYZ

This page was generated on 2023-02-06 11:05:01 -0500 (Mon, 06 Feb 2023).

HostnameOSArch (*)R versionInstalled pkgs
nebbiolo1Linux (Ubuntu 22.04.1 LTS)x86_64R Under development (unstable) (2023-01-10 r83596) -- "Unsuffered Consequences" 4483
palomino3Windows Server 2022 Datacenterx64R Under development (unstable) (2023-01-10 r83596 ucrt) -- "Unsuffered Consequences" 4249
merida1macOS 10.14.6 Mojavex86_64R Under development (unstable) (2023-01-10 r83596) -- "Unsuffered Consequences" 4272
Click on any hostname to see more info about the system (e.g. compilers)      (*) as reported by 'uname -p', except on Windows and Mac OS X

CHECK results for CAFE on nebbiolo1


To the developers/maintainers of the CAFE package:
- Please allow up to 24 hours (and sometimes 48 hours) for your latest push to git@git.bioconductor.org:packages/CAFE.git to
reflect on this report. See How and When does the builder pull? When will my changes propagate? for more information.
- Make sure to use the following settings in order to reproduce any error or warning you see on this page.

raw results

Package 239/2164HostnameOS / ArchINSTALLBUILDCHECKBUILD BIN
CAFE 1.35.0  (landing page)
Sander Bollen
Snapshot Date: 2023-02-05 14:00:11 -0500 (Sun, 05 Feb 2023)
git_url: https://git.bioconductor.org/packages/CAFE
git_branch: master
git_last_commit: 17710dc
git_last_commit_date: 2022-11-01 11:09:18 -0500 (Tue, 01 Nov 2022)
nebbiolo1Linux (Ubuntu 22.04.1 LTS) / x86_64  OK    OK    WARNINGS  UNNEEDED, same version is already published
palomino3Windows Server 2022 Datacenter / x64  OK    OK    WARNINGS    OK  UNNEEDED, same version is already published
merida1macOS 10.14.6 Mojave / x86_64  OK    OK    WARNINGS    OK  UNNEEDED, same version is already published

Summary

Package: CAFE
Version: 1.35.0
Command: /home/biocbuild/bbs-3.17-bioc/R/bin/R CMD check --install=check:CAFE.install-out.txt --library=/home/biocbuild/bbs-3.17-bioc/R/library --timings CAFE_1.35.0.tar.gz
StartedAt: 2023-02-05 19:23:42 -0500 (Sun, 05 Feb 2023)
EndedAt: 2023-02-05 19:30:14 -0500 (Sun, 05 Feb 2023)
EllapsedTime: 392.2 seconds
RetCode: 0
Status:   WARNINGS  
CheckDir: CAFE.Rcheck
Warnings: 1

Command output

##############################################################################
##############################################################################
###
### Running command:
###
###   /home/biocbuild/bbs-3.17-bioc/R/bin/R CMD check --install=check:CAFE.install-out.txt --library=/home/biocbuild/bbs-3.17-bioc/R/library --timings CAFE_1.35.0.tar.gz
###
##############################################################################
##############################################################################


* using log directory ‘/home/biocbuild/bbs-3.17-bioc/meat/CAFE.Rcheck’
* using R Under development (unstable) (2023-01-10 r83596)
* using platform: x86_64-pc-linux-gnu (64-bit)
* R was compiled by
    gcc (Ubuntu 11.3.0-1ubuntu1~22.04) 11.3.0
    GNU Fortran (Ubuntu 11.3.0-1ubuntu1~22.04) 11.3.0
* running under: Ubuntu 22.04.1 LTS
* using session charset: UTF-8
* checking for file ‘CAFE/DESCRIPTION’ ... OK
* checking extension type ... Package
* this is package ‘CAFE’ version ‘1.35.0’
* checking package namespace information ... OK
* checking package dependencies ... OK
* checking if this is a source package ... OK
* checking if there is a namespace ... OK
* checking for hidden files and directories ... OK
* checking for portable file names ... OK
* checking for sufficient/correct file permissions ... OK
* checking whether package ‘CAFE’ can be installed ... OK
* checking installed package size ... OK
* checking package directory ... OK
* checking ‘build’ directory ... OK
* checking DESCRIPTION meta-information ... NOTE
Malformed Description field: should contain one or more complete sentences.
* checking top-level files ... OK
* checking for left-over files ... OK
* checking index information ... OK
* checking package subdirectories ... OK
* checking R files for non-ASCII characters ... OK
* checking R files for syntax errors ... OK
* checking whether the package can be loaded ... OK
* checking whether the package can be loaded with stated dependencies ... OK
* checking whether the package can be unloaded cleanly ... OK
* checking whether the namespace can be loaded with stated dependencies ... OK
* checking whether the namespace can be unloaded cleanly ... OK
* checking dependencies in R code ... WARNING
'::' or ':::' import not declared from: 'BiocManager'
'loadNamespace' or 'requireNamespace' call not declared from: 'BiocManager'
* checking S3 generic/method consistency ... OK
* checking replacement functions ... OK
* checking foreign function calls ... OK
* checking R code for possible problems ... NOTE
Armchisqr: no visible global function definition for 'chisq.test'
ArmfisherExact: no visible global function definition for 'fisher.test'
ProcessCels: no visible global function definition for
  'install.packages'
ProcessCels: no visible global function definition for 'download.file'
ProcessCels: no visible global function definition for 'read.table'
ProcessCels: no visible global function definition for 'txtProgressBar'
ProcessCels: no visible global function definition for
  'setTxtProgressBar'
ProcessCels: no visible global function definition for 'na.omit'
allBandsOnChrom: no visible global function definition for
  'fisher.test'
allBandsOnChromChi: no visible global function definition for
  'chisq.test'
armStats: no visible global function definition for 'p.adjust'
bandStats: no visible global function definition for 'p.adjust'
chisqr: no visible global function definition for 'chisq.test'
chromosomeStats: no visible global function definition for 'p.adjust'
discontPlot: no visible global function definition for 'png'
discontPlot: no visible global function definition for 'dev.off'
discontPlot: no visible global function definition for 'data'
facetPlot: no visible global function definition for 'png'
facetPlot: no visible global function definition for 'dev.off'
facetPlot: no visible global function definition for 'na.omit'
fisher.method: no visible global function definition for 'pchisq'
fisherExact: no visible global function definition for 'fisher.test'
makelevels: no visible global function definition for 'na.omit'
rawPlot: no visible global function definition for 'png'
rawPlot: no visible global function definition for 'dev.off'
rawPlot: no visible global function definition for 'data'
slidPlot: no visible global function definition for 'png'
slidPlot: no visible global function definition for 'dev.off'
slidPlot: no visible global function definition for 'data'
Undefined global functions or variables:
  chisq.test data dev.off download.file fisher.test install.packages
  na.omit p.adjust pchisq png read.table setTxtProgressBar
  txtProgressBar
Consider adding
  importFrom("grDevices", "dev.off", "png")
  importFrom("stats", "chisq.test", "fisher.test", "na.omit", "p.adjust",
             "pchisq")
  importFrom("utils", "data", "download.file", "install.packages",
             "read.table", "setTxtProgressBar", "txtProgressBar")
to your NAMESPACE file.
* checking Rd files ... OK
* checking Rd metadata ... OK
* checking Rd cross-references ... OK
* checking for missing documentation entries ... OK
* checking for code/documentation mismatches ... OK
* checking Rd \usage sections ... OK
* checking Rd contents ... OK
* checking for unstated dependencies in examples ... OK
* checking contents of ‘data’ directory ... OK
* checking data for non-ASCII characters ... OK
* checking data for ASCII and uncompressed saves ... OK
* checking files in ‘vignettes’ ... OK
* checking examples ... OK
* checking for unstated dependencies in ‘tests’ ... OK
* checking tests ...
  Running ‘runTests.R’
 OK
* checking for unstated dependencies in vignettes ... OK
* checking package vignettes in ‘inst/doc’ ... OK
* checking running R code from vignettes ...
  ‘CAFE-manual.Rnw’... OK
 OK
* checking re-building of vignette outputs ... OK
* checking PDF version of manual ... OK
* DONE

Status: 1 WARNING, 2 NOTEs
See
  ‘/home/biocbuild/bbs-3.17-bioc/meat/CAFE.Rcheck/00check.log’
for details.



Installation output

CAFE.Rcheck/00install.out

##############################################################################
##############################################################################
###
### Running command:
###
###   /home/biocbuild/bbs-3.17-bioc/R/bin/R CMD INSTALL CAFE
###
##############################################################################
##############################################################################


* installing to library ‘/home/biocbuild/bbs-3.17-bioc/R/library’
* installing *source* package ‘CAFE’ ...
** using staged installation
** R
** data
** inst
** byte-compile and prepare package for lazy loading
** help
*** installing help indices
** building package indices
** installing vignettes
** testing if installed package can be loaded from temporary location
** testing if installed package can be loaded from final location
** testing if installed package keeps a record of temporary installation path
* DONE (CAFE)

Tests output

CAFE.Rcheck/tests/runTests.Rout


R Under development (unstable) (2023-01-10 r83596) -- "Unsuffered Consequences"
Copyright (C) 2023 The R Foundation for Statistical Computing
Platform: x86_64-pc-linux-gnu (64-bit)

R is free software and comes with ABSOLUTELY NO WARRANTY.
You are welcome to redistribute it under certain conditions.
Type 'license()' or 'licence()' for distribution details.

R is a collaborative project with many contributors.
Type 'contributors()' for more information and
'citation()' on how to cite R or R packages in publications.

Type 'demo()' for some demos, 'help()' for on-line help, or
'help.start()' for an HTML browser interface to help.
Type 'q()' to quit R.

> #BiocGenerics:::testPackage("CAFE")
> 
> proc.time()
   user  system elapsed 
  0.153   0.023   0.166 

Example timings

CAFE.Rcheck/CAFE-Ex.timings

nameusersystemelapsed
CAFE-package000
CAFE0.5520.0230.577
ProcessCels0.0000.0000.001
armStats0.9000.0680.969
bandStats2.1440.2922.435
chromosomeStats0.5330.0120.545
cliSubset0.0010.0000.000
discontPlot0.9990.1041.082
discontSmooth0.0060.0000.005
facetPlot3.2700.3683.638
fisher.method0.0010.0000.000
guiSubset000
rawPlot1.0740.0441.117
slidPlot1.1460.0671.206
slidSmooth0.0010.0010.001