Back to Multiple platform build/check report for BioC 3.17:   simplified   long
ABCDE[F]GHIJKLMNOPQRSTUVWXYZ

This page was generated on 2023-03-22 11:05:09 -0400 (Wed, 22 Mar 2023).

HostnameOSArch (*)R versionInstalled pkgs
nebbiolo1Linux (Ubuntu 22.04.1 LTS)x86_64R Under development (unstable) (2023-03-16 r83996) -- "Unsuffered Consequences" 4508
palomino3Windows Server 2022 Datacenterx64R Under development (unstable) (2023-03-15 r83984 ucrt) -- "Unsuffered Consequences" 4293
merida1macOS 10.14.6 Mojavex86_64R Under development (unstable) (2023-03-16 r83985) -- "Unsuffered Consequences" 4290
Click on any hostname to see more info about the system (e.g. compilers)      (*) as reported by 'uname -p', except on Windows and Mac OS X

CHECK results for funtooNorm on nebbiolo1


To the developers/maintainers of the funtooNorm package:
- Please allow up to 24 hours (and sometimes 48 hours) for your latest push to git@git.bioconductor.org:packages/funtooNorm.git to
reflect on this report. See How and When does the builder pull? When will my changes propagate? for more information.
- Make sure to use the following settings in order to reproduce any error or warning you see on this page.

raw results

Package 730/2189HostnameOS / ArchINSTALLBUILDCHECKBUILD BIN
funtooNorm 1.23.0  (landing page)
Kathleen Klein
Snapshot Date: 2023-03-21 14:00:22 -0400 (Tue, 21 Mar 2023)
git_url: https://git.bioconductor.org/packages/funtooNorm
git_branch: master
git_last_commit: 9901b89
git_last_commit_date: 2022-11-01 11:15:04 -0400 (Tue, 01 Nov 2022)
nebbiolo1Linux (Ubuntu 22.04.1 LTS) / x86_64  OK    OK    WARNINGS  UNNEEDED, same version is already published
palomino3Windows Server 2022 Datacenter / x64  OK    OK    WARNINGS    OK  UNNEEDED, same version is already published
merida1macOS 10.14.6 Mojave / x86_64  OK    OK    WARNINGS    OK  UNNEEDED, same version is already published

Summary

Package: funtooNorm
Version: 1.23.0
Command: /home/biocbuild/bbs-3.17-bioc/R/bin/R CMD check --install=check:funtooNorm.install-out.txt --library=/home/biocbuild/bbs-3.17-bioc/R/site-library --timings funtooNorm_1.23.0.tar.gz
StartedAt: 2023-03-21 20:36:00 -0400 (Tue, 21 Mar 2023)
EndedAt: 2023-03-21 20:42:56 -0400 (Tue, 21 Mar 2023)
EllapsedTime: 415.8 seconds
RetCode: 0
Status:   WARNINGS  
CheckDir: funtooNorm.Rcheck
Warnings: 2

Command output

##############################################################################
##############################################################################
###
### Running command:
###
###   /home/biocbuild/bbs-3.17-bioc/R/bin/R CMD check --install=check:funtooNorm.install-out.txt --library=/home/biocbuild/bbs-3.17-bioc/R/site-library --timings funtooNorm_1.23.0.tar.gz
###
##############################################################################
##############################################################################


* using log directory ‘/home/biocbuild/bbs-3.17-bioc/meat/funtooNorm.Rcheck’
* using R Under development (unstable) (2023-03-16 r83996)
* using platform: x86_64-pc-linux-gnu (64-bit)
* R was compiled by
    gcc (Ubuntu 11.3.0-1ubuntu1~22.04) 11.3.0
    GNU Fortran (Ubuntu 11.3.0-1ubuntu1~22.04) 11.3.0
* running under: Ubuntu 22.04.2 LTS
* using session charset: UTF-8
* checking for file ‘funtooNorm/DESCRIPTION’ ... OK
* checking extension type ... Package
* this is package ‘funtooNorm’ version ‘1.23.0’
* checking package namespace information ... OK
* checking package dependencies ... OK
* checking if this is a source package ... OK
* checking if there is a namespace ... OK
* checking for hidden files and directories ... OK
* checking for portable file names ... OK
* checking for sufficient/correct file permissions ... OK
* checking whether package ‘funtooNorm’ can be installed ... OK
* checking installed package size ... OK
* checking package directory ... OK
* checking DESCRIPTION meta-information ... OK
* checking top-level files ... OK
* checking for left-over files ... OK
* checking index information ... OK
* checking package subdirectories ... OK
* checking R files for non-ASCII characters ... OK
* checking R files for syntax errors ... OK
* checking whether the package can be loaded ... OK
* checking whether the package can be loaded with stated dependencies ... OK
* checking whether the package can be unloaded cleanly ... OK
* checking whether the namespace can be loaded with stated dependencies ... OK
* checking whether the namespace can be unloaded cleanly ... OK
* checking loading without being on the library search path ... OK
* checking dependencies in R code ... OK
* checking S3 generic/method consistency ... OK
* checking replacement functions ... OK
* checking foreign function calls ... OK
* checking R code for possible problems ... OK
* checking Rd files ... OK
* checking Rd metadata ... OK
* checking Rd cross-references ... OK
* checking for missing documentation entries ... OK
* checking for code/documentation mismatches ... OK
* checking Rd \usage sections ... WARNING
Documented arguments not in \usage in documentation object 'show,SampleSet-method':
  ‘...’

Functions with \usage entries need to have the appropriate \alias
entries, and all their arguments documented.
The \usage entries must correspond to syntactically valid R code.
See chapter ‘Writing R documentation files’ in the ‘Writing R
Extensions’ manual.
* checking Rd contents ... OK
* checking for unstated dependencies in examples ... OK
* checking R/sysdata.rda ... OK
* checking files in ‘vignettes’ ... WARNING
Files in the 'vignettes' directory but no files in 'inst/doc':
  ‘MyEndnoteLibrary.bib’ ‘funtooNorm.Rmd’ ‘funtooNorm.pdf’
  ‘validationcurvesPCRlow.jpg’
Files named as vignettes but with no recognized vignette engine:
   ‘vignettes/funtooNorm.Rmd’
(Is a VignetteBuilder field missing?)
* checking examples ... OK
Examples with CPU (user + system) or elapsed time > 5s
                      user system elapsed
funtooNorm          20.913  0.680  21.593
getNormBeta         19.842  0.444  20.286
getNormM            19.408  0.320  19.728
getSnpM             18.345  0.216  18.562
plotValidationGraph 17.606  0.208  17.814
fromRGChannelSet    11.316  0.607  11.926
getRawBeta           5.584  0.116   5.699
* checking PDF version of manual ... OK
* DONE

Status: 2 WARNINGs
See
  ‘/home/biocbuild/bbs-3.17-bioc/meat/funtooNorm.Rcheck/00check.log’
for details.



Installation output

funtooNorm.Rcheck/00install.out

##############################################################################
##############################################################################
###
### Running command:
###
###   /home/biocbuild/bbs-3.17-bioc/R/bin/R CMD INSTALL funtooNorm
###
##############################################################################
##############################################################################


* installing to library ‘/home/biocbuild/bbs-3.17-bioc/R/site-library’
* installing *source* package ‘funtooNorm’ ...
** using staged installation
** R
** inst
** byte-compile and prepare package for lazy loading
** help
*** installing help indices
** building package indices
** installing vignettes
** testing if installed package can be loaded from temporary location
** testing if installed package can be loaded from final location
** testing if installed package keeps a record of temporary installation path
* DONE (funtooNorm)

Tests output


Example timings

funtooNorm.Rcheck/funtooNorm-Ex.timings

nameusersystemelapsed
SampleSet-class0.0010.0010.002
agreement0.0010.0000.001
fromRGChannelSet11.316 0.60711.926
funtooNorm20.913 0.68021.593
getGRanges4.2680.1364.404
getNormBeta19.842 0.44420.286
getNormM19.408 0.32019.728
getRawBeta5.5840.1165.699
getSnpM18.345 0.21618.562
plotValidationGraph17.606 0.20817.814
show-SampleSet-method4.6070.1284.735