Back to Multiple platform build/check report for BioC 3.17: simplified long |
|
This page was generated on 2023-03-29 11:06:13 -0400 (Wed, 29 Mar 2023).
Hostname | OS | Arch (*) | R version | Installed pkgs |
---|---|---|---|---|
nebbiolo1 | Linux (Ubuntu 22.04.1 LTS) | x86_64 | R Under development (unstable) (2023-03-16 r83996) -- "Unsuffered Consequences" | 4547 |
palomino3 | Windows Server 2022 Datacenter | x64 | R Under development (unstable) (2023-03-15 r83984 ucrt) -- "Unsuffered Consequences" | 4308 |
merida1 | macOS 10.14.6 Mojave | x86_64 | R Under development (unstable) (2023-03-16 r83985) -- "Unsuffered Consequences" | 4301 |
Click on any hostname to see more info about the system (e.g. compilers) (*) as reported by 'uname -p', except on Windows and Mac OS X |
To the developers/maintainers of the funtooNorm package: - Please allow up to 24 hours (and sometimes 48 hours) for your latest push to git@git.bioconductor.org:packages/funtooNorm.git to reflect on this report. See How and When does the builder pull? When will my changes propagate? for more information. - Make sure to use the following settings in order to reproduce any error or warning you see on this page. |
Package 732/2195 | Hostname | OS / Arch | INSTALL | BUILD | CHECK | BUILD BIN | ||||||||
funtooNorm 1.23.0 (landing page) Kathleen Klein
| nebbiolo1 | Linux (Ubuntu 22.04.1 LTS) / x86_64 | ERROR | OK | ERROR | |||||||||
palomino3 | Windows Server 2022 Datacenter / x64 | ERROR | OK | ERROR | ERROR | |||||||||
merida1 | macOS 10.14.6 Mojave / x86_64 | ERROR | OK | ERROR | ERROR | |||||||||
Package: funtooNorm |
Version: 1.23.0 |
Command: /Library/Frameworks/R.framework/Resources/bin/R CMD check --install=check:funtooNorm.install-out.txt --library=/Library/Frameworks/R.framework/Resources/library --no-vignettes --timings funtooNorm_1.23.0.tar.gz |
StartedAt: 2023-03-29 00:36:02 -0400 (Wed, 29 Mar 2023) |
EndedAt: 2023-03-29 00:36:08 -0400 (Wed, 29 Mar 2023) |
EllapsedTime: 6.1 seconds |
RetCode: 1 |
Status: ERROR |
CheckDir: funtooNorm.Rcheck |
Warnings: NA |
############################################################################## ############################################################################## ### ### Running command: ### ### /Library/Frameworks/R.framework/Resources/bin/R CMD check --install=check:funtooNorm.install-out.txt --library=/Library/Frameworks/R.framework/Resources/library --no-vignettes --timings funtooNorm_1.23.0.tar.gz ### ############################################################################## ############################################################################## * using log directory ‘/Users/biocbuild/bbs-3.17-bioc/meat/funtooNorm.Rcheck’ * using R Under development (unstable) (2023-03-16 r83985) * using platform: x86_64-apple-darwin17.0 (64-bit) * R was compiled by Apple clang version 12.0.0 (clang-1200.0.32.29) GNU Fortran (GCC) 8.2.0 * running under: macOS Mojave 10.14.6 * using session charset: UTF-8 * using option ‘--no-vignettes’ * checking for file ‘funtooNorm/DESCRIPTION’ ... OK * checking extension type ... Package * this is package ‘funtooNorm’ version ‘1.23.0’ * checking package namespace information ... OK * checking package dependencies ... OK * checking if this is a source package ... OK * checking if there is a namespace ... OK * checking for hidden files and directories ... OK * checking for portable file names ... OK * checking for sufficient/correct file permissions ... OK * checking whether package ‘funtooNorm’ can be installed ... ERROR Installation failed. See ‘/Users/biocbuild/bbs-3.17-bioc/meat/funtooNorm.Rcheck/00install.out’ for details. * DONE Status: 1 ERROR See ‘/Users/biocbuild/bbs-3.17-bioc/meat/funtooNorm.Rcheck/00check.log’ for details.
funtooNorm.Rcheck/00install.out
############################################################################## ############################################################################## ### ### Running command: ### ### /Library/Frameworks/R.framework/Resources/bin/R CMD INSTALL funtooNorm ### ############################################################################## ############################################################################## * installing to library ‘/Library/Frameworks/R.framework/Versions/4.3/Resources/library’ * installing *source* package ‘funtooNorm’ ... ** using staged installation ** R ** inst ** byte-compile and prepare package for lazy loading Error: objects ‘rowSums’, ‘colSums’, ‘rowMeans’, ‘colMeans’ are not exported by 'namespace:BiocGenerics' Execution halted ERROR: lazy loading failed for package ‘funtooNorm’ * removing ‘/Library/Frameworks/R.framework/Versions/4.3/Resources/library/funtooNorm’ * restoring previous ‘/Library/Frameworks/R.framework/Versions/4.3/Resources/library/funtooNorm’