Back to Multiple platform build/check report for BioC 3.17:   simplified   long
ABCDEF[G]HIJKLMNOPQRSTUVWXYZ

This page was generated on 2023-03-29 11:06:14 -0400 (Wed, 29 Mar 2023).

HostnameOSArch (*)R versionInstalled pkgs
nebbiolo1Linux (Ubuntu 22.04.1 LTS)x86_64R Under development (unstable) (2023-03-16 r83996) -- "Unsuffered Consequences" 4547
palomino3Windows Server 2022 Datacenterx64R Under development (unstable) (2023-03-15 r83984 ucrt) -- "Unsuffered Consequences" 4308
merida1macOS 10.14.6 Mojavex86_64R Under development (unstable) (2023-03-16 r83985) -- "Unsuffered Consequences" 4301
Click on any hostname to see more info about the system (e.g. compilers)      (*) as reported by 'uname -p', except on Windows and Mac OS X

CHECK results for GenomicAlignments on merida1


To the developers/maintainers of the GenomicAlignments package:
- Please allow up to 24 hours (and sometimes 48 hours) for your latest push to git@git.bioconductor.org:packages/GenomicAlignments.git to
reflect on this report. See How and When does the builder pull? When will my changes propagate? for more information.
- Make sure to use the following settings in order to reproduce any error or warning you see on this page.

raw results

Package 789/2195HostnameOS / ArchINSTALLBUILDCHECKBUILD BIN
GenomicAlignments 1.35.1  (landing page)
Hervé Pagès
Snapshot Date: 2023-03-28 14:00:22 -0400 (Tue, 28 Mar 2023)
git_url: https://git.bioconductor.org/packages/GenomicAlignments
git_branch: devel
git_last_commit: 1f8a1c3
git_last_commit_date: 2023-03-08 18:26:20 -0400 (Wed, 08 Mar 2023)
nebbiolo1Linux (Ubuntu 22.04.1 LTS) / x86_64  OK    OK    WARNINGS  UNNEEDED, same version is already published
palomino3Windows Server 2022 Datacenter / x64  OK    OK    WARNINGS    OK  UNNEEDED, same version is already published
merida1macOS 10.14.6 Mojave / x86_64  OK    OK    WARNINGS    OK  UNNEEDED, same version is already published

Summary

Package: GenomicAlignments
Version: 1.35.1
Command: /Library/Frameworks/R.framework/Resources/bin/R CMD check --install=check:GenomicAlignments.install-out.txt --library=/Library/Frameworks/R.framework/Resources/library --no-vignettes --timings GenomicAlignments_1.35.1.tar.gz
StartedAt: 2023-03-29 00:45:24 -0400 (Wed, 29 Mar 2023)
EndedAt: 2023-03-29 00:56:58 -0400 (Wed, 29 Mar 2023)
EllapsedTime: 694.7 seconds
RetCode: 0
Status:   WARNINGS  
CheckDir: GenomicAlignments.Rcheck
Warnings: 1

Command output

##############################################################################
##############################################################################
###
### Running command:
###
###   /Library/Frameworks/R.framework/Resources/bin/R CMD check --install=check:GenomicAlignments.install-out.txt --library=/Library/Frameworks/R.framework/Resources/library --no-vignettes --timings GenomicAlignments_1.35.1.tar.gz
###
##############################################################################
##############################################################################


* using log directory ‘/Users/biocbuild/bbs-3.17-bioc/meat/GenomicAlignments.Rcheck’
* using R Under development (unstable) (2023-03-16 r83985)
* using platform: x86_64-apple-darwin17.0 (64-bit)
* R was compiled by
    Apple clang version 12.0.0 (clang-1200.0.32.29)
    GNU Fortran (GCC) 8.2.0
* running under: macOS Mojave 10.14.6
* using session charset: UTF-8
* using option ‘--no-vignettes’
* checking for file ‘GenomicAlignments/DESCRIPTION’ ... OK
* this is package ‘GenomicAlignments’ version ‘1.35.1’
* package encoding: UTF-8
* checking package namespace information ... OK
* checking package dependencies ... NOTE
Depends: includes the non-default packages:
  'BiocGenerics', 'S4Vectors', 'IRanges', 'GenomeInfoDb',
  'GenomicRanges', 'SummarizedExperiment', 'Biostrings', 'Rsamtools'
Adding so many packages to the search path is excessive and importing
selectively is preferable.
* checking if this is a source package ... OK
* checking if there is a namespace ... OK
* checking for hidden files and directories ... OK
* checking for portable file names ... OK
* checking for sufficient/correct file permissions ... OK
* checking whether package ‘GenomicAlignments’ can be installed ... OK
* used C compiler: ‘Apple clang version 11.0.0 (clang-1100.0.33.17)’
* used SDK: ‘’
* checking installed package size ... OK
* checking package directory ... OK
* checking ‘build’ directory ... OK
* checking DESCRIPTION meta-information ... NOTE
Packages listed in more than one of Depends, Imports, Suggests, Enhances:
  ‘methods’ ‘BiocGenerics’ ‘S4Vectors’ ‘IRanges’ ‘GenomicRanges’ ‘Biostrings’ ‘Rsamtools’
A package should be listed in only one of these fields.
* checking top-level files ... OK
* checking for left-over files ... OK
* checking index information ... OK
* checking package subdirectories ... NOTE
Problems with news in ‘NEWS’:
  Cannot process chunk/lines:
    No NEW FEATURES or SIGNIFICANT USER-VISIBLE CHANGES or BUG FIXES since
  Cannot process chunk/lines:
    version 1.18.0
  Cannot process chunk/lines:
    No NEW FEATURES or SIGNIFICANT USER-VISIBLE CHANGES or BUG FIXES since
  Cannot process chunk/lines:
    version 1.16.0
  Cannot process chunk/lines:
    The first version of GenomicAlignments was included in Bioconductor 2.14. 
  Cannot process chunk/lines:
    The package was created from existing code in IRanges, ShortRead, 
  Cannot process chunk/lines:
    Rsamtools and GenomicRanges. 
* checking R files for non-ASCII characters ... OK
* checking R files for syntax errors ... OK
* checking whether the package can be loaded ... OK
* checking whether the package can be loaded with stated dependencies ... OK
* checking whether the package can be unloaded cleanly ... OK
* checking whether the namespace can be loaded with stated dependencies ... OK
* checking whether the namespace can be unloaded cleanly ... OK
* checking dependencies in R code ... NOTE
':::' calls which should be '::':
  ‘S4Vectors:::makeClassinfoRowForCompactPrinting’
  ‘S4Vectors:::makePrettyMatrixForCompactPrinting’
  See the note in ?`:::` about the use of this operator.
Unexported objects imported by ':::' calls:
  ‘Biostrings:::.normarg_padding.letter’
  ‘Rsamtools:::.BamViews_delegate’ ‘Rsamtools:::.findMateWithinGroups’
  ‘Rsamtools:::.load_bamcols_from_scanBam_res’
  See the note in ?`:::` about the use of this operator.
* checking S3 generic/method consistency ... OK
* checking replacement functions ... OK
* checking foreign function calls ... OK
* checking R code for possible problems ... OK
* checking Rd files ... WARNING
checkRd: (5) GAlignmentPairs-class.Rd:90-94: \item in \describe must have non-empty label
checkRd: (5) GAlignmentPairs-class.Rd:102-133: \item in \describe must have non-empty label
checkRd: (5) GAlignmentPairs-class.Rd:134-137: \item in \describe must have non-empty label
checkRd: (5) GAlignmentPairs-class.Rd:138-143: \item in \describe must have non-empty label
checkRd: (5) GAlignmentPairs-class.Rd:144-160: \item in \describe must have non-empty label
checkRd: (5) GAlignmentPairs-class.Rd:161-172: \item in \describe must have non-empty label
checkRd: (5) GAlignmentPairs-class.Rd:173-179: \item in \describe must have non-empty label
checkRd: (5) GAlignmentPairs-class.Rd:180-183: \item in \describe must have non-empty label
checkRd: (5) GAlignmentPairs-class.Rd:184-188: \item in \describe must have non-empty label
checkRd: (5) GAlignmentPairs-class.Rd:189-193: \item in \describe must have non-empty label
checkRd: (5) GAlignmentPairs-class.Rd:194-203: \item in \describe must have non-empty label
checkRd: (5) GAlignmentPairs-class.Rd:204-210: \item in \describe must have non-empty label
checkRd: (5) GAlignmentPairs-class.Rd:211-216: \item in \describe must have non-empty label
checkRd: (5) GAlignmentPairs-class.Rd:217-222: \item in \describe must have non-empty label
checkRd: (5) GAlignmentPairs-class.Rd:223-232: \item in \describe must have non-empty label
checkRd: (5) GAlignmentPairs-class.Rd:240-244: \item in \describe must have non-empty label
checkRd: (5) GAlignmentPairs-class.Rd:252-257: \item in \describe must have non-empty label
checkRd: (5) GAlignmentPairs-class.Rd:258-264: \item in \describe must have non-empty label
checkRd: (5) GAlignmentPairs-class.Rd:272-298: \item in \describe must have non-empty label
checkRd: (5) GAlignmentPairs-class.Rd:299-328: \item in \describe must have non-empty label
checkRd: (5) GAlignmentPairs-class.Rd:329-336: \item in \describe must have non-empty label
checkRd: (5) GAlignmentPairs-class.Rd:337-340: \item in \describe must have non-empty label
checkRd: (5) GAlignmentPairs-class.Rd:348-359: \item in \describe must have non-empty label
checkRd: (5) GAlignments-class.Rd:148-154: \item in \describe must have non-empty label
checkRd: (5) GAlignments-class.Rd:162-165: \item in \describe must have non-empty label
checkRd: (5) GAlignments-class.Rd:166-171: \item in \describe must have non-empty label
checkRd: (5) GAlignments-class.Rd:172-179: \item in \describe must have non-empty label
checkRd: (5) GAlignments-class.Rd:180-183: \item in \describe must have non-empty label
checkRd: (5) GAlignments-class.Rd:184-190: \item in \describe must have non-empty label
checkRd: (5) GAlignments-class.Rd:191-195: \item in \describe must have non-empty label
checkRd: (5) GAlignments-class.Rd:196-202: \item in \describe must have non-empty label
checkRd: (5) GAlignments-class.Rd:203-213: \item in \describe must have non-empty label
checkRd: (5) GAlignments-class.Rd:214-221: \item in \describe must have non-empty label
checkRd: (5) GAlignments-class.Rd:222-227: \item in \describe must have non-empty label
checkRd: (5) GAlignments-class.Rd:228-232: \item in \describe must have non-empty label
checkRd: (5) GAlignments-class.Rd:233-241: \item in \describe must have non-empty label
checkRd: (5) GAlignments-class.Rd:242-248: \item in \describe must have non-empty label
checkRd: (5) GAlignments-class.Rd:249-254: \item in \describe must have non-empty label
checkRd: (5) GAlignments-class.Rd:255-260: \item in \describe must have non-empty label
checkRd: (5) GAlignments-class.Rd:261-270: \item in \describe must have non-empty label
checkRd: (5) GAlignments-class.Rd:278-292: \item in \describe must have non-empty label
checkRd: (5) GAlignments-class.Rd:293-335: \item in \describe must have non-empty label
checkRd: (5) GAlignments-class.Rd:336-344: \item in \describe must have non-empty label
checkRd: (5) GAlignments-class.Rd:351-357: \item in \describe must have non-empty label
checkRd: (5) GAlignments-class.Rd:365-369: \item in \describe must have non-empty label
checkRd: (5) GAlignments-class.Rd:375-381: \item in \describe must have non-empty label
checkRd: (5) GAlignments-class.Rd:388-400: \item in \describe must have non-empty label
checkRd: (5) GAlignmentsList-class.Rd:67-70: \item in \describe must have non-empty label
checkRd: (5) GAlignmentsList-class.Rd:78-81: \item in \describe must have non-empty label
checkRd: (5) GAlignmentsList-class.Rd:82-85: \item in \describe must have non-empty label
checkRd: (5) GAlignmentsList-class.Rd:86-90: \item in \describe must have non-empty label
checkRd: (5) GAlignmentsList-class.Rd:91-94: \item in \describe must have non-empty label
checkRd: (5) GAlignmentsList-class.Rd:95-99: \item in \describe must have non-empty label
checkRd: (5) GAlignmentsList-class.Rd:100-105: \item in \describe must have non-empty label
checkRd: (5) GAlignmentsList-class.Rd:106-112: \item in \describe must have non-empty label
checkRd: (5) GAlignmentsList-class.Rd:113-118: \item in \describe must have non-empty label
checkRd: (5) GAlignmentsList-class.Rd:119-123: \item in \describe must have non-empty label
checkRd: (5) GAlignmentsList-class.Rd:124-129: \item in \describe must have non-empty label
checkRd: (5) GAlignmentsList-class.Rd:130-134: \item in \describe must have non-empty label
checkRd: (5) GAlignmentsList-class.Rd:135-139: \item in \describe must have non-empty label
checkRd: (5) GAlignmentsList-class.Rd:140-146: \item in \describe must have non-empty label
checkRd: (5) GAlignmentsList-class.Rd:147-152: \item in \describe must have non-empty label
checkRd: (5) GAlignmentsList-class.Rd:153-158: \item in \describe must have non-empty label
checkRd: (5) GAlignmentsList-class.Rd:159-162: \item in \describe must have non-empty label
checkRd: (5) GAlignmentsList-class.Rd:170-187: \item in \describe must have non-empty label
checkRd: (5) GAlignmentsList-class.Rd:188-206: \item in \describe must have non-empty label
checkRd: (5) GAlignmentsList-class.Rd:207-215: \item in \describe must have non-empty label
checkRd: (5) GAlignmentsList-class.Rd:216-222: \item in \describe must have non-empty label
checkRd: (5) GAlignmentsList-class.Rd:223-228: \item in \describe must have non-empty label
checkRd: (5) GAlignmentsList-class.Rd:236-240: \item in \describe must have non-empty label
checkRd: (5) GAlignmentsList-class.Rd:241-244: \item in \describe must have non-empty label
checkRd: (5) GAlignmentsList-class.Rd:245-250: \item in \describe must have non-empty label
checkRd: (5) GAlignmentsList-class.Rd:256-262: \item in \describe must have non-empty label
checkRd: (5) GappedReads-class.Rd:40-44: \item in \describe must have non-empty label
checkRd: (5) OverlapEncodings-class.Rd:133-137: \item in \describe must have non-empty label
checkRd: (5) OverlapEncodings-class.Rd:138-155: \item in \describe must have non-empty label
checkRd: (5) OverlapEncodings-class.Rd:156-182: \item in \describe must have non-empty label
checkRd: (5) OverlapEncodings-class.Rd:183-185: \item in \describe must have non-empty label
checkRd: (5) OverlapEncodings-class.Rd:186-192: \item in \describe must have non-empty label
checkRd: (5) OverlapEncodings-class.Rd:200-204: \item in \describe must have non-empty label
checkRd: (5) OverlapEncodings-class.Rd:213-227: \item in \describe must have non-empty label
checkRd: (5) OverlapEncodings-class.Rd:228-235: \item in \describe must have non-empty label
checkRd: (5) OverlapEncodings-class.Rd:236-245: \item in \describe must have non-empty label
checkRd: (5) OverlapEncodings-class.Rd:246-261: \item in \describe must have non-empty label
checkRd: (5) summarizeOverlaps-methods.Rd:226-246: \item in \describe must have non-empty label
* checking Rd metadata ... OK
* checking Rd cross-references ... OK
* checking for missing documentation entries ... OK
* checking for code/documentation mismatches ... OK
* checking Rd \usage sections ... OK
* checking Rd contents ... OK
* checking for unstated dependencies in examples ... OK
* checking line endings in C/C++/Fortran sources/headers ... OK
* checking compiled code ... NOTE
Note: information on .o files is not available
* checking sizes of PDF files under ‘inst/doc’ ... OK
* checking files in ‘vignettes’ ... OK
* checking examples ... OK
Examples with CPU (user + system) or elapsed time > 5s
                              user system elapsed
readGAlignments             22.320  5.104  35.826
junctions-methods           23.837  1.506  33.972
summarizeOverlaps-methods   13.858  3.003  19.983
coordinate-mapping-methods  13.867  0.314  18.487
sequenceLayer               10.659  1.479  16.559
findSpliceOverlaps-methods   8.592  0.219  11.968
stackStringsFromGAlignments  7.514  0.305  10.547
GAlignmentsList-class        5.050  0.102   6.791
coverage-methods             4.772  0.175   6.412
* checking for unstated dependencies in ‘tests’ ... OK
* checking tests ...
  Running ‘run_unitTests.R’
 OK
* checking for unstated dependencies in vignettes ... OK
* checking package vignettes in ‘inst/doc’ ... OK
* checking running R code from vignettes ... SKIPPED
* checking re-building of vignette outputs ... SKIPPED
* checking PDF version of manual ... OK
* DONE

Status: 1 WARNING, 5 NOTEs
See
  ‘/Users/biocbuild/bbs-3.17-bioc/meat/GenomicAlignments.Rcheck/00check.log’
for details.



Installation output

GenomicAlignments.Rcheck/00install.out

##############################################################################
##############################################################################
###
### Running command:
###
###   /Library/Frameworks/R.framework/Resources/bin/R CMD INSTALL GenomicAlignments
###
##############################################################################
##############################################################################


* installing to library ‘/Library/Frameworks/R.framework/Versions/4.3/Resources/library’
* installing *source* package ‘GenomicAlignments’ ...
** using staged installation
** libs
using C compiler: ‘Apple clang version 11.0.0 (clang-1100.0.33.17)’
using SDK: ‘’
clang -mmacosx-version-min=10.13 -I"/Library/Frameworks/R.framework/Resources/include" -DNDEBUG  -I'/Library/Frameworks/R.framework/Versions/4.3/Resources/library/S4Vectors/include' -I'/Library/Frameworks/R.framework/Versions/4.3/Resources/library/IRanges/include' -I/usr/local/include    -fPIC  -Wall -g -O2  -c IRanges_stubs.c -o IRanges_stubs.o
clang -mmacosx-version-min=10.13 -I"/Library/Frameworks/R.framework/Resources/include" -DNDEBUG  -I'/Library/Frameworks/R.framework/Versions/4.3/Resources/library/S4Vectors/include' -I'/Library/Frameworks/R.framework/Versions/4.3/Resources/library/IRanges/include' -I/usr/local/include    -fPIC  -Wall -g -O2  -c R_init_GenomicAlignments.c -o R_init_GenomicAlignments.o
clang -mmacosx-version-min=10.13 -I"/Library/Frameworks/R.framework/Resources/include" -DNDEBUG  -I'/Library/Frameworks/R.framework/Versions/4.3/Resources/library/S4Vectors/include' -I'/Library/Frameworks/R.framework/Versions/4.3/Resources/library/IRanges/include' -I/usr/local/include    -fPIC  -Wall -g -O2  -c S4Vectors_stubs.c -o S4Vectors_stubs.o
clang -mmacosx-version-min=10.13 -I"/Library/Frameworks/R.framework/Resources/include" -DNDEBUG  -I'/Library/Frameworks/R.framework/Versions/4.3/Resources/library/S4Vectors/include' -I'/Library/Frameworks/R.framework/Versions/4.3/Resources/library/IRanges/include' -I/usr/local/include    -fPIC  -Wall -g -O2  -c cigar_utils.c -o cigar_utils.o
clang -mmacosx-version-min=10.13 -I"/Library/Frameworks/R.framework/Resources/include" -DNDEBUG  -I'/Library/Frameworks/R.framework/Versions/4.3/Resources/library/S4Vectors/include' -I'/Library/Frameworks/R.framework/Versions/4.3/Resources/library/IRanges/include' -I/usr/local/include    -fPIC  -Wall -g -O2  -c coordinate_mapping_methods.c -o coordinate_mapping_methods.o
clang -mmacosx-version-min=10.13 -I"/Library/Frameworks/R.framework/Resources/include" -DNDEBUG  -I'/Library/Frameworks/R.framework/Versions/4.3/Resources/library/S4Vectors/include' -I'/Library/Frameworks/R.framework/Versions/4.3/Resources/library/IRanges/include' -I/usr/local/include    -fPIC  -Wall -g -O2  -c encodeOverlaps_methods.c -o encodeOverlaps_methods.o
clang -mmacosx-version-min=10.13 -dynamiclib -Wl,-headerpad_max_install_names -undefined dynamic_lookup -single_module -multiply_defined suppress -L/Library/Frameworks/R.framework/Resources/lib -L/usr/local/lib -o GenomicAlignments.so IRanges_stubs.o R_init_GenomicAlignments.o S4Vectors_stubs.o cigar_utils.o coordinate_mapping_methods.o encodeOverlaps_methods.o -F/Library/Frameworks/R.framework/.. -framework R -Wl,-framework -Wl,CoreFoundation
installing to /Library/Frameworks/R.framework/Versions/4.3/Resources/library/00LOCK-GenomicAlignments/00new/GenomicAlignments/libs
** R
** inst
** byte-compile and prepare package for lazy loading
** help
*** installing help indices
** building package indices
** installing vignettes
** testing if installed package can be loaded from temporary location
** checking absolute paths in shared objects and dynamic libraries
** testing if installed package can be loaded from final location
** testing if installed package keeps a record of temporary installation path
* DONE (GenomicAlignments)

Tests output

GenomicAlignments.Rcheck/tests/run_unitTests.Rout


R Under development (unstable) (2023-03-16 r83985) -- "Unsuffered Consequences"
Copyright (C) 2023 The R Foundation for Statistical Computing
Platform: x86_64-apple-darwin17.0 (64-bit)

R is free software and comes with ABSOLUTELY NO WARRANTY.
You are welcome to redistribute it under certain conditions.
Type 'license()' or 'licence()' for distribution details.

R is a collaborative project with many contributors.
Type 'contributors()' for more information and
'citation()' on how to cite R or R packages in publications.

Type 'demo()' for some demos, 'help()' for on-line help, or
'help.start()' for an HTML browser interface to help.
Type 'q()' to quit R.

> require("GenomicAlignments") || stop("unable to load GenomicRanges package")
Loading required package: GenomicAlignments
Loading required package: BiocGenerics

Attaching package: 'BiocGenerics'

The following objects are masked from 'package:stats':

    IQR, mad, sd, var, xtabs

The following objects are masked from 'package:base':

    Filter, Find, Map, Position, Reduce, anyDuplicated, aperm, append,
    as.data.frame, basename, cbind, colnames, dirname, do.call,
    duplicated, eval, evalq, get, grep, grepl, intersect, is.unsorted,
    lapply, mapply, match, mget, order, paste, pmax, pmax.int, pmin,
    pmin.int, rank, rbind, rownames, sapply, setdiff, sort, table,
    tapply, union, unique, unsplit, which.max, which.min

Loading required package: S4Vectors
Loading required package: stats4

Attaching package: 'S4Vectors'

The following objects are masked from 'package:base':

    I, expand.grid, unname

Loading required package: IRanges
Loading required package: GenomeInfoDb
Loading required package: GenomicRanges
Loading required package: SummarizedExperiment
Loading required package: MatrixGenerics
Loading required package: matrixStats

Attaching package: 'MatrixGenerics'

The following objects are masked from 'package:matrixStats':

    colAlls, colAnyNAs, colAnys, colAvgsPerRowSet, colCollapse,
    colCounts, colCummaxs, colCummins, colCumprods, colCumsums,
    colDiffs, colIQRDiffs, colIQRs, colLogSumExps, colMadDiffs,
    colMads, colMaxs, colMeans2, colMedians, colMins, colOrderStats,
    colProds, colQuantiles, colRanges, colRanks, colSdDiffs, colSds,
    colSums2, colTabulates, colVarDiffs, colVars, colWeightedMads,
    colWeightedMeans, colWeightedMedians, colWeightedSds,
    colWeightedVars, rowAlls, rowAnyNAs, rowAnys, rowAvgsPerColSet,
    rowCollapse, rowCounts, rowCummaxs, rowCummins, rowCumprods,
    rowCumsums, rowDiffs, rowIQRDiffs, rowIQRs, rowLogSumExps,
    rowMadDiffs, rowMads, rowMaxs, rowMeans2, rowMedians, rowMins,
    rowOrderStats, rowProds, rowQuantiles, rowRanges, rowRanks,
    rowSdDiffs, rowSds, rowSums2, rowTabulates, rowVarDiffs, rowVars,
    rowWeightedMads, rowWeightedMeans, rowWeightedMedians,
    rowWeightedSds, rowWeightedVars

Loading required package: Biobase
Welcome to Bioconductor

    Vignettes contain introductory material; view with
    'browseVignettes()'. To cite Bioconductor, see
    'citation("Biobase")', and for packages 'citation("pkgname")'.


Attaching package: 'Biobase'

The following object is masked from 'package:MatrixGenerics':

    rowMedians

The following objects are masked from 'package:matrixStats':

    anyMissing, rowMedians

Loading required package: Biostrings
Loading required package: XVector

Attaching package: 'Biostrings'

The following object is masked from 'package:base':

    strsplit

Loading required package: Rsamtools
[1] TRUE
> GenomicAlignments:::.test()


RUNIT TEST PROTOCOL -- Wed Mar 29 00:56:35 2023 
*********************************************** 
Number of test functions: 42 
Number of errors: 0 
Number of failures: 0 

 
1 Test Suite : 
GenomicAlignments RUnit Tests - 42 test functions, 0 errors, 0 failures
Number of test functions: 42 
Number of errors: 0 
Number of failures: 0 
Warning message:
In .make_GAlignmentPairs_from_GAlignments(gal, strandMode = strandMode,  :
    4 alignments with ambiguous pairing were dumped.
    Use 'getDumpedAlignments()' to retrieve them from the dump environment.
> 
> proc.time()
   user  system elapsed 
 53.132   2.183  71.706 

Example timings

GenomicAlignments.Rcheck/GenomicAlignments-Ex.timings

nameusersystemelapsed
GAlignmentPairs-class1.7190.1432.558
GAlignments-class0.6810.0370.961
GAlignmentsList-class5.0500.1026.791
GappedReads-class0.1780.0050.252
OverlapEncodings-class2.3510.0273.118
cigar-utils0.3880.0120.522
coordinate-mapping-methods13.867 0.31418.487
coverage-methods4.7720.1756.412
encodeOverlaps-methods0.0640.0010.080
findCompatibleOverlaps-methods2.0250.0662.732
findMateAlignment0.2730.0110.384
findOverlaps-methods0.9970.0521.387
findSpliceOverlaps-methods 8.592 0.21911.968
intra-range-methods0.6730.0240.930
junctions-methods23.837 1.50633.972
pileLettersAt1.2960.0341.810
readGAlignments22.320 5.10435.826
sequenceLayer10.659 1.47916.559
setops-methods0.2420.0060.342
stackStringsFromGAlignments 7.514 0.30510.547
summarizeOverlaps-methods13.858 3.00319.983