Back to Multiple platform build/check report for BioC 3.17:   simplified   long
ABC[D]EFGHIJKLMNOPQRSTUVWXYZ

This page was generated on 2023-03-21 11:05:54 -0400 (Tue, 21 Mar 2023).

HostnameOSArch (*)R versionInstalled pkgs
nebbiolo1Linux (Ubuntu 22.04.1 LTS)x86_64R Under development (unstable) (2023-03-16 r83996) -- "Unsuffered Consequences" 4305
palomino3Windows Server 2022 Datacenterx64R Under development (unstable) (2023-03-15 r83984 ucrt) -- "Unsuffered Consequences" 4287
merida1macOS 10.14.6 Mojavex86_64R Under development (unstable) (2023-03-16 r83985) -- "Unsuffered Consequences" 4286
Click on any hostname to see more info about the system (e.g. compilers)      (*) as reported by 'uname -p', except on Windows and Mac OS X

CHECK results for DEP on palomino3


To the developers/maintainers of the DEP package:
- Please allow up to 24 hours (and sometimes 48 hours) for your latest push to git@git.bioconductor.org:packages/DEP.git to
reflect on this report. See How and When does the builder pull? When will my changes propagate? for more information.
- Make sure to use the following settings in order to reproduce any error or warning you see on this page.

raw results

Package 521/2189HostnameOS / ArchINSTALLBUILDCHECKBUILD BIN
DEP 1.21.0  (landing page)
Arne Smits
Snapshot Date: 2023-03-20 14:00:22 -0400 (Mon, 20 Mar 2023)
git_url: https://git.bioconductor.org/packages/DEP
git_branch: master
git_last_commit: d92e15f
git_last_commit_date: 2022-11-01 11:16:08 -0400 (Tue, 01 Nov 2022)
nebbiolo1Linux (Ubuntu 22.04.1 LTS) / x86_64  OK    OK    WARNINGS  UNNEEDED, same version is already published
palomino3Windows Server 2022 Datacenter / x64  OK    OK    WARNINGS    OK  UNNEEDED, same version is already published
merida1macOS 10.14.6 Mojave / x86_64  OK    OK    WARNINGS    OK  UNNEEDED, same version is already published

Summary

Package: DEP
Version: 1.21.0
Command: F:\biocbuild\bbs-3.17-bioc\R\bin\R.exe CMD check --no-multiarch --install=check:DEP.install-out.txt --library=F:\biocbuild\bbs-3.17-bioc\R\library --no-vignettes --timings DEP_1.21.0.tar.gz
StartedAt: 2023-03-21 01:13:41 -0400 (Tue, 21 Mar 2023)
EndedAt: 2023-03-21 01:20:21 -0400 (Tue, 21 Mar 2023)
EllapsedTime: 400.7 seconds
RetCode: 0
Status:   WARNINGS  
CheckDir: DEP.Rcheck
Warnings: 1

Command output

##############################################################################
##############################################################################
###
### Running command:
###
###   F:\biocbuild\bbs-3.17-bioc\R\bin\R.exe CMD check --no-multiarch --install=check:DEP.install-out.txt --library=F:\biocbuild\bbs-3.17-bioc\R\library --no-vignettes --timings DEP_1.21.0.tar.gz
###
##############################################################################
##############################################################################


* using log directory 'F:/biocbuild/bbs-3.17-bioc/meat/DEP.Rcheck'
* using R Under development (unstable) (2023-03-15 r83984 ucrt)
* using platform: x86_64-w64-mingw32 (64-bit)
* R was compiled by
    gcc.exe (GCC) 12.2.0
    GNU Fortran (GCC) 12.2.0
* running under: Windows Server 2022 x64 (build 20348)
* using session charset: UTF-8
* using option '--no-vignettes'
* checking for file 'DEP/DESCRIPTION' ... OK
* this is package 'DEP' version '1.21.0'
* package encoding: UTF-8
* checking package namespace information ... OK
* checking package dependencies ... OK
* checking if this is a source package ... OK
* checking if there is a namespace ... OK
* checking for hidden files and directories ... OK
* checking for portable file names ... OK
* checking whether package 'DEP' can be installed ... OK
* checking installed package size ... OK
* checking package directory ... OK
* checking 'build' directory ... OK
* checking DESCRIPTION meta-information ... OK
* checking top-level files ... OK
* checking for left-over files ... OK
* checking index information ... OK
* checking package subdirectories ... OK
* checking R files for non-ASCII characters ... OK
* checking R files for syntax errors ... OK
* checking whether the package can be loaded ... OK
* checking whether the package can be loaded with stated dependencies ... OK
* checking whether the package can be unloaded cleanly ... OK
* checking whether the namespace can be loaded with stated dependencies ... OK
* checking whether the namespace can be unloaded cleanly ... OK
* checking startup messages can be suppressed ... OK
* checking dependencies in R code ... OK
* checking S3 generic/method consistency ... OK
* checking replacement functions ... OK
* checking foreign function calls ... OK
* checking R code for possible problems ... OK
* checking Rd files ... OK
* checking Rd metadata ... OK
* checking Rd cross-references ... WARNING
Missing link or links in documentation object 'LFQ.Rd':
  '[MSnbase:impute-methods]{impute}'

Missing link or links in documentation object 'TMT.Rd':
  '[MSnbase:impute-methods]{impute}'

Missing link or links in documentation object 'impute.Rd':
  '[MSnbase:impute-methods]{impute}'

Missing link or links in documentation object 'process.Rd':
  '[MSnbase:impute-methods]{impute}'

See section 'Cross-references' in the 'Writing R Extensions' manual.
* checking for missing documentation entries ... OK
* checking for code/documentation mismatches ... OK
* checking Rd \usage sections ... OK
* checking Rd contents ... OK
* checking for unstated dependencies in examples ... OK
* checking contents of 'data' directory ... OK
* checking data for non-ASCII characters ... OK
* checking LazyData ... OK
* checking data for ASCII and uncompressed saves ... OK
* checking R/sysdata.rda ... OK
* checking files in 'vignettes' ... OK
* checking examples ... OK
Examples with CPU (user + system) or elapsed time > 5s
        user system elapsed
impute 54.28   0.08   54.41
* checking for unstated dependencies in 'tests' ... OK
* checking tests ...
  Running 'testthat.R'
 OK
* checking for unstated dependencies in vignettes ... OK
* checking package vignettes in 'inst/doc' ... OK
* checking running R code from vignettes ... SKIPPED
* checking re-building of vignette outputs ... SKIPPED
* checking PDF version of manual ... OK
* DONE

Status: 1 WARNING
See
  'F:/biocbuild/bbs-3.17-bioc/meat/DEP.Rcheck/00check.log'
for details.



Installation output

DEP.Rcheck/00install.out

##############################################################################
##############################################################################
###
### Running command:
###
###   F:\biocbuild\bbs-3.17-bioc\R\bin\R.exe CMD INSTALL DEP
###
##############################################################################
##############################################################################


* installing to library 'F:/biocbuild/bbs-3.17-bioc/R/library'
* installing *source* package 'DEP' ...
** using staged installation
** R
** data
*** moving datasets to lazyload DB
** inst
** byte-compile and prepare package for lazy loading
** help
*** installing help indices
** building package indices
** installing vignettes
** testing if installed package can be loaded from temporary location
** testing if installed package can be loaded from final location
** testing if installed package keeps a record of temporary installation path
* DONE (DEP)

Tests output

DEP.Rcheck/tests/testthat.Rout


R Under development (unstable) (2023-03-15 r83984 ucrt) -- "Unsuffered Consequences"
Copyright (C) 2023 The R Foundation for Statistical Computing
Platform: x86_64-w64-mingw32/x64 (64-bit)

R is free software and comes with ABSOLUTELY NO WARRANTY.
You are welcome to redistribute it under certain conditions.
Type 'license()' or 'licence()' for distribution details.

R is a collaborative project with many contributors.
Type 'contributors()' for more information and
'citation()' on how to cite R or R packages in publications.

Type 'demo()' for some demos, 'help()' for on-line help, or
'help.start()' for an HTML browser interface to help.
Type 'q()' to quit R.

> library(testthat)
> library(DEP)
> 
> test_check("DEP")
!!! Error: Cannot call ghostscript `mgs' (No such file or directory/The system cannot find the file specified)!
!!! Error: Cannot call ghostscript `mgs' (No such file or directory/The system cannot find the file specified)!
!!! Error: Cannot call ghostscript `mgs' (No such file or directory/The system cannot find the file specified)!
!!! Error: Cannot call ghostscript `mgs' (No such file or directory/The system cannot find the file specified)!
!!! Error: Cannot call ghostscript `mgs' (No such file or directory/The system cannot find the file specified)!
!!! Error: Cannot call ghostscript `mgs' (No such file or directory/The system cannot find the file specified)!
!!! Error: Cannot call ghostscript `mgs' (No such file or directory/The system cannot find the file specified)!
!!! Error: Cannot call ghostscript `mgs' (No such file or directory/The system cannot find the file specified)!
!!! Error: Cannot call ghostscript `mgs' (No such file or directory/The system cannot find the file specified)!
!!! Error: Cannot call ghostscript `mgs' (No such file or directory/The system cannot find the file specified)!
[ FAIL 0 | WARN 15 | SKIP 0 | PASS 333 ]

[ FAIL 0 | WARN 15 | SKIP 0 | PASS 333 ]
> 
> proc.time()
   user  system elapsed 
  48.06    1.87   63.04 

Example timings

DEP.Rcheck/DEP-Ex.timings

nameusersystemelapsed
LFQ2.010.022.05
TMT000
add_rejections0.730.040.78
analyze_dep202
filter_missval0.480.020.50
filter_proteins0.30.00.3
get_df_long1.590.001.60
get_df_wide0.830.000.82
get_prefix000
get_results1.030.011.05
get_suffix0.020.000.02
import_IsobarQuant000
import_MaxQuant0.080.000.07
impute54.28 0.0854.41
make_se0.040.000.05
make_se_parse0.070.000.06
make_unique0.010.000.02
manual_impute0.690.020.70
meanSdPlot0.720.000.72
normalize_vsn0.510.000.51
plot_all1.690.061.75
plot_cond1.270.001.26
plot_cond_freq1.080.001.08
plot_cond_overlap1.790.031.83
plot_cor1.380.061.44
plot_coverage0.560.000.57
plot_detect0.710.000.72
plot_dist3.740.043.77
plot_frequency0.530.000.53
plot_gsea0.720.030.75
plot_heatmap2.550.092.64
plot_imputation1.170.051.23
plot_missval1.920.041.97
plot_normalization1.410.131.53
plot_numbers0.540.020.56
plot_p_hist1.300.031.33
plot_pca1.390.001.42
plot_single1.660.021.67
plot_volcano4.200.064.28
process1.440.031.47
report000
run_app000
se2msn0.120.000.13
test_diff0.990.021.00
test_gsea0.730.000.73
theme_DEP10.440.000.43
theme_DEP20.500.000.52