Back to Multiple platform build/check report for BioC 3.17: simplified long |
|
This page was generated on 2023-03-21 11:05:12 -0400 (Tue, 21 Mar 2023).
Hostname | OS | Arch (*) | R version | Installed pkgs |
---|---|---|---|---|
nebbiolo1 | Linux (Ubuntu 22.04.1 LTS) | x86_64 | R Under development (unstable) (2023-03-16 r83996) -- "Unsuffered Consequences" | 4305 |
palomino3 | Windows Server 2022 Datacenter | x64 | R Under development (unstable) (2023-03-15 r83984 ucrt) -- "Unsuffered Consequences" | 4287 |
merida1 | macOS 10.14.6 Mojave | x86_64 | R Under development (unstable) (2023-03-16 r83985) -- "Unsuffered Consequences" | 4286 |
Click on any hostname to see more info about the system (e.g. compilers) (*) as reported by 'uname -p', except on Windows and Mac OS X |
To the developers/maintainers of the DEP package: - Please allow up to 24 hours (and sometimes 48 hours) for your latest push to git@git.bioconductor.org:packages/DEP.git to reflect on this report. See How and When does the builder pull? When will my changes propagate? for more information. - Make sure to use the following settings in order to reproduce any error or warning you see on this page. |
Package 521/2189 | Hostname | OS / Arch | INSTALL | BUILD | CHECK | BUILD BIN | ||||||||
DEP 1.21.0 (landing page) Arne Smits
| nebbiolo1 | Linux (Ubuntu 22.04.1 LTS) / x86_64 | OK | OK | WARNINGS | ![]() | ||||||||
palomino3 | Windows Server 2022 Datacenter / x64 | OK | OK | WARNINGS | OK | ![]() | ||||||||
merida1 | macOS 10.14.6 Mojave / x86_64 | OK | OK | WARNINGS | OK | ![]() | ||||||||
Package: DEP |
Version: 1.21.0 |
Command: /home/biocbuild/bbs-3.17-bioc/R/bin/R CMD check --install=check:DEP.install-out.txt --library=/home/biocbuild/bbs-3.17-bioc/R/site-library --timings DEP_1.21.0.tar.gz |
StartedAt: 2023-03-20 20:01:32 -0400 (Mon, 20 Mar 2023) |
EndedAt: 2023-03-20 20:08:52 -0400 (Mon, 20 Mar 2023) |
EllapsedTime: 440.2 seconds |
RetCode: 0 |
Status: WARNINGS |
CheckDir: DEP.Rcheck |
Warnings: 1 |
############################################################################## ############################################################################## ### ### Running command: ### ### /home/biocbuild/bbs-3.17-bioc/R/bin/R CMD check --install=check:DEP.install-out.txt --library=/home/biocbuild/bbs-3.17-bioc/R/site-library --timings DEP_1.21.0.tar.gz ### ############################################################################## ############################################################################## * using log directory ‘/home/biocbuild/bbs-3.17-bioc/meat/DEP.Rcheck’ * using R Under development (unstable) (2023-03-16 r83996) * using platform: x86_64-pc-linux-gnu (64-bit) * R was compiled by gcc (Ubuntu 11.3.0-1ubuntu1~22.04) 11.3.0 GNU Fortran (Ubuntu 11.3.0-1ubuntu1~22.04) 11.3.0 * running under: Ubuntu 22.04.2 LTS * using session charset: UTF-8 * checking for file ‘DEP/DESCRIPTION’ ... OK * this is package ‘DEP’ version ‘1.21.0’ * package encoding: UTF-8 * checking package namespace information ... OK * checking package dependencies ... OK * checking if this is a source package ... OK * checking if there is a namespace ... OK * checking for hidden files and directories ... OK * checking for portable file names ... OK * checking for sufficient/correct file permissions ... OK * checking whether package ‘DEP’ can be installed ... OK * checking installed package size ... OK * checking package directory ... OK * checking ‘build’ directory ... OK * checking DESCRIPTION meta-information ... OK * checking top-level files ... OK * checking for left-over files ... OK * checking index information ... OK * checking package subdirectories ... OK * checking R files for non-ASCII characters ... OK * checking R files for syntax errors ... OK * checking whether the package can be loaded ... OK * checking whether the package can be loaded with stated dependencies ... OK * checking whether the package can be unloaded cleanly ... OK * checking whether the namespace can be loaded with stated dependencies ... OK * checking whether the namespace can be unloaded cleanly ... OK * checking loading without being on the library search path ... OK * checking startup messages can be suppressed ... OK * checking dependencies in R code ... OK * checking S3 generic/method consistency ... OK * checking replacement functions ... OK * checking foreign function calls ... OK * checking R code for possible problems ... OK * checking Rd files ... OK * checking Rd metadata ... OK * checking Rd cross-references ... WARNING Missing link or links in documentation object 'LFQ.Rd': ‘[MSnbase:impute-methods]{impute}’ Missing link or links in documentation object 'TMT.Rd': ‘[MSnbase:impute-methods]{impute}’ Missing link or links in documentation object 'impute.Rd': ‘[MSnbase:impute-methods]{impute}’ Missing link or links in documentation object 'process.Rd': ‘[MSnbase:impute-methods]{impute}’ See section 'Cross-references' in the 'Writing R Extensions' manual. * checking for missing documentation entries ... OK * checking for code/documentation mismatches ... OK * checking Rd \usage sections ... OK * checking Rd contents ... OK * checking for unstated dependencies in examples ... OK * checking contents of ‘data’ directory ... OK * checking data for non-ASCII characters ... OK * checking LazyData ... OK * checking data for ASCII and uncompressed saves ... OK * checking R/sysdata.rda ... OK * checking files in ‘vignettes’ ... OK * checking examples ... OK Examples with CPU (user + system) or elapsed time > 5s user system elapsed impute 53.935 0.465 54.398 * checking for unstated dependencies in ‘tests’ ... OK * checking tests ... Running ‘testthat.R’ OK * checking for unstated dependencies in vignettes ... OK * checking package vignettes in ‘inst/doc’ ... OK * checking running R code from vignettes ... ‘DEP.Rmd’ using ‘UTF-8’... OK ‘MissingValues.Rmd’ using ‘UTF-8’... OK NONE * checking re-building of vignette outputs ... OK * checking PDF version of manual ... OK * DONE Status: 1 WARNING See ‘/home/biocbuild/bbs-3.17-bioc/meat/DEP.Rcheck/00check.log’ for details.
DEP.Rcheck/00install.out
############################################################################## ############################################################################## ### ### Running command: ### ### /home/biocbuild/bbs-3.17-bioc/R/bin/R CMD INSTALL DEP ### ############################################################################## ############################################################################## * installing to library ‘/home/biocbuild/bbs-3.17-bioc/R/site-library’ * installing *source* package ‘DEP’ ... ** using staged installation ** R ** data *** moving datasets to lazyload DB ** inst ** byte-compile and prepare package for lazy loading ** help *** installing help indices ** building package indices ** installing vignettes ** testing if installed package can be loaded from temporary location ** testing if installed package can be loaded from final location ** testing if installed package keeps a record of temporary installation path * DONE (DEP)
DEP.Rcheck/tests/testthat.Rout
R Under development (unstable) (2023-03-16 r83996) -- "Unsuffered Consequences" Copyright (C) 2023 The R Foundation for Statistical Computing Platform: x86_64-pc-linux-gnu (64-bit) R is free software and comes with ABSOLUTELY NO WARRANTY. You are welcome to redistribute it under certain conditions. Type 'license()' or 'licence()' for distribution details. R is a collaborative project with many contributors. Type 'contributors()' for more information and 'citation()' on how to cite R or R packages in publications. Type 'demo()' for some demos, 'help()' for on-line help, or 'help.start()' for an HTML browser interface to help. Type 'q()' to quit R. > library(testthat) > library(DEP) > > test_check("DEP") [ FAIL 0 | WARN 15 | SKIP 0 | PASS 333 ] [ FAIL 0 | WARN 15 | SKIP 0 | PASS 333 ] > > proc.time() user system elapsed 49.922 1.741 51.673
DEP.Rcheck/DEP-Ex.timings
name | user | system | elapsed | |
LFQ | 1.984 | 0.104 | 2.088 | |
TMT | 0.001 | 0.000 | 0.000 | |
add_rejections | 0.727 | 0.028 | 0.755 | |
analyze_dep | 2.007 | 0.019 | 2.027 | |
filter_missval | 0.526 | 0.012 | 0.539 | |
filter_proteins | 0.326 | 0.005 | 0.330 | |
get_df_long | 0.835 | 0.000 | 0.834 | |
get_df_wide | 1.440 | 0.044 | 1.485 | |
get_prefix | 0.002 | 0.000 | 0.003 | |
get_results | 1.568 | 0.044 | 1.612 | |
get_suffix | 0.001 | 0.000 | 0.001 | |
import_IsobarQuant | 0.001 | 0.000 | 0.000 | |
import_MaxQuant | 0.046 | 0.003 | 0.050 | |
impute | 53.935 | 0.465 | 54.398 | |
make_se | 0.041 | 0.000 | 0.042 | |
make_se_parse | 0.060 | 0.004 | 0.064 | |
make_unique | 0.018 | 0.000 | 0.019 | |
manual_impute | 0.742 | 0.008 | 0.750 | |
meanSdPlot | 0.603 | 0.004 | 0.607 | |
normalize_vsn | 0.382 | 0.004 | 0.386 | |
plot_all | 1.509 | 0.032 | 1.541 | |
plot_cond | 1.117 | 0.000 | 1.118 | |
plot_cond_freq | 0.87 | 0.00 | 0.87 | |
plot_cond_overlap | 0.898 | 0.000 | 0.898 | |
plot_cor | 1.247 | 0.027 | 1.275 | |
plot_coverage | 0.613 | 0.003 | 0.617 | |
plot_detect | 0.765 | 0.000 | 0.765 | |
plot_dist | 3.288 | 0.000 | 3.288 | |
plot_frequency | 0.433 | 0.004 | 0.436 | |
plot_gsea | 0.707 | 0.004 | 0.711 | |
plot_heatmap | 2.499 | 0.043 | 2.543 | |
plot_imputation | 1.047 | 0.001 | 1.047 | |
plot_missval | 1.451 | 0.064 | 1.515 | |
plot_normalization | 1.380 | 0.004 | 1.383 | |
plot_numbers | 0.536 | 0.007 | 0.544 | |
plot_p_hist | 1.227 | 0.001 | 1.226 | |
plot_pca | 1.332 | 0.008 | 1.339 | |
plot_single | 1.632 | 0.023 | 1.656 | |
plot_volcano | 4.053 | 0.012 | 4.065 | |
process | 1.430 | 0.012 | 1.442 | |
report | 0.001 | 0.000 | 0.000 | |
run_app | 0.000 | 0.000 | 0.001 | |
se2msn | 0.118 | 0.001 | 0.118 | |
test_diff | 0.938 | 0.004 | 0.941 | |
test_gsea | 0.853 | 0.007 | 0.861 | |
theme_DEP1 | 0.460 | 0.001 | 0.460 | |
theme_DEP2 | 0.568 | 0.007 | 0.575 | |