Back to Multiple platform build/check report for BioC 3.17: simplified long |
|
This page was generated on 2023-03-21 11:06:47 -0400 (Tue, 21 Mar 2023).
Hostname | OS | Arch (*) | R version | Installed pkgs |
---|---|---|---|---|
nebbiolo1 | Linux (Ubuntu 22.04.1 LTS) | x86_64 | R Under development (unstable) (2023-03-16 r83996) -- "Unsuffered Consequences" | 4305 |
palomino3 | Windows Server 2022 Datacenter | x64 | R Under development (unstable) (2023-03-15 r83984 ucrt) -- "Unsuffered Consequences" | 4287 |
merida1 | macOS 10.14.6 Mojave | x86_64 | R Under development (unstable) (2023-03-16 r83985) -- "Unsuffered Consequences" | 4286 |
Click on any hostname to see more info about the system (e.g. compilers) (*) as reported by 'uname -p', except on Windows and Mac OS X |
To the developers/maintainers of the DEP package: - Please allow up to 24 hours (and sometimes 48 hours) for your latest push to git@git.bioconductor.org:packages/DEP.git to reflect on this report. See How and When does the builder pull? When will my changes propagate? for more information. - Make sure to use the following settings in order to reproduce any error or warning you see on this page. |
Package 521/2189 | Hostname | OS / Arch | INSTALL | BUILD | CHECK | BUILD BIN | ||||||||
DEP 1.21.0 (landing page) Arne Smits
| nebbiolo1 | Linux (Ubuntu 22.04.1 LTS) / x86_64 | OK | OK | WARNINGS | ![]() | ||||||||
palomino3 | Windows Server 2022 Datacenter / x64 | OK | OK | WARNINGS | OK | ![]() | ||||||||
merida1 | macOS 10.14.6 Mojave / x86_64 | OK | OK | WARNINGS | OK | ![]() | ||||||||
Package: DEP |
Version: 1.21.0 |
Command: /Library/Frameworks/R.framework/Resources/bin/R CMD check --install=check:DEP.install-out.txt --library=/Library/Frameworks/R.framework/Resources/library --no-vignettes --timings DEP_1.21.0.tar.gz |
StartedAt: 2023-03-21 00:39:54 -0400 (Tue, 21 Mar 2023) |
EndedAt: 2023-03-21 00:57:24 -0400 (Tue, 21 Mar 2023) |
EllapsedTime: 1050.3 seconds |
RetCode: 0 |
Status: WARNINGS |
CheckDir: DEP.Rcheck |
Warnings: 1 |
############################################################################## ############################################################################## ### ### Running command: ### ### /Library/Frameworks/R.framework/Resources/bin/R CMD check --install=check:DEP.install-out.txt --library=/Library/Frameworks/R.framework/Resources/library --no-vignettes --timings DEP_1.21.0.tar.gz ### ############################################################################## ############################################################################## * using log directory ‘/Users/biocbuild/bbs-3.17-bioc/meat/DEP.Rcheck’ * using R Under development (unstable) (2023-03-16 r83985) * using platform: x86_64-apple-darwin17.0 (64-bit) * R was compiled by Apple clang version 12.0.0 (clang-1200.0.32.29) GNU Fortran (GCC) 8.2.0 * running under: macOS Mojave 10.14.6 * using session charset: UTF-8 * using option ‘--no-vignettes’ * checking for file ‘DEP/DESCRIPTION’ ... OK * this is package ‘DEP’ version ‘1.21.0’ * package encoding: UTF-8 * checking package namespace information ... OK * checking package dependencies ... OK * checking if this is a source package ... OK * checking if there is a namespace ... OK * checking for hidden files and directories ... OK * checking for portable file names ... OK * checking for sufficient/correct file permissions ... OK * checking whether package ‘DEP’ can be installed ... OK * checking installed package size ... OK * checking package directory ... OK * checking ‘build’ directory ... OK * checking DESCRIPTION meta-information ... OK * checking top-level files ... OK * checking for left-over files ... OK * checking index information ... OK * checking package subdirectories ... OK * checking R files for non-ASCII characters ... OK * checking R files for syntax errors ... OK * checking whether the package can be loaded ... OK * checking whether the package can be loaded with stated dependencies ... OK * checking whether the package can be unloaded cleanly ... OK * checking whether the namespace can be loaded with stated dependencies ... OK * checking whether the namespace can be unloaded cleanly ... OK * checking startup messages can be suppressed ... OK * checking dependencies in R code ... OK * checking S3 generic/method consistency ... OK * checking replacement functions ... OK * checking foreign function calls ... OK * checking R code for possible problems ... OK * checking Rd files ... OK * checking Rd metadata ... OK * checking Rd cross-references ... WARNING Missing link or links in documentation object 'LFQ.Rd': ‘[MSnbase:impute-methods]{impute}’ Missing link or links in documentation object 'TMT.Rd': ‘[MSnbase:impute-methods]{impute}’ Missing link or links in documentation object 'impute.Rd': ‘[MSnbase:impute-methods]{impute}’ Missing link or links in documentation object 'process.Rd': ‘[MSnbase:impute-methods]{impute}’ See section 'Cross-references' in the 'Writing R Extensions' manual. * checking for missing documentation entries ... OK * checking for code/documentation mismatches ... OK * checking Rd \usage sections ... OK * checking Rd contents ... OK * checking for unstated dependencies in examples ... OK * checking contents of ‘data’ directory ... OK * checking data for non-ASCII characters ... OK * checking LazyData ... OK * checking data for ASCII and uncompressed saves ... OK * checking R/sysdata.rda ... OK * checking files in ‘vignettes’ ... OK * checking examples ... OK Examples with CPU (user + system) or elapsed time > 5s user system elapsed impute 117.272 0.462 162.528 plot_dist 8.816 0.073 12.005 plot_volcano 6.915 0.065 10.243 plot_heatmap 6.359 0.058 8.663 analyze_dep 4.885 0.139 7.050 plot_normalization 4.133 0.138 6.484 plot_missval 3.967 0.074 5.488 LFQ 3.854 0.096 5.342 plot_single 3.851 0.041 5.591 plot_all 3.802 0.083 5.314 process 3.488 0.066 5.492 * checking for unstated dependencies in ‘tests’ ... OK * checking tests ... Running ‘testthat.R’ OK * checking for unstated dependencies in vignettes ... OK * checking package vignettes in ‘inst/doc’ ... OK * checking running R code from vignettes ... SKIPPED * checking re-building of vignette outputs ... SKIPPED * checking PDF version of manual ... OK * DONE Status: 1 WARNING See ‘/Users/biocbuild/bbs-3.17-bioc/meat/DEP.Rcheck/00check.log’ for details.
DEP.Rcheck/00install.out
############################################################################## ############################################################################## ### ### Running command: ### ### /Library/Frameworks/R.framework/Resources/bin/R CMD INSTALL DEP ### ############################################################################## ############################################################################## * installing to library ‘/Library/Frameworks/R.framework/Versions/4.3/Resources/library’ * installing *source* package ‘DEP’ ... ** using staged installation ** R ** data *** moving datasets to lazyload DB ** inst ** byte-compile and prepare package for lazy loading ** help *** installing help indices ** building package indices ** installing vignettes ** testing if installed package can be loaded from temporary location ** testing if installed package can be loaded from final location ** testing if installed package keeps a record of temporary installation path * DONE (DEP)
DEP.Rcheck/tests/testthat.Rout
R Under development (unstable) (2023-03-16 r83985) -- "Unsuffered Consequences" Copyright (C) 2023 The R Foundation for Statistical Computing Platform: x86_64-apple-darwin17.0 (64-bit) R is free software and comes with ABSOLUTELY NO WARRANTY. You are welcome to redistribute it under certain conditions. Type 'license()' or 'licence()' for distribution details. R is a collaborative project with many contributors. Type 'contributors()' for more information and 'citation()' on how to cite R or R packages in publications. Type 'demo()' for some demos, 'help()' for on-line help, or 'help.start()' for an HTML browser interface to help. Type 'q()' to quit R. > library(testthat) > library(DEP) > > test_check("DEP") [ FAIL 0 | WARN 15 | SKIP 0 | PASS 333 ] [ FAIL 0 | WARN 15 | SKIP 0 | PASS 333 ] > > proc.time() user system elapsed 113.672 3.581 165.334
DEP.Rcheck/DEP-Ex.timings
name | user | system | elapsed | |
LFQ | 3.854 | 0.096 | 5.342 | |
TMT | 0 | 0 | 0 | |
add_rejections | 1.929 | 0.089 | 2.838 | |
analyze_dep | 4.885 | 0.139 | 7.050 | |
filter_missval | 1.486 | 0.034 | 2.107 | |
filter_proteins | 0.871 | 0.019 | 1.231 | |
get_df_long | 2.706 | 0.045 | 3.685 | |
get_df_wide | 1.875 | 0.041 | 2.583 | |
get_prefix | 0.004 | 0.000 | 0.005 | |
get_results | 2.371 | 0.049 | 3.324 | |
get_suffix | 0.002 | 0.000 | 0.003 | |
import_IsobarQuant | 0.000 | 0.000 | 0.001 | |
import_MaxQuant | 0.123 | 0.002 | 0.173 | |
impute | 117.272 | 0.462 | 162.528 | |
make_se | 0.098 | 0.001 | 0.136 | |
make_se_parse | 0.138 | 0.001 | 0.182 | |
make_unique | 0.050 | 0.000 | 0.064 | |
manual_impute | 1.716 | 0.069 | 2.314 | |
meanSdPlot | 1.517 | 0.026 | 2.009 | |
normalize_vsn | 0.979 | 0.021 | 1.294 | |
plot_all | 3.802 | 0.083 | 5.314 | |
plot_cond | 2.745 | 0.052 | 3.783 | |
plot_cond_freq | 2.232 | 0.041 | 3.066 | |
plot_cond_overlap | 2.255 | 0.035 | 3.175 | |
plot_cor | 3.043 | 0.050 | 4.231 | |
plot_coverage | 1.542 | 0.029 | 2.136 | |
plot_detect | 1.924 | 0.030 | 2.649 | |
plot_dist | 8.816 | 0.073 | 12.005 | |
plot_frequency | 1.150 | 0.027 | 1.576 | |
plot_gsea | 1.847 | 0.034 | 2.501 | |
plot_heatmap | 6.359 | 0.058 | 8.663 | |
plot_imputation | 2.515 | 0.058 | 3.476 | |
plot_missval | 3.967 | 0.074 | 5.488 | |
plot_normalization | 4.133 | 0.138 | 6.484 | |
plot_numbers | 1.403 | 0.045 | 2.211 | |
plot_p_hist | 3.039 | 0.044 | 4.689 | |
plot_pca | 3.316 | 0.038 | 4.990 | |
plot_single | 3.851 | 0.041 | 5.591 | |
plot_volcano | 6.915 | 0.065 | 10.243 | |
process | 3.488 | 0.066 | 5.492 | |
report | 0 | 0 | 0 | |
run_app | 0 | 0 | 0 | |
se2msn | 0.270 | 0.001 | 0.399 | |
test_diff | 2.333 | 0.056 | 3.552 | |
test_gsea | 1.809 | 0.041 | 2.631 | |
theme_DEP1 | 1.153 | 0.026 | 1.748 | |
theme_DEP2 | 1.408 | 0.028 | 2.005 | |