Back to Multiple platform build/check report for BioC 3.12
AB[C]DEFGHIJKLMNOPQRSTUVWXYZ

CHECK report for CAMERA on merida1

This page was generated on 2020-08-07 12:24:11 -0400 (Fri, 07 Aug 2020).

TO THE DEVELOPERS/MAINTAINERS OF THE CAMERA PACKAGE: Please make sure to use the following settings in order to reproduce any error or warning you see on this page.
Package 216/1882HostnameOS / ArchINSTALLBUILDCHECKBUILD BIN
CAMERA 1.45.1
Steffen Neumann
Snapshot Date: 2020-08-06 14:50:46 -0400 (Thu, 06 Aug 2020)
URL: https://git.bioconductor.org/packages/CAMERA
Branch: master
Last Commit: 45384c6
Last Changed Date: 2020-06-02 05:43:49 -0400 (Tue, 02 Jun 2020)
malbec1 Linux (Ubuntu 18.04.4 LTS) / x86_64  OK  OK  WARNINGS UNNEEDED, same version exists in internal repository
tokay1 Windows Server 2012 R2 Standard / x64  OK  OK  WARNINGS  OK UNNEEDED, same version exists in internal repository
merida1 macOS 10.14.6 Mojave / x86_64  OK  OK [ WARNINGS ] OK UNNEEDED, same version exists in internal repository

Summary

Package: CAMERA
Version: 1.45.1
Command: /Library/Frameworks/R.framework/Versions/Current/Resources/bin/R CMD check --install=check:CAMERA.install-out.txt --library=/Library/Frameworks/R.framework/Versions/Current/Resources/library --no-vignettes --timings CAMERA_1.45.1.tar.gz
StartedAt: 2020-08-06 23:05:13 -0400 (Thu, 06 Aug 2020)
EndedAt: 2020-08-06 23:14:24 -0400 (Thu, 06 Aug 2020)
EllapsedTime: 550.3 seconds
RetCode: 0
Status:  WARNINGS 
CheckDir: CAMERA.Rcheck
Warnings: 1

Command output

##############################################################################
##############################################################################
###
### Running command:
###
###   /Library/Frameworks/R.framework/Versions/Current/Resources/bin/R CMD check --install=check:CAMERA.install-out.txt --library=/Library/Frameworks/R.framework/Versions/Current/Resources/library --no-vignettes --timings CAMERA_1.45.1.tar.gz
###
##############################################################################
##############################################################################


* using log directory ‘/Users/biocbuild/bbs-3.12-bioc/meat/CAMERA.Rcheck’
* using R version 4.0.2 (2020-06-22)
* using platform: x86_64-apple-darwin17.0 (64-bit)
* using session charset: UTF-8
* using option ‘--no-vignettes’
* checking for file ‘CAMERA/DESCRIPTION’ ... OK
* this is package ‘CAMERA’ version ‘1.45.1’
* checking package namespace information ... OK
* checking package dependencies ... OK
* checking if this is a source package ... OK
* checking if there is a namespace ... OK
* checking for hidden files and directories ... NOTE
Found the following hidden files and directories:
  .travis.yml
These were most likely included in error. See section ‘Package
structure’ in the ‘Writing R Extensions’ manual.
* checking for portable file names ... OK
* checking for sufficient/correct file permissions ... OK
* checking whether package ‘CAMERA’ can be installed ... WARNING
Found the following significant warnings:
  Warning: replacing previous import ‘xcms::plot’ by ‘graphics::plot’ when loading ‘CAMERA’
See ‘/Users/biocbuild/bbs-3.12-bioc/meat/CAMERA.Rcheck/00install.out’ for details.
* checking installed package size ... NOTE
  installed size is  7.8Mb
  sub-directories of 1Mb or more:
    mzdata      1.7Mb
    quantiles   4.9Mb
* checking package directory ... OK
* checking ‘build’ directory ... OK
* checking DESCRIPTION meta-information ... NOTE
Malformed Description field: should contain one or more complete sentences.
Packages listed in more than one of Depends, Imports, Suggests, Enhances:
  ‘methods’ ‘xcms’
A package should be listed in only one of these fields.
* checking top-level files ... OK
* checking for left-over files ... OK
* checking index information ... OK
* checking package subdirectories ... OK
* checking R files for non-ASCII characters ... OK
* checking R files for syntax errors ... OK
* checking whether the package can be loaded ... OK
* checking whether the package can be loaded with stated dependencies ... OK
* checking whether the package can be unloaded cleanly ... OK
* checking whether the namespace can be loaded with stated dependencies ... OK
* checking whether the namespace can be unloaded cleanly ... OK
* checking dependencies in R code ... NOTE
'library' or 'require' call to ‘methods’ which was already attached by Depends.
  Please remove these calls from your code.
Missing object imported by a ':::' call: ‘xcms:::xcmsClusterApply’
There are ::: calls to the package's namespace in its code. A package
  almost never needs to use ::: for its own objects:
  ‘annotateGrp’ ‘combineHypothese’ ‘fastMatch’ ‘naOmit’
* checking S3 generic/method consistency ... OK
* checking replacement functions ... OK
* checking foreign function calls ... NOTE
Foreign function call to a different package:
  .Call("getEIC", ..., PACKAGE = "xcms")
See chapter ‘System and foreign language interfaces’ in the ‘Writing R
Extensions’ manual.
* checking R code for possible problems ... NOTE
File ‘CAMERA/R/zzz.R’:
  .onLoad calls:
    require(methods)

Package startup functions should not change the search path.
See section ‘Good practice’ in '?.onAttach'.

annotateGrp: no visible global function definition for ‘na.omit’
annotateGrpMPI2: no visible binding for global variable
  ‘papply_commondata’
cleanParallel: no visible global function definition for
  ‘mpi.close.Rslaves’
cleanParallel: no visible global function definition for ‘stopCluster’
compoundQuantiles: no visible global function definition for ‘tail’
createHypothese: no visible global function definition for ‘cutree’
createHypothese: no visible global function definition for ‘hclust’
createHypothese: no visible global function definition for ‘dist’
extractfragments: no visible global function definition for ‘median’
fast_corr: no visible global function definition for ‘pt’
findIsotopesForPS: no visible binding for global variable ‘tableMM48’
findKendrickMasses: no visible global function definition for ‘rainbow’
findKendrickMasses : <anonymous>: no visible global function definition
  for ‘lines’
findNeutralLoss: no visible global function definition for ‘dist’
findNeutralLossSpecs : <anonymous>: no visible global function
  definition for ‘dist’
fragments2metfrag : <anonymous>: no visible global function definition
  for ‘write.table’
fragments2metfusion : <anonymous>: no visible binding for global
  variable ‘object’
fragments2metfusion : <anonymous>: no visible global function
  definition for ‘write.table’
getIsotopeCluster : <anonymous>: no visible global function definition
  for ‘na.omit’
xsAnnotate: no visible global function definition for ‘mpi.comm.size’
xsAnnotate: no visible global function definition for
  ‘mpi.spawn.Rslaves’
xsAnnotate: no visible global function definition for ‘makeCluster’
xsAnnotate: no visible binding for global variable ‘graphMethod’
findAdducts,xsAnnotate: no visible global function definition for
  ‘mpi.comm.size’
findAdducts,xsAnnotate: no visible global function definition for
  ‘xcmsPapply’
findIsotopesWithValidation,xsAnnotate : <anonymous>: no visible global
  function definition for ‘median’
getReducedPeaklist,xsAnnotate : <anonymous> : <anonymous>: no visible
  global function definition for ‘median’
getReducedPeaklist,xsAnnotate : <anonymous>: no visible global function
  definition for ‘prcomp’
getReducedPeaklist,xsAnnotate : <anonymous>: no visible global function
  definition for ‘na.omit’
groupComplete,xsAnnotate: no visible global function definition for
  ‘dist’
groupComplete,xsAnnotate: no visible global function definition for
  ‘cutree’
groupComplete,xsAnnotate: no visible global function definition for
  ‘hclust’
groupDen,xsAnnotate: no visible global function definition for
  ‘density’
groupFWHM,xsAnnotate : <anonymous>: no visible global function
  definition for ‘na.omit’
plotEICs,xsAnnotate: no visible global function definition for
  ‘rainbow’
plotEICs,xsAnnotate: no visible global function definition for
  ‘na.omit’
plotPeakEICs,xsAnnotate : <anonymous>: no visible binding for global
  variable ‘pc’
plotPeakEICs,xsAnnotate: no visible binding for global variable ‘pspec’
plotPeakEICs,xsAnnotate: no visible global function definition for
  ‘rainbow’
plotPeakEICs,xsAnnotate: no visible global function definition for
  ‘na.omit’
plotPsSpectrum,xsAnnotate: no visible global function definition for
  ‘median’
plotPsSpectrum,xsAnnotate: no visible global function definition for
  ‘na.omit’
Undefined global functions or variables:
  cutree density dist graphMethod hclust lines makeCluster median
  mpi.close.Rslaves mpi.comm.size mpi.spawn.Rslaves na.omit object
  papply_commondata pc prcomp pspec pt rainbow stopCluster tableMM48
  tail write.table xcmsPapply
Consider adding
  importFrom("grDevices", "rainbow")
  importFrom("graphics", "lines")
  importFrom("stats", "cutree", "density", "dist", "hclust", "median",
             "na.omit", "prcomp", "pt")
  importFrom("utils", "tail", "write.table")
to your NAMESPACE file.
* checking Rd files ... NOTE
prepare_Rd: findKendrickMasses.Rd:21-22: Dropping empty section \details
* checking Rd metadata ... OK
* checking Rd cross-references ... OK
* checking for missing documentation entries ... OK
* checking for code/documentation mismatches ... OK
* checking Rd \usage sections ... OK
* checking Rd contents ... OK
* checking for unstated dependencies in examples ... OK
* checking contents of ‘data’ directory ... OK
* checking data for non-ASCII characters ... OK
* checking data for ASCII and uncompressed saves ... OK
* checking line endings in C/C++/Fortran sources/headers ... OK
* checking line endings in Makefiles ... OK
* checking for GNU extensions in Makefiles ... OK
* checking include directives in Makefiles ... OK
* checking compiled code ... NOTE
Note: information on .o files is not available
* checking sizes of PDF files under ‘inst/doc’ ... OK
* checking files in ‘vignettes’ ... OK
* checking examples ... OK
Examples with CPU (user + system) or elapsed time > 5s
                      user system elapsed
getIsotopeCluster   25.721  6.878  12.683
annotateDiffreport  18.053  5.304   9.532
groupCorr-methods   22.585  0.426  23.037
annotate-methods     6.653  0.212   6.879
findAdducts-methods  5.286  0.232   5.525
getPeaklist-methods  4.890  0.249   5.146
pspec2metfrag        5.008  0.070   5.095
* checking for unstated dependencies in ‘tests’ ... OK
* checking tests ...
  Running ‘runTests.R’
 OK
* checking for unstated dependencies in vignettes ... OK
* checking package vignettes in ‘inst/doc’ ... OK
* checking running R code from vignettes ... SKIPPED
* checking re-building of vignette outputs ... SKIPPED
* checking PDF version of manual ... OK
* DONE

Status: 1 WARNING, 8 NOTEs
See
  ‘/Users/biocbuild/bbs-3.12-bioc/meat/CAMERA.Rcheck/00check.log’
for details.



Installation output

CAMERA.Rcheck/00install.out

##############################################################################
##############################################################################
###
### Running command:
###
###   /Library/Frameworks/R.framework/Versions/Current/Resources/bin/R CMD INSTALL CAMERA
###
##############################################################################
##############################################################################


* installing to library ‘/Library/Frameworks/R.framework/Versions/4.0/Resources/library’
* installing *source* package ‘CAMERA’ ...
** using staged installation
** libs
clang -mmacosx-version-min=10.13 -I"/Library/Frameworks/R.framework/Resources/include" -DNDEBUG   -I/usr/local/include   -fPIC  -Wall -g -O2  -c fastMatch.c -o fastMatch.o
clang -mmacosx-version-min=10.13 -dynamiclib -Wl,-headerpad_max_install_names -undefined dynamic_lookup -single_module -multiply_defined suppress -L/Library/Frameworks/R.framework/Resources/lib -L/usr/local/lib -o CAMERA.so fastMatch.o -F/Library/Frameworks/R.framework/.. -framework R -Wl,-framework -Wl,CoreFoundation
installing to /Library/Frameworks/R.framework/Versions/4.0/Resources/library/00LOCK-CAMERA/00new/CAMERA/libs
** R
** data
** inst
** byte-compile and prepare package for lazy loading
Warning: replacing previous import ‘xcms::plot’ by ‘graphics::plot’ when loading ‘CAMERA’
** help
*** installing help indices
** building package indices
** installing vignettes
** testing if installed package can be loaded from temporary location
Warning: replacing previous import ‘xcms::plot’ by ‘graphics::plot’ when loading ‘CAMERA’
** checking absolute paths in shared objects and dynamic libraries
** testing if installed package can be loaded from final location
Warning: replacing previous import ‘xcms::plot’ by ‘graphics::plot’ when loading ‘CAMERA’
** testing if installed package keeps a record of temporary installation path
* DONE (CAMERA)

Tests output

CAMERA.Rcheck/tests/runTests.Rout


R version 4.0.2 (2020-06-22) -- "Taking Off Again"
Copyright (C) 2020 The R Foundation for Statistical Computing
Platform: x86_64-apple-darwin17.0 (64-bit)

R is free software and comes with ABSOLUTELY NO WARRANTY.
You are welcome to redistribute it under certain conditions.
Type 'license()' or 'licence()' for distribution details.

R is a collaborative project with many contributors.
Type 'contributors()' for more information and
'citation()' on how to cite R or R packages in publications.

Type 'demo()' for some demos, 'help()' for on-line help, or
'help.start()' for an HTML browser interface to help.
Type 'q()' to quit R.

> require("CAMERA") || stop("unable to load CAMERA")
Loading required package: CAMERA
Loading required package: Biobase
Loading required package: BiocGenerics
Loading required package: parallel

Attaching package: 'BiocGenerics'

The following objects are masked from 'package:parallel':

    clusterApply, clusterApplyLB, clusterCall, clusterEvalQ,
    clusterExport, clusterMap, parApply, parCapply, parLapply,
    parLapplyLB, parRapply, parSapply, parSapplyLB

The following objects are masked from 'package:stats':

    IQR, mad, sd, var, xtabs

The following objects are masked from 'package:base':

    Filter, Find, Map, Position, Reduce, anyDuplicated, append,
    as.data.frame, basename, cbind, colnames, dirname, do.call,
    duplicated, eval, evalq, get, grep, grepl, intersect, is.unsorted,
    lapply, mapply, match, mget, order, paste, pmax, pmax.int, pmin,
    pmin.int, rank, rbind, rownames, sapply, setdiff, sort, table,
    tapply, union, unique, unsplit, which.max, which.min

Welcome to Bioconductor

    Vignettes contain introductory material; view with
    'browseVignettes()'. To cite Bioconductor, see
    'citation("Biobase")', and for packages 'citation("pkgname")'.

Loading required package: xcms
Loading required package: BiocParallel
Loading required package: MSnbase
Loading required package: mzR
Loading required package: Rcpp
Loading required package: S4Vectors
Loading required package: stats4

Attaching package: 'S4Vectors'

The following object is masked from 'package:base':

    expand.grid

Loading required package: ProtGenerics

Attaching package: 'ProtGenerics'

The following object is masked from 'package:stats':

    smooth


This is MSnbase version 2.15.3 
  Visit https://lgatto.github.io/MSnbase/ to get started.


Attaching package: 'MSnbase'

The following object is masked from 'package:base':

    trimws


This is xcms version 3.11.6 


Attaching package: 'xcms'

The following object is masked from 'package:stats':

    sigma

[1] TRUE
Warning message:
replacing previous import 'xcms::plot' by 'graphics::plot' when loading 'CAMERA' 
> BiocGenerics:::testPackage("CAMERA")
Processing 3195 mz slices ... OK
Start grouping after retention time.
Created 148 pseudospectra.
Start grouping after correlation.
Generating EIC's .. 
Warning: Found NA peaks in selected sample.

Calculating peak correlations in 148 Groups... 
 % finished: 10  20  30  40  50  60  70  80  90  100  

Calculating graph cross linking in 148 Groups... 
 % finished: 10  20  30  40  50  60  70  80  90  100  
New number of ps-groups:  333 
xsAnnotate has now 333 groups, instead of 148 
Generating peak matrix!
Run isotope peak annotation
 % finished: 10  20  30  40  50  60  70  80  90  100  
Found isotopes: 22 
Generating peak matrix for peak annotation!
Found and use user-defined ruleset!
Calculating possible adducts in 333 Groups... 
 % finished: 10  20  30  40  50  60  70  80  90  100  
Start grouping after retention time.
Created 133 pseudospectra.
Start grouping after correlation.
Generating EIC's .. 
Warning: Found NA peaks in selected sample.

Calculating peak correlations in 133 Groups... 
 % finished: 10  20  30  40  50  60  70  80  90  100  
Generating EIC's .. 
Warning: Found NA peaks in selected sample.

Calculating peak correlations in 133 Groups... 
 % finished: 10  20  30  40  50  60  70  80  90  100  
Generating EIC's .. 
Warning: Found NA peaks in selected sample.

Calculating peak correlations in 133 Groups... 
 % finished: 10  20  30  40  50  60  70  80  90  100  
Generating EIC's .. 
Warning: Found NA peaks in selected sample.

Calculating peak correlations in 133 Groups... 
 % finished: 10  20  30  40  50  60  70  80  90  100  
Generating EIC's .. 
Warning: Found NA peaks in selected sample.

Calculating peak correlations in 133 Groups... 
 % finished: 10  20  30  40  50  60  70  80  90  100  
Generating EIC's .. 
Warning: Found NA peaks in selected sample.

Calculating peak correlations in 133 Groups... 
 % finished: 10  20  30  40  50  60  70  80  90  100  
Generating EIC's .. 
Warning: Found NA peaks in selected sample.

Calculating peak correlations in 133 Groups... 
 % finished: 10  20  30  40  50  60  70  80  90  100  
Generating EIC's .. 
Warning: Found NA peaks in selected sample.

Calculating peak correlations in 133 Groups... 
 % finished: 10  20  30  40  50  60  70  80  90  100  

Calculating graph cross linking in 133 Groups... 
 % finished: 10  20  30  40  50  60  70  80  90  100  
New number of ps-groups:  254 
xsAnnotate has now 254 groups, instead of 133 
Generating peak matrix!
Run isotope peak annotation
 % finished: 10  20  30  40  50  60  70  80  90  100  
Found isotopes: 32 
Generating peak matrix for peak annotation!
Found and use user-defined ruleset!
Calculating possible adducts in 254 Groups... 
 % finished: 10  20  30  40  50  60  70  80  90  100  
Start grouping after retention time.
Created 133 pseudospectra.
Start grouping after correlation.
Generating EIC's .. 
Warning: Found NA peaks in selected sample.

Calculating peak correlations in 133 Groups... 
 % finished: 10  20  30  40  50  60  70  80  90  100  

Calculating graph cross linking in 133 Groups... 
 % finished: 10  20  30  40  50  60  70  80  90  100  
New number of ps-groups:  329 
xsAnnotate has now 329 groups, instead of 133 
Generating peak matrix!
Run isotope peak annotation
 % finished: 10  20  30  40  50  60  70  80  90  100  
Found isotopes: 20 
Generating peak matrix for peak annotation!
Found and use user-defined ruleset!
Calculating possible adducts in 329 Groups... 
 % finished: 10  20  30  40  50  60  70  80  90  100  
Detecting mass traces at 30 ppm ... OK
Detecting chromatographic peaks in 456 regions of interest ... OK: 126 found.
Start grouping after retention time.
Created 14 pseudospectra.
Generating peak matrix!
Run isotope peak annotation
 % finished: 20  50  60  70  80  90  100  
Found isotopes: 32 
Found and use user-defined ruleset!
Calculating possible adducts in 14 Groups... 
 % finished: 20  50  60  70  80  90  100  
Detecting mass traces at 30 ppm ... OK
Detecting chromatographic peaks in 456 regions of interest ... OK: 126 found.
Start grouping after retention time.
Created 14 pseudospectra.
Start grouping after correlation.

Calculating peak correlations in 14 Groups... 
 % finished: 20  50  60  70  80  90  100  

Calculating graph cross linking in 14 Groups... 
 % finished: 20  50  60  70  80  90  100  
New number of ps-groups:  35 
xsAnnotate has now 35 groups, instead of 14 
Detecting mass traces at 30 ppm ... OK
Detecting chromatographic peaks in 456 regions of interest ... OK: 126 found.
Created 11 pseudospectra.
Processing 3195 mz slices ... OK
Start grouping after retention time.
Created 148 pseudospectra.
Start grouping after correlation.
Generating EIC's .. 
Warning: Found NA peaks in selected sample.

Calculating peak correlations in 148 Groups... 
 % finished: 10  20  30  40  50  60  70  80  90  100  

Calculating graph cross linking in 148 Groups... 
 % finished: 10  20  30  40  50  60  70  80  90  100  
New number of ps-groups:  333 
xsAnnotate has now 333 groups, instead of 148 
Start grouping after retention time.
Created 133 pseudospectra.
Start grouping after correlation.
Generating EIC's .. 
Warning: Found NA peaks in selected sample.

Calculating peak correlations in 133 Groups... 
 % finished: 10  20  30  40  50  60  70  80  90  100  

Calculating graph cross linking in 133 Groups... 
 % finished: 10  20  30  40  50  60  70  80  90  100  
New number of ps-groups:  329 
xsAnnotate has now 329 groups, instead of 133 
Start grouping after correlation.
Data was not preprocessed with groupFWHM, creating one pseudospectrum with all peaks.
Generating EIC's .. 
Warning: Found NA peaks in selected sample.

Calculating peak correlations in 1 Groups... 
 % finished: 100  

Calculating graph cross linking in 1 Groups... 
 % finished: 100  
New number of ps-groups:  316 
xsAnnotate has now 316 groups, instead of 1 
Start grouping after correlation.
Data was not preprocessed with groupFWHM, creating one pseudospectrum with all peaks.
Generating EIC's .. 
Warning: Found NA peaks in selected sample.

Calculating peak correlations in 1 Groups... 
 % finished: 100  

Calculating graph cross linking in 1 Groups... 
 % finished: 100  
New number of ps-groups:  316 
xsAnnotate has now 316 groups, instead of 1 
Generating peak matrix!
Run isotope peak annotation
 % finished: 10  20  30  40  50  60  70  80  90  100  
Found isotopes: 22 
Generating peak matrix for peak annotation!
Found and use user-defined ruleset!
Calculating possible adducts in 316 Groups... 
 % finished: 10  20  30  40  50  60  70  80  90  100  
Detecting mass traces at 30 ppm ... OK
Detecting chromatographic peaks in 456 regions of interest ... OK: 126 found.
Start grouping after retention time.
Created 14 pseudospectra.
Start grouping after correlation.
Data was not preprocessed with groupFWHM, creating one pseudospectrum with all peaks.

Calculating peak correlations in 1 Groups... 
 % finished: 100  

Calculating graph cross linking in 1 Groups... 
 % finished: 100  
New number of ps-groups:  48 
xsAnnotate has now 48 groups, instead of 1 
Start grouping after correlation.

Calculating peak correlations in 14 Groups... 
 % finished: 20  50  60  70  80  90  100  

Calculating graph cross linking in 14 Groups... 
 % finished: 20  50  60  70  80  90  100  
New number of ps-groups:  48 
xsAnnotate has now 48 groups, instead of 14 
Start grouping after correlation.

Calculating peak correlations in 8 Groups... 
 % finished: 30  60  70  80  90  100  

Calculating graph cross linking in 8 Groups... 
 % finished: 30  60  70  80  90  100  
New number of ps-groups:  29 
xsAnnotate has now 29 groups, instead of 14 
Generating peak matrix!
Run isotope peak annotation
 % finished: 20  50  60  70  80  90  100  
Found isotopes: 32 
Start grouping after correlation.

Calculating peak correlations in 14 Groups... 
 % finished: 20  50  60  70  80  90  100  

Calculating graph cross linking in 14 Groups... 
 % finished: 20  50  60  70  80  90  100  
New number of ps-groups:  48 
xsAnnotate has now 48 groups, instead of 14 
xsAnnotate contains no pseudospectra. Regroup all peaks into one!
Generating peak matrix!
Run isotope peak annotation
 % finished: 100  
Found isotopes: 32 
Found and use user-defined ruleset!
Calculating possible adducts in 1 Groups... 
 % finished: 100  
Generating peak matrix!
Run isotope peak annotation
 % finished: 20  40  50  60  70  80  90  100  
Found isotopes: 23 

Calculating possible adducts in 48 Groups... 
 % finished: 20  40  50  60  70  80  90  100  

Calculating possible adducts in 8 Groups... 
 % finished: 10  
Processing 3195 mz slices ... OK
Detecting mass traces at 30 ppm ... OK
Detecting chromatographic peaks in 456 regions of interest ... OK: 126 found.
Start grouping after retention time.
Created 14 pseudospectra.
Detecting mass traces at 30 ppm ... OK
Detecting chromatographic peaks in 456 regions of interest ... OK: 126 found.
Start grouping after retention time.
Created 14 pseudospectra.
Generating peak matrix!
Run isotope peak annotation
 % finished: 20  50  60  70  80  90  100  
Found isotopes: 32 

Calculating possible adducts in 14 Groups... 
 % finished: 20  50  60  70  80  90  100  


RUNIT TEST PROTOCOL -- Thu Aug  6 23:14:10 2020 
*********************************************** 
Number of test functions: 14 
Number of errors: 0 
Number of failures: 0 

 
1 Test Suite : 
CAMERA RUnit Tests - 14 test functions, 0 errors, 0 failures
Number of test functions: 14 
Number of errors: 0 
Number of failures: 0 
> 
> proc.time()
   user  system elapsed 
110.519   2.449 113.135 

Example timings

CAMERA.Rcheck/CAMERA-Ex.timings

nameusersystemelapsed
annotate-methods6.6530.2126.879
annotateDiffreport18.053 5.304 9.532
calcCaS-methods2.6870.1612.852
cleanParallel000
combinexsAnnos000
compoundLibraries0.0010.0010.002
compoundQuantiles0.1140.0100.127
findAdducts-methods5.2860.2325.525
findIsotopes-methods2.0150.0292.046
findIsotopesWithValidation-methods2.8550.0502.908
findKendrickMasses2.3600.0162.379
findNeutralLoss1.9840.0282.015
findNeutralLossSpecs1.9790.0272.008
getAllPeakEICs-methods4.7750.0664.847
getAtomCount-compoundQuantiles-method0.1080.0040.112
getIsotopeCluster25.721 6.87812.683
getIsotopeProportion-compoundQuantiles-method0.1210.0130.134
getPeaklist-methods4.8900.2495.146
getReducedPeaklist-methods4.4290.0704.504
getpspectra1.9120.0311.947
groupCorr-methods22.585 0.42623.037
groupDen-methods4.3160.0514.372
groupFWHM-methods4.0590.0494.112
massWindowSizes0.0010.0010.002
pspec2metfrag5.0080.0705.095
ruleSet-class0.0920.0020.094
xsAnnotate2.3900.0172.409