Back to Multiple platform build/check report for BioC 3.15
ABCDEFGHIJKLMNOPQ[R]STUVWXYZ

This page was generated on 2022-01-25 11:11:47 -0500 (Tue, 25 Jan 2022).

HostnameOSArch (*)R versionInstalled pkgs
nebbiolo1Linux (Ubuntu 20.04.4 LTS)x86_64R Under development (unstable) (2022-01-05 r81451) -- "Unsuffered Consequences" 4164
riesling1Windows Server 2019 Standardx64R Under development (unstable) (2021-11-21 r81221) -- "Unsuffered Consequences" 4059
palomino3Windows Server 2022 Datacenterx64R Under development (unstable) (2021-12-21 r81400 ucrt) -- "Unsuffered Consequences" 4001
merida1macOS 10.14.6 Mojavex86_64R Under development (unstable) (2022-01-05 r81451) -- "Unsuffered Consequences" 4118
Click on any hostname to see more info about the system (e.g. compilers)      (*) as reported by 'uname -p', except on Windows and Mac OS X

CHECK results for restfulSE on merida1


To the developers/maintainers of the restfulSE package:
- Please allow up to 24 hours (and sometimes 48 hours) for your latest push to git@git.bioconductor.org:packages/restfulSE.git to
reflect on this report. See How and When does the builder pull? When will my changes propagate? here for more information.
- Make sure to use the following settings in order to reproduce any error or warning you see on this page.

raw results

Package 1578/2075HostnameOS / ArchINSTALLBUILDCHECKBUILD BIN
restfulSE 1.17.0  (landing page)
Shweta Gopaulakrishnan
Snapshot Date: 2022-01-24 13:55:18 -0500 (Mon, 24 Jan 2022)
git_url: https://git.bioconductor.org/packages/restfulSE
git_branch: master
git_last_commit: 7f3bd6a
git_last_commit_date: 2021-10-26 12:38:23 -0500 (Tue, 26 Oct 2021)
nebbiolo1Linux (Ubuntu 20.04.4 LTS) / x86_64  OK    OK    ERROR  
riesling1Windows Server 2019 Standard / x64  OK    ERROR  skippedskipped
palomino3Windows Server 2022 Datacenter / x64  OK    OK    ERROR    OK  
merida1macOS 10.14.6 Mojave / x86_64  OK    OK    ERROR    OK  

Summary

Package: restfulSE
Version: 1.17.0
Command: /Library/Frameworks/R.framework/Resources/bin/R CMD check --install=check:restfulSE.install-out.txt --library=/Library/Frameworks/R.framework/Resources/library --no-vignettes --timings restfulSE_1.17.0.tar.gz
StartedAt: 2022-01-25 04:54:23 -0500 (Tue, 25 Jan 2022)
EndedAt: 2022-01-25 04:54:30 -0500 (Tue, 25 Jan 2022)
EllapsedTime: 6.5 seconds
RetCode: 1
Status:   ERROR  
CheckDir: restfulSE.Rcheck
Warnings: NA

Command output

##############################################################################
##############################################################################
###
### Running command:
###
###   /Library/Frameworks/R.framework/Resources/bin/R CMD check --install=check:restfulSE.install-out.txt --library=/Library/Frameworks/R.framework/Resources/library --no-vignettes --timings restfulSE_1.17.0.tar.gz
###
##############################################################################
##############################################################################


* using log directory ‘/Users/biocbuild/bbs-3.15-bioc/meat/restfulSE.Rcheck’
* using R Under development (unstable) (2022-01-05 r81451)
* using platform: x86_64-apple-darwin17.0 (64-bit)
* using session charset: UTF-8
* using option ‘--no-vignettes’
* checking for file ‘restfulSE/DESCRIPTION’ ... OK
* this is package ‘restfulSE’ version ‘1.17.0’
* package encoding: UTF-8
* checking package namespace information ... OK
* checking package dependencies ... ERROR
Package suggested but not available: ‘restfulSEData’

The suggested packages are required for a complete check.
Checking can be attempted without them by setting the environment
variable _R_CHECK_FORCE_SUGGESTS_ to a false value.

See section ‘The DESCRIPTION file’ in the ‘Writing R Extensions’
manual.
* DONE

Status: 1 ERROR
See
  ‘/Users/biocbuild/bbs-3.15-bioc/meat/restfulSE.Rcheck/00check.log’
for details.


Installation output


Tests output


Example timings