Back to Multiple platform build/check report for BioC 3.18: simplified long |
|
This page was generated on 2023-09-29 12:05:17 -0400 (Fri, 29 Sep 2023).
Hostname | OS | Arch (*) | R version | Installed pkgs |
---|---|---|---|---|
nebbiolo2 | Linux (Ubuntu 22.04.2 LTS) | x86_64 | 4.3.1 (2023-06-16) -- "Beagle Scouts" | 4660 |
palomino4 | Windows Server 2022 Datacenter | x64 | 4.3.1 (2023-06-16 ucrt) -- "Beagle Scouts" | 4395 |
lconway | macOS 12.6.5 Monterey | x86_64 | 4.3.1 Patched (2023-06-17 r84564) -- "Beagle Scouts" | 4409 |
kunpeng2 | Linux (openEuler 22.03 LTS-SP1) | aarch64 | 4.3.1 (2023-06-16) -- "Beagle Scouts" | 4400 |
Click on any hostname to see more info about the system (e.g. compilers) (*) as reported by 'uname -p', except on Windows and Mac OS X |
Package 1385/2233 | Hostname | OS / Arch | INSTALL | BUILD | CHECK | BUILD BIN | ||||||||
nethet 1.33.0 (landing page) Nicolas Staedler
| nebbiolo2 | Linux (Ubuntu 22.04.2 LTS) / x86_64 | OK | OK | WARNINGS | ![]() | ||||||||
palomino4 | Windows Server 2022 Datacenter / x64 | OK | OK | WARNINGS | OK | ![]() | ||||||||
lconway | macOS 12.6.5 Monterey / x86_64 | OK | OK | WARNINGS | OK | ![]() | ||||||||
kunpeng2 | Linux (openEuler 22.03 LTS-SP1) / aarch64 | OK | OK | WARNINGS | ||||||||||
To the developers/maintainers of the nethet package: - Allow up to 24 hours (and sometimes 48 hours) for your latest push to git@git.bioconductor.org:packages/nethet.git to reflect on this report. See Troubleshooting Build Report for more information. - Use the following Renviron settings to reproduce errors and warnings. - If 'R CMD check' started to fail recently on the Linux builder(s) over a missing dependency, add the missing dependency to 'Suggests:' in your DESCRIPTION file. See Renviron.bioc for more information. |
Package: nethet |
Version: 1.33.0 |
Command: /Library/Frameworks/R.framework/Resources/bin/R CMD check --install=check:nethet.install-out.txt --library=/Library/Frameworks/R.framework/Resources/library --no-vignettes --timings nethet_1.33.0.tar.gz |
StartedAt: 2023-09-28 22:12:20 -0400 (Thu, 28 Sep 2023) |
EndedAt: 2023-09-28 22:15:41 -0400 (Thu, 28 Sep 2023) |
EllapsedTime: 201.6 seconds |
RetCode: 0 |
Status: WARNINGS |
CheckDir: nethet.Rcheck |
Warnings: 1 |
############################################################################## ############################################################################## ### ### Running command: ### ### /Library/Frameworks/R.framework/Resources/bin/R CMD check --install=check:nethet.install-out.txt --library=/Library/Frameworks/R.framework/Resources/library --no-vignettes --timings nethet_1.33.0.tar.gz ### ############################################################################## ############################################################################## * using log directory ‘/Users/biocbuild/bbs-3.18-bioc/meat/nethet.Rcheck’ * using R version 4.3.1 Patched (2023-06-17 r84564) * using platform: x86_64-apple-darwin20 (64-bit) * R was compiled by Apple clang version 14.0.3 (clang-1403.0.22.14.1) GNU Fortran (GCC) 12.2.0 * running under: macOS Monterey 12.6.5 * using session charset: UTF-8 * using option ‘--no-vignettes’ * checking for file ‘nethet/DESCRIPTION’ ... OK * checking extension type ... Package * this is package ‘nethet’ version ‘1.33.0’ * checking package namespace information ... OK * checking package dependencies ... OK * checking if this is a source package ... OK * checking if there is a namespace ... OK * checking for hidden files and directories ... OK * checking for portable file names ... OK * checking for sufficient/correct file permissions ... OK * checking whether package ‘nethet’ can be installed ... WARNING Found the following significant warnings: Warning: replacing previous import ‘mclust::dmvnorm’ by ‘mvtnorm::dmvnorm’ when loading ‘nethet’ Warning: replacing previous import ‘multtest::update’ by ‘stats::update’ when loading ‘nethet’ See ‘/Users/biocbuild/bbs-3.18-bioc/meat/nethet.Rcheck/00install.out’ for details. * used C compiler: ‘Apple clang version 14.0.0 (clang-1400.0.29.202)’ * used SDK: ‘MacOSX11.3.sdk’ * checking installed package size ... OK * checking package directory ... OK * checking ‘build’ directory ... OK * checking DESCRIPTION meta-information ... OK * checking top-level files ... OK * checking for left-over files ... OK * checking index information ... OK * checking package subdirectories ... OK * checking R files for non-ASCII characters ... OK * checking R files for syntax errors ... OK * checking whether the package can be loaded ... OK * checking whether the package can be loaded with stated dependencies ... OK * checking whether the package can be unloaded cleanly ... OK * checking whether the namespace can be loaded with stated dependencies ... OK * checking whether the namespace can be unloaded cleanly ... OK * checking dependencies in R code ... OK * checking S3 generic/method consistency ... OK * checking replacement functions ... OK * checking foreign function calls ... OK * checking R code for possible problems ... NOTE screen_shrink: no visible global function definition for ‘performance.pcor’ Undefined global functions or variables: performance.pcor * checking Rd files ... OK * checking Rd metadata ... OK * checking Rd cross-references ... OK * checking for missing documentation entries ... OK * checking for code/documentation mismatches ... OK * checking Rd \usage sections ... OK * checking Rd contents ... OK * checking for unstated dependencies in examples ... OK * checking line endings in C/C++/Fortran sources/headers ... OK * checking compiled code ... NOTE Note: information on .o files is not available * checking sizes of PDF files under ‘inst/doc’ ... OK * checking files in ‘vignettes’ ... OK * checking examples ... OK Examples with CPU (user + system) or elapsed time > 5s user system elapsed het_cv_glasso 30.411 0.089 30.672 ggmgsa_multisplit 19.067 0.062 19.181 mixglasso 14.161 0.992 15.779 diffregr_multisplit 6.797 0.209 7.049 diffnet_multisplit 5.757 0.024 5.797 * checking for unstated dependencies in ‘tests’ ... OK * checking tests ... Running ‘testthat.R’ OK * checking for unstated dependencies in vignettes ... OK * checking package vignettes in ‘inst/doc’ ... OK * checking running R code from vignettes ... SKIPPED * checking re-building of vignette outputs ... SKIPPED * checking PDF version of manual ... OK * DONE Status: 1 WARNING, 2 NOTEs See ‘/Users/biocbuild/bbs-3.18-bioc/meat/nethet.Rcheck/00check.log’ for details.
nethet.Rcheck/00install.out
############################################################################## ############################################################################## ### ### Running command: ### ### /Library/Frameworks/R.framework/Resources/bin/R CMD INSTALL nethet ### ############################################################################## ############################################################################## * installing to library ‘/Library/Frameworks/R.framework/Versions/4.3-x86_64/Resources/library’ * installing *source* package ‘nethet’ ... ** using staged installation ** libs using C compiler: ‘Apple clang version 14.0.0 (clang-1400.0.29.202)’ using SDK: ‘MacOSX11.3.sdk’ clang -arch x86_64 -I"/Library/Frameworks/R.framework/Resources/include" -DNDEBUG -I/opt/R/x86_64/include -fPIC -falign-functions=64 -Wall -g -O2 -c betamat_diffnet.c -o betamat_diffnet.o clang -arch x86_64 -dynamiclib -Wl,-headerpad_max_install_names -undefined dynamic_lookup -single_module -multiply_defined suppress -L/Library/Frameworks/R.framework/Resources/lib -L/opt/R/x86_64/lib -o nethet.so betamat_diffnet.o -F/Library/Frameworks/R.framework/.. -framework R -Wl,-framework -Wl,CoreFoundation installing to /Library/Frameworks/R.framework/Versions/4.3-x86_64/Resources/library/00LOCK-nethet/00new/nethet/libs ** R ** inst ** byte-compile and prepare package for lazy loading Warning: replacing previous import ‘mclust::dmvnorm’ by ‘mvtnorm::dmvnorm’ when loading ‘nethet’ Warning: replacing previous import ‘multtest::update’ by ‘stats::update’ when loading ‘nethet’ ** help *** installing help indices ** building package indices ** installing vignettes ** testing if installed package can be loaded from temporary location Warning: replacing previous import ‘mclust::dmvnorm’ by ‘mvtnorm::dmvnorm’ when loading ‘nethet’ Warning: replacing previous import ‘multtest::update’ by ‘stats::update’ when loading ‘nethet’ ** checking absolute paths in shared objects and dynamic libraries ** testing if installed package can be loaded from final location Warning: replacing previous import ‘mclust::dmvnorm’ by ‘mvtnorm::dmvnorm’ when loading ‘nethet’ Warning: replacing previous import ‘multtest::update’ by ‘stats::update’ when loading ‘nethet’ ** testing if installed package keeps a record of temporary installation path * DONE (nethet)
nethet.Rcheck/tests/testthat.Rout
R version 4.3.1 Patched (2023-06-17 r84564) -- "Beagle Scouts" Copyright (C) 2023 The R Foundation for Statistical Computing Platform: x86_64-apple-darwin20 (64-bit) R is free software and comes with ABSOLUTELY NO WARRANTY. You are welcome to redistribute it under certain conditions. Type 'license()' or 'licence()' for distribution details. R is a collaborative project with many contributors. Type 'contributors()' for more information and 'citation()' on how to cite R or R packages in publications. Type 'demo()' for some demos, 'help()' for on-line help, or 'help.start()' for an HTML browser interface to help. Type 'q()' to quit R. > library(testthat) > library(nethet) Warning messages: 1: replacing previous import 'mclust::dmvnorm' by 'mvtnorm::dmvnorm' when loading 'nethet' 2: replacing previous import 'multtest::update' by 'stats::update' when loading 'nethet' > > test_check("nethet") [ FAIL 0 | WARN 0 | SKIP 0 | PASS 18 ] > > proc.time() user system elapsed 8.588 0.569 9.302
nethet.Rcheck/nethet-Ex.timings
name | user | system | elapsed | |
aggpval | 0.006 | 0.001 | 0.007 | |
bwprun_mixglasso | 2.099 | 0.166 | 2.278 | |
diffnet_multisplit | 5.757 | 0.024 | 5.797 | |
diffnet_singlesplit | 2.695 | 0.010 | 2.717 | |
diffregr_multisplit | 6.797 | 0.209 | 7.049 | |
diffregr_singlesplit | 0.502 | 0.018 | 0.525 | |
dot_plot | 0.783 | 0.022 | 0.807 | |
export_network | 0.154 | 0.002 | 0.157 | |
generate_2networks | 0.026 | 0.001 | 0.027 | |
generate_inv_cov | 0.052 | 0.132 | 0.187 | |
ggmgsa_multisplit | 19.067 | 0.062 | 19.181 | |
gsea.iriz | 0.007 | 0.001 | 0.008 | |
het_cv_glasso | 30.411 | 0.089 | 30.672 | |
invcov2parcor | 0.001 | 0.000 | 0.001 | |
invcov2parcor_array | 0.004 | 0.001 | 0.004 | |
logratio | 0.001 | 0.000 | 0.001 | |
mixglasso | 14.161 | 0.992 | 15.779 | |
plot_2networks | 0.029 | 0.002 | 0.030 | |
scatter_plot | 1.250 | 0.025 | 1.280 | |
screen_aic.glasso | 1.015 | 0.020 | 1.039 | |
screen_bic.glasso | 1.089 | 0.004 | 1.096 | |
screen_cv.glasso | 2.104 | 0.005 | 2.113 | |
screen_cv1se.lasso | 0.110 | 0.003 | 0.132 | |
screen_cvfix.lasso | 0.118 | 0.004 | 0.122 | |
screen_cvmin.lasso | 0.139 | 0.005 | 0.145 | |
screen_cvsqrt.lasso | 0.113 | 0.001 | 0.114 | |
screen_cvtrunc.lasso | 0.114 | 0.006 | 0.120 | |
sim_mix | 0.002 | 0.007 | 0.010 | |
sim_mix_networks | 0.007 | 0.000 | 0.008 | |