Back to Multiple platform build/check report for BioC 3.15
ABCDEFGHIJKL[M]NOPQRSTUVWXYZ

This page was generated on 2021-11-27 14:05:46 -0500 (Sat, 27 Nov 2021).

CHECK results for motifbreakR on merida1

To the developers/maintainers of the motifbreakR package:
- Please allow up to 24 hours (and sometimes 48 hours) for your latest push to git@git.bioconductor.org:packages/motifbreakR.git to
reflect on this report. See How and When does the builder pull? When will my changes propagate? here for more information.
- Make sure to use the following settings in order to reproduce any error or warning you see on this page.

raw results

Package 1192/2068HostnameOS / ArchINSTALLBUILDCHECKBUILD BIN
motifbreakR 2.9.1  (landing page)
Simon Gert Coetzee
Snapshot Date: 2021-11-26 14:50:14 -0500 (Fri, 26 Nov 2021)
git_url: https://git.bioconductor.org/packages/motifbreakR
git_branch: master
git_last_commit: 9958f30
git_last_commit_date: 2021-11-17 09:15:02 -0500 (Wed, 17 Nov 2021)
nebbiolo1Linux (Ubuntu 20.04.3 LTS) / x86_64  OK    OK    WARNINGS  UNNEEDED, same version is already published
riesling1Windows Server 2019 Standard / x64  OK    OK    WARNINGS    OK  
merida1macOS 10.14.6 Mojave / x86_64  OK    OK    WARNINGS    OK  UNNEEDED, same version is already published

Summary

Package: motifbreakR
Version: 2.9.1
Command: /Library/Frameworks/R.framework/Resources/bin/R CMD check --install=check:motifbreakR.install-out.txt --library=/Library/Frameworks/R.framework/Resources/library --no-vignettes --timings motifbreakR_2.9.1.tar.gz
StartedAt: 2021-11-27 05:16:37 -0500 (Sat, 27 Nov 2021)
EndedAt: 2021-11-27 05:27:36 -0500 (Sat, 27 Nov 2021)
EllapsedTime: 659.5 seconds
RetCode: 0
Status:   WARNINGS  
CheckDir: motifbreakR.Rcheck
Warnings: 3

Command output

##############################################################################
##############################################################################
###
### Running command:
###
###   /Library/Frameworks/R.framework/Resources/bin/R CMD check --install=check:motifbreakR.install-out.txt --library=/Library/Frameworks/R.framework/Resources/library --no-vignettes --timings motifbreakR_2.9.1.tar.gz
###
##############################################################################
##############################################################################


* using log directory ‘/Users/biocbuild/bbs-3.15-bioc/meat/motifbreakR.Rcheck’
* using R Under development (unstable) (2021-11-01 r81125)
* using platform: x86_64-apple-darwin17.0 (64-bit)
* using session charset: UTF-8
* using option ‘--no-vignettes’
* checking for file ‘motifbreakR/DESCRIPTION’ ... OK
* this is package ‘motifbreakR’ version ‘2.9.1’
* checking package namespace information ... OK
* checking package dependencies ... OK
* checking if this is a source package ... OK
* checking if there is a namespace ... OK
* checking for hidden files and directories ... OK
* checking for portable file names ... OK
* checking for sufficient/correct file permissions ... OK
* checking whether package ‘motifbreakR’ can be installed ... WARNING
Found the following significant warnings:
  Warning: replacing previous import ‘S4Vectors::as.data.frame’ by ‘motifStack::as.data.frame’ when loading ‘motifbreakR’
See ‘/Users/biocbuild/bbs-3.15-bioc/meat/motifbreakR.Rcheck/00install.out’ for details.
* checking installed package size ... OK
* checking package directory ... OK
* checking ‘build’ directory ... OK
* checking DESCRIPTION meta-information ... OK
* checking top-level files ... OK
* checking for left-over files ... OK
* checking index information ... OK
* checking package subdirectories ... OK
* checking R files for non-ASCII characters ... OK
* checking R files for syntax errors ... OK
* checking whether the package can be loaded ... OK
* checking whether the package can be loaded with stated dependencies ... OK
* checking whether the package can be unloaded cleanly ... OK
* checking whether the namespace can be loaded with stated dependencies ... OK
* checking whether the namespace can be unloaded cleanly ... OK
* checking dependencies in R code ... NOTE
Namespaces in Imports field not imported from:
  'compiler' 'grImport'
  All declared Imports should be used.
Package in Depends field not imported from: 'MotifDb'
  These packages need to be imported from (in the NAMESPACE file)
  for when this namespace is loaded but not attached.
* checking S3 generic/method consistency ... OK
* checking replacement functions ... OK
* checking foreign function calls ... OK
* checking R code for possible problems ... NOTE
formatVcfOut: no visible binding for global variable 'search.genome'
plotMotifLogoStack.2: no visible global function definition for 'par'
preparePWM: no visible binding for global variable 'threshold'
snps.from.file: no visible binding for global variable 'DNA_ALPHABET'
wScore: no visible global function definition for 'scoreMotif'
Undefined global functions or variables:
  DNA_ALPHABET par scoreMotif search.genome threshold
Consider adding
  importFrom("graphics", "par")
to your NAMESPACE file.
* checking Rd files ... OK
* checking Rd metadata ... OK
* checking Rd cross-references ... OK
* checking for missing documentation entries ... WARNING
Undocumented code objects:
  'rs1006140' 'variants.from.file'
Undocumented data sets:
  'rs1006140'
All user-level objects in a package should have documentation entries.
See chapter ‘Writing R documentation files’ in the ‘Writing R
Extensions’ manual.
* checking for code/documentation mismatches ... OK
* checking Rd \usage sections ... WARNING
Undocumented arguments in documentation object 'motifbreakR'
  ‘legacy.score’

Undocumented arguments in documentation object 'scoreAllWindows'
  ‘snp.seq’ ‘snp.seq.rc’ ‘pwm’ ‘from’ ‘to’ ‘pwm.range’ ‘calcp’

Undocumented arguments in documentation object 'snps.from.file'
  ‘indels’

Functions with \usage entries need to have the appropriate \alias
entries, and all their arguments documented.
The \usage entries must correspond to syntactically valid R code.
See chapter ‘Writing R documentation files’ in the ‘Writing R
Extensions’ manual.
* checking Rd contents ... OK
* checking for unstated dependencies in examples ... OK
* checking contents of ‘data’ directory ... OK
* checking data for non-ASCII characters ... OK
* checking LazyData ... OK
* checking data for ASCII and uncompressed saves ... OK
* checking files in ‘vignettes’ ... OK
* checking examples ... OK
Examples with CPU (user + system) or elapsed time > 5s
                 user system elapsed
snps.from.rsid 48.329  1.531  49.923
motifbreakR    15.884  0.413  16.324
* checking for unstated dependencies in vignettes ... OK
* checking package vignettes in ‘inst/doc’ ... OK
* checking running R code from vignettes ... SKIPPED
* checking re-building of vignette outputs ... SKIPPED
* checking PDF version of manual ... OK
* DONE

Status: 3 WARNINGs, 2 NOTEs
See
  ‘/Users/biocbuild/bbs-3.15-bioc/meat/motifbreakR.Rcheck/00check.log’
for details.



Installation output

motifbreakR.Rcheck/00install.out

##############################################################################
##############################################################################
###
### Running command:
###
###   /Library/Frameworks/R.framework/Resources/bin/R CMD INSTALL motifbreakR
###
##############################################################################
##############################################################################


* installing to library ‘/Library/Frameworks/R.framework/Versions/4.2/Resources/library’
* installing *source* package ‘motifbreakR’ ...
** using staged installation
** R
** data
*** moving datasets to lazyload DB
** inst
** byte-compile and prepare package for lazy loading
See system.file("LICENSE", package="MotifDb") for use restrictions.
Warning: replacing previous import ‘S4Vectors::as.data.frame’ by ‘motifStack::as.data.frame’ when loading ‘motifbreakR’
** help
*** installing help indices
** building package indices
** installing vignettes
** testing if installed package can be loaded from temporary location
See system.file("LICENSE", package="MotifDb") for use restrictions.
Warning: replacing previous import ‘S4Vectors::as.data.frame’ by ‘motifStack::as.data.frame’ when loading ‘motifbreakR’
** testing if installed package can be loaded from final location
See system.file("LICENSE", package="MotifDb") for use restrictions.
Warning: replacing previous import ‘S4Vectors::as.data.frame’ by ‘motifStack::as.data.frame’ when loading ‘motifbreakR’
** testing if installed package keeps a record of temporary installation path
* DONE (motifbreakR)

Tests output


Example timings

motifbreakR.Rcheck/motifbreakR-Ex.timings

nameusersystemelapsed
calculatePvalue0.5390.0060.546
encodemotif0.0440.0040.047
example.results0.1200.0070.126
factorbook0.0150.0020.017
hocomoco0.0200.0030.022
homer0.0190.0030.022
motifbreakR15.884 0.41316.324
motifbreakR_motif0.0570.0040.061
plotMB0.0760.0050.082
snps.from.file1.8240.0441.874
snps.from.rsid48.329 1.53149.923