Back to Multiple platform build/check report for BioC 3.20: simplified long |
|
This page was generated on 2024-05-03 11:38:33 -0400 (Fri, 03 May 2024).
Hostname | OS | Arch (*) | R version | Installed pkgs |
---|---|---|---|---|
nebbiolo2 | Linux (Ubuntu 22.04.3 LTS) | x86_64 | 4.4.0 RC (2024-04-16 r86468) -- "Puppy Cup" | 4660 |
palomino4 | Windows Server 2022 Datacenter | x64 | 4.4.0 RC (2024-04-16 r86468 ucrt) -- "Puppy Cup" | 4391 |
merida1 | macOS 12.7.4 Monterey | x86_64 | 4.4.0 Patched (2024-04-24 r86482) -- "Puppy Cup" | 4422 |
Click on any hostname to see more info about the system (e.g. compilers) (*) as reported by 'uname -p', except on Windows and Mac OS X |
Package 1234/2230 | Hostname | OS / Arch | INSTALL | BUILD | CHECK | BUILD BIN | ||||||||
mina 1.13.0 (landing page) Rui Guan
| nebbiolo2 | Linux (Ubuntu 22.04.3 LTS) / x86_64 | OK | OK | WARNINGS | |||||||||
palomino4 | Windows Server 2022 Datacenter / x64 | OK | OK | WARNINGS | OK | |||||||||
merida1 | macOS 12.7.4 Monterey / x86_64 | OK | OK | WARNINGS | OK | |||||||||
kjohnson1 | macOS 13.6.6 Ventura / arm64 | see weekly results here | ||||||||||||
To the developers/maintainers of the mina package: - Allow up to 24 hours (and sometimes 48 hours) for your latest push to git@git.bioconductor.org:packages/mina.git to reflect on this report. See Troubleshooting Build Report for more information. - Use the following Renviron settings to reproduce errors and warnings. - If 'R CMD check' started to fail recently on the Linux builder(s) over a missing dependency, add the missing dependency to 'Suggests:' in your DESCRIPTION file. See Renviron.bioc for more information. |
Package: mina |
Version: 1.13.0 |
Command: /Library/Frameworks/R.framework/Resources/bin/R CMD check --install=check:mina.install-out.txt --library=/Library/Frameworks/R.framework/Resources/library --no-vignettes --timings mina_1.13.0.tar.gz |
StartedAt: 2024-05-02 07:24:18 -0400 (Thu, 02 May 2024) |
EndedAt: 2024-05-02 07:32:06 -0400 (Thu, 02 May 2024) |
EllapsedTime: 468.4 seconds |
RetCode: 0 |
Status: WARNINGS |
CheckDir: mina.Rcheck |
Warnings: 1 |
############################################################################## ############################################################################## ### ### Running command: ### ### /Library/Frameworks/R.framework/Resources/bin/R CMD check --install=check:mina.install-out.txt --library=/Library/Frameworks/R.framework/Resources/library --no-vignettes --timings mina_1.13.0.tar.gz ### ############################################################################## ############################################################################## * using log directory ‘/Users/biocbuild/bbs-3.20-bioc/meat/mina.Rcheck’ * using R version 4.4.0 Patched (2024-04-24 r86482) * using platform: x86_64-apple-darwin20 * R was compiled by Apple clang version 14.0.0 (clang-1400.0.29.202) GNU Fortran (GCC) 12.2.0 * running under: macOS Monterey 12.7.4 * using session charset: UTF-8 * using option ‘--no-vignettes’ * checking for file ‘mina/DESCRIPTION’ ... OK * this is package ‘mina’ version ‘1.13.0’ * package encoding: UTF-8 * checking package namespace information ... OK * checking package dependencies ... OK * checking if this is a source package ... OK * checking if there is a namespace ... OK * checking for hidden files and directories ... OK * checking for portable file names ... OK * checking for sufficient/correct file permissions ... OK * checking whether package ‘mina’ can be installed ... OK * used C++ compiler: ‘Apple clang version 14.0.0 (clang-1400.0.29.202)’ * used SDK: ‘MacOSX11.3.sdk’ * checking installed package size ... NOTE installed size is 8.0Mb sub-directories of 1Mb or more: data 7.4Mb * checking package directory ... OK * checking ‘build’ directory ... OK * checking DESCRIPTION meta-information ... OK * checking top-level files ... OK * checking for left-over files ... OK * checking index information ... OK * checking package subdirectories ... OK * checking code files for non-ASCII characters ... OK * checking R files for syntax errors ... OK * checking whether the package can be loaded ... OK * checking whether the package can be loaded with stated dependencies ... OK * checking whether the package can be unloaded cleanly ... OK * checking whether the namespace can be loaded with stated dependencies ... OK * checking whether the namespace can be unloaded cleanly ... OK * checking dependencies in R code ... OK * checking S3 generic/method consistency ... OK * checking replacement functions ... OK * checking foreign function calls ... OK * checking R code for possible problems ... NOTE sparcc: no visible binding for global variable ‘i’ net_dis_pcoa,character: no visible binding for global variable ‘y’ net_dis_pcoa,character: no visible binding for global variable ‘Group’ net_dis_plot,mina: no visible binding for global variable ‘Group1’ net_dis_plot,mina: no visible binding for global variable ‘Group2’ net_dis_plot,mina: no visible binding for global variable ‘Distance’ net_dis_plot,mina: no visible binding for global variable ‘Sig’ Undefined global functions or variables: Distance Group Group1 Group2 Sig i y * checking Rd files ... NOTE checkRd: (-1) re_format_AP.Rd:10: Lost braces; missing escapes or markup? 10 | \item{x}{an {APResult} object from \pkg{apcluster}.} | ^ * checking Rd metadata ... OK * checking Rd cross-references ... OK * checking for missing documentation entries ... OK * checking for code/documentation mismatches ... OK * checking Rd \usage sections ... OK * checking Rd contents ... OK * checking for unstated dependencies in examples ... OK * checking contents of ‘data’ directory ... OK * checking data for non-ASCII characters ... OK * checking LazyData ... WARNING LazyData DB of 7.4 MB without LazyDataCompression set See §1.1.6 of 'Writing R Extensions' * checking data for ASCII and uncompressed saves ... OK * checking line endings in C/C++/Fortran sources/headers ... OK * checking compiled code ... NOTE Note: information on .o files is not available * checking files in ‘vignettes’ ... OK * checking examples ... OK Examples with CPU (user + system) or elapsed time > 5s user system elapsed net_dis_plot 53.570 8.879 66.295 net_dis-mina 27.246 5.000 33.598 com_plot-mina 20.818 4.006 4.865 dis_stat_accessor 21.194 2.951 26.859 net_cls-mina 20.948 0.593 23.556 bs_pm-mina 12.884 1.502 15.147 net_cls 11.264 0.376 12.495 net_cls-matrix 11.083 0.451 12.632 * checking for unstated dependencies in vignettes ... OK * checking package vignettes ... OK * checking running R code from vignettes ... SKIPPED * checking re-building of vignette outputs ... SKIPPED * checking PDF version of manual ... OK * DONE Status: 1 WARNING, 4 NOTEs See ‘/Users/biocbuild/bbs-3.20-bioc/meat/mina.Rcheck/00check.log’ for details.
mina.Rcheck/00install.out
############################################################################## ############################################################################## ### ### Running command: ### ### /Library/Frameworks/R.framework/Resources/bin/R CMD INSTALL mina ### ############################################################################## ############################################################################## * installing to library ‘/Library/Frameworks/R.framework/Versions/4.4-x86_64/Resources/library’ * installing *source* package ‘mina’ ... ** using staged installation ** libs using C++ compiler: ‘Apple clang version 14.0.0 (clang-1400.0.29.202)’ using SDK: ‘MacOSX11.3.sdk’ clang++ -arch x86_64 -std=gnu++17 -I"/Library/Frameworks/R.framework/Resources/include" -DNDEBUG -I'/Library/Frameworks/R.framework/Versions/4.4-x86_64/Resources/library/Rcpp/include' -I'/Library/Frameworks/R.framework/Versions/4.4-x86_64/Resources/library/RcppParallel/include' -I'/Library/Frameworks/R.framework/Versions/4.4-x86_64/Resources/library/RcppArmadillo/include' -I/opt/R/x86_64/include -fPIC -falign-functions=64 -Wall -g -O2 -c RcppExports.cpp -o RcppExports.o clang++ -arch x86_64 -std=gnu++17 -I"/Library/Frameworks/R.framework/Resources/include" -DNDEBUG -I'/Library/Frameworks/R.framework/Versions/4.4-x86_64/Resources/library/Rcpp/include' -I'/Library/Frameworks/R.framework/Versions/4.4-x86_64/Resources/library/RcppParallel/include' -I'/Library/Frameworks/R.framework/Versions/4.4-x86_64/Resources/library/RcppArmadillo/include' -I/opt/R/x86_64/include -fPIC -falign-functions=64 -Wall -g -O2 -c cp_cor.cpp -o cp_cor.o clang++ -arch x86_64 -std=gnu++17 -dynamiclib -Wl,-headerpad_max_install_names -undefined dynamic_lookup -L/Library/Frameworks/R.framework/Resources/lib -L/opt/R/x86_64/lib -o mina.so RcppExports.o cp_cor.o -F/Library/Frameworks/R.framework/.. -framework R -Wl,-framework -Wl,CoreFoundation installing to /Library/Frameworks/R.framework/Versions/4.4-x86_64/Resources/library/00LOCK-mina/00new/mina/libs ** R ** data *** moving datasets to lazyload DB ** byte-compile and prepare package for lazy loading Creating a new generic function for ‘norm’ in package ‘mina’ ** help *** installing help indices ** building package indices ** installing vignettes ** testing if installed package can be loaded from temporary location ** checking absolute paths in shared objects and dynamic libraries ** testing if installed package can be loaded from final location ** testing if installed package keeps a record of temporary installation path * DONE (mina)
mina.Rcheck/mina-Ex.timings
name | user | system | elapsed | |
adj-matrix | 0.900 | 0.073 | 0.920 | |
adj-mina | 1.157 | 0.060 | 1.173 | |
adj | 1.305 | 0.047 | 1.345 | |
adj_method_list | 0.131 | 0.100 | 0.391 | |
bs_pm-mina | 12.884 | 1.502 | 15.147 | |
bs_pm | 2.554 | 0.306 | 3.207 | |
check_mina | 0.108 | 0.053 | 0.169 | |
check_mina_de | 0.104 | 0.047 | 0.161 | |
check_mina_qu | 0.103 | 0.048 | 0.175 | |
cls_tab | 0.107 | 0.083 | 0.211 | |
com_dis-matrix | 1.912 | 0.036 | 0.737 | |
com_dis-mina | 1.170 | 0.023 | 0.242 | |
com_dis | 1.923 | 0.048 | 0.740 | |
com_dis_list | 0.213 | 0.073 | 0.332 | |
com_plot-mina | 20.818 | 4.006 | 4.865 | |
com_plot | 0.295 | 0.014 | 0.347 | |
com_r2-mina | 2.361 | 0.041 | 1.221 | |
com_r2 | 1.494 | 0.191 | 1.361 | |
data-hmp | 0.002 | 0.003 | 0.006 | |
data-maize | 0.002 | 0.003 | 0.004 | |
des_accessor | 0.005 | 0.001 | 0.009 | |
dis_accessor | 1.139 | 0.012 | 0.187 | |
dis_stat_accessor | 21.194 | 2.951 | 26.859 | |
dmr-matrix | 2.032 | 0.023 | 0.816 | |
dmr-mina | 2.045 | 0.037 | 0.775 | |
dmr | 2.080 | 0.155 | 0.985 | |
dmr_accessor | 2.007 | 0.026 | 0.790 | |
fit_tabs-mina | 1.024 | 0.226 | 1.414 | |
fit_tabs | 1.586 | 0.142 | 1.937 | |
get_net_cls_tab-matrix-data.frame-method | 3.619 | 0.479 | 4.249 | |
get_net_cls_tab | 3.891 | 0.426 | 4.934 | |
get_r2-mat | 2.367 | 0.202 | 1.388 | |
get_r2 | 2.251 | 0.031 | 1.062 | |
get_rep-matrix | 0.438 | 0.012 | 0.485 | |
get_rep-mima | 1.290 | 0.054 | 1.564 | |
hmp_des | 0.002 | 0.002 | 0.003 | |
hmp_otu | 0.001 | 0.002 | 0.004 | |
maize_asv | 0.002 | 0.002 | 0.003 | |
maize_asv2 | 0.001 | 0.002 | 0.003 | |
maize_des | 0.001 | 0.002 | 0.003 | |
maize_des2 | 0.002 | 0.002 | 0.005 | |
mina-class | 0.002 | 0.000 | 0.003 | |
net_cls-matrix | 11.083 | 0.451 | 12.632 | |
net_cls-mina | 20.948 | 0.593 | 23.556 | |
net_cls | 11.264 | 0.376 | 12.495 | |
net_cls_tab-mina-method | 2.873 | 0.104 | 3.395 | |
net_cls_tab | 3.366 | 0.114 | 3.882 | |
net_dis-mina | 27.246 | 5.000 | 33.598 | |
net_dis | 2.460 | 0.510 | 3.464 | |
net_dis_indi | 0.001 | 0.002 | 0.003 | |
net_dis_pcoa | 0.000 | 0.001 | 0.001 | |
net_dis_plot | 53.570 | 8.879 | 66.295 | |
net_grp_cmp | 0.001 | 0.000 | 0.001 | |
net_node_cmp | 0.000 | 0.001 | 0.001 | |
norm_accessor | 0.047 | 0.001 | 0.053 | |
norm_tab-matrix | 1.602 | 0.096 | 1.882 | |
norm_tab-mina | 1.555 | 0.057 | 1.776 | |
norm_tab | 0.050 | 0.001 | 0.052 | |
norm_tab_method_list | 0.105 | 0.046 | 0.176 | |
pcoa_plot | 4.164 | 0.055 | 1.775 | |
sim_par | 0.000 | 0.001 | 0.001 | |
sparcc | 0.001 | 0.000 | 0.001 | |
tab_accessor | 0.000 | 0.002 | 0.002 | |
tina-matrix-method | 0.001 | 0.001 | 0.002 | |
tina | 0.000 | 0.001 | 0.002 | |