Back to Multiple platform build/check report for BioC 3.17:   simplified   long
ABCDEFGHIJKL[M]NOPQRSTUVWXYZ

This page was generated on 2023-03-21 11:07:01 -0400 (Tue, 21 Mar 2023).

HostnameOSArch (*)R versionInstalled pkgs
nebbiolo1Linux (Ubuntu 22.04.1 LTS)x86_64R Under development (unstable) (2023-03-16 r83996) -- "Unsuffered Consequences" 4305
palomino3Windows Server 2022 Datacenterx64R Under development (unstable) (2023-03-15 r83984 ucrt) -- "Unsuffered Consequences" 4287
merida1macOS 10.14.6 Mojavex86_64R Under development (unstable) (2023-03-16 r83985) -- "Unsuffered Consequences" 4286
Click on any hostname to see more info about the system (e.g. compilers)      (*) as reported by 'uname -p', except on Windows and Mac OS X

CHECK results for memes on merida1


To the developers/maintainers of the memes package:
- Please allow up to 24 hours (and sometimes 48 hours) for your latest push to git@git.bioconductor.org:packages/memes.git to
reflect on this report. See How and When does the builder pull? When will my changes propagate? for more information.
- Make sure to use the following settings in order to reproduce any error or warning you see on this page.

raw results

Package 1137/2189HostnameOS / ArchINSTALLBUILDCHECKBUILD BIN
memes 1.7.0  (landing page)
Spencer Nystrom
Snapshot Date: 2023-03-20 14:00:22 -0400 (Mon, 20 Mar 2023)
git_url: https://git.bioconductor.org/packages/memes
git_branch: master
git_last_commit: 34e0e0f
git_last_commit_date: 2022-11-01 11:24:18 -0400 (Tue, 01 Nov 2022)
nebbiolo1Linux (Ubuntu 22.04.1 LTS) / x86_64  OK    OK    WARNINGS  UNNEEDED, same version is already published
palomino3Windows Server 2022 Datacenter / x64  OK    OK    WARNINGS    OK  UNNEEDED, same version is already published
merida1macOS 10.14.6 Mojave / x86_64  OK    OK    WARNINGS    OK  UNNEEDED, same version is already published

Summary

Package: memes
Version: 1.7.0
Command: /Library/Frameworks/R.framework/Resources/bin/R CMD check --install=check:memes.install-out.txt --library=/Library/Frameworks/R.framework/Resources/library --no-vignettes --timings memes_1.7.0.tar.gz
StartedAt: 2023-03-21 03:17:37 -0400 (Tue, 21 Mar 2023)
EndedAt: 2023-03-21 03:23:18 -0400 (Tue, 21 Mar 2023)
EllapsedTime: 340.9 seconds
RetCode: 0
Status:   WARNINGS  
CheckDir: memes.Rcheck
Warnings: 1

Command output

##############################################################################
##############################################################################
###
### Running command:
###
###   /Library/Frameworks/R.framework/Resources/bin/R CMD check --install=check:memes.install-out.txt --library=/Library/Frameworks/R.framework/Resources/library --no-vignettes --timings memes_1.7.0.tar.gz
###
##############################################################################
##############################################################################


* using log directory ‘/Users/biocbuild/bbs-3.17-bioc/meat/memes.Rcheck’
* using R Under development (unstable) (2023-03-16 r83985)
* using platform: x86_64-apple-darwin17.0 (64-bit)
* R was compiled by
    Apple clang version 12.0.0 (clang-1200.0.32.29)
    GNU Fortran (GCC) 8.2.0
* running under: macOS Mojave 10.14.6
* using session charset: UTF-8
* using option ‘--no-vignettes’
* checking for file ‘memes/DESCRIPTION’ ... OK
* checking extension type ... Package
* this is package ‘memes’ version ‘1.7.0’
* package encoding: UTF-8
* checking package namespace information ... OK
* checking package dependencies ... OK
* checking if this is a source package ... OK
* checking if there is a namespace ... OK
* checking for hidden files and directories ... OK
* checking for portable file names ... OK
* checking for sufficient/correct file permissions ... OK
* checking whether package ‘memes’ can be installed ... OK
* checking installed package size ... OK
* checking package directory ... OK
* checking ‘build’ directory ... OK
* checking DESCRIPTION meta-information ... OK
* checking top-level files ... OK
* checking for left-over files ... OK
* checking index information ... OK
* checking package subdirectories ... OK
* checking R files for non-ASCII characters ... OK
* checking R files for syntax errors ... OK
* checking whether the package can be loaded ... OK
* checking whether the package can be loaded with stated dependencies ... OK
* checking whether the package can be unloaded cleanly ... OK
* checking whether the namespace can be loaded with stated dependencies ... OK
* checking whether the namespace can be unloaded cleanly ... OK
* checking dependencies in R code ... OK
* checking S3 generic/method consistency ... WARNING
motif_input:
  function(x, ...)
motif_input.universalmotif_df:
  function(input, path)

motif_input:
  function(x, ...)
motif_input.universalmotif:
  function(input, path)

motif_input:
  function(x, ...)
motif_input.list:
  function(input, path)

motif_input:
  function(x, ...)
motif_input.character:
  function(input, path)

motif_input:
  function(x, ...)
motif_input.data.frame:
  function(input, path)

sequence_input:
  function(x)
sequence_input.DNAStringSet:
  function(input)

sequence_input:
  function(x)
sequence_input.character:
  function(input)

sequence_input:
  function(x)
sequence_input.BStringSet:
  function(input)

sequence_input:
  function(x)
sequence_input.AAStringSet:
  function(input)
See section ‘Generic functions and methods’ in the ‘Writing R
Extensions’ manual.
* checking replacement functions ... OK
* checking foreign function calls ... OK
* checking R code for possible problems ... OK
* checking Rd files ... OK
* checking Rd metadata ... OK
* checking Rd cross-references ... OK
* checking for missing documentation entries ... OK
* checking for code/documentation mismatches ... OK
* checking Rd \usage sections ... OK
* checking Rd contents ... OK
* checking for unstated dependencies in examples ... OK
* checking contents of ‘data’ directory ... OK
* checking data for non-ASCII characters ... OK
* checking LazyData ... OK
* checking data for ASCII and uncompressed saves ... OK
* checking files in ‘vignettes’ ... OK
* checking examples ... OK
Examples with CPU (user + system) or elapsed time > 5s
                        user system elapsed
add_sequence          12.597  0.365  19.946
plot_sequence_heatmap  5.907  0.101   9.118
* checking for unstated dependencies in vignettes ... OK
* checking package vignettes in ‘inst/doc’ ... OK
* checking running R code from vignettes ... SKIPPED
* checking re-building of vignette outputs ... SKIPPED
* checking PDF version of manual ... OK
* DONE

Status: 1 WARNING
See
  ‘/Users/biocbuild/bbs-3.17-bioc/meat/memes.Rcheck/00check.log’
for details.



Installation output

memes.Rcheck/00install.out

##############################################################################
##############################################################################
###
### Running command:
###
###   /Library/Frameworks/R.framework/Resources/bin/R CMD INSTALL memes
###
##############################################################################
##############################################################################


* installing to library ‘/Library/Frameworks/R.framework/Versions/4.3/Resources/library’
* installing *source* package ‘memes’ ...
** using staged installation
** R
** data
*** moving datasets to lazyload DB
** inst
** byte-compile and prepare package for lazy loading
** help
*** installing help indices
*** copying figures
** building package indices
** installing vignettes
** testing if installed package can be loaded from temporary location
** testing if installed package can be loaded from final location
** testing if installed package keeps a record of temporary installation path
* DONE (memes)

Tests output


Example timings

memes.Rcheck/memes-Ex.timings

nameusersystemelapsed
add_sequence12.597 0.36519.946
ame_compare_heatmap_methods2.0130.1513.387
check_meme_install1.3090.0182.068
drop_best_match0.0140.0020.023
example_ame0.1510.0040.250
example_ame_large0.1080.0010.163
force_best_match0.1110.0020.181
get_sequence1.7190.0292.699
has_duplicate_motifs0.3830.0090.640
importAme0.4310.0371.074
importDremeXML0.7910.0321.262
importFimo0.0980.0180.280
importMeme0.2270.0200.372
importStremeXML0.5440.0590.915
importTomTomXML0.8760.0521.370
meme_is_installed0.1060.0020.157
nest_tomtom0.1080.0010.204
plot_ame_heatmap0.8660.0071.351
plot_sequence_heatmap5.9070.1019.118
remove_duplicate_motifs0.0050.0000.019
runAme0.1140.0010.205
runDreme0.1120.0010.183
runFimo0.1110.0010.173
runMeme0.1090.0010.175
runTomTom0.1170.0010.231
update_best_match0.1980.0040.339
view_tomtom_hits2.1230.0193.273
write_fasta0.0030.0010.011