Back to Multiple platform build/check report for BioC 3.17
ABCDEFGH[I]JKLMNOPQRSTUVWXYZ

This page was generated on 2022-11-26 11:09:20 -0500 (Sat, 26 Nov 2022).

HostnameOSArch (*)R versionInstalled pkgs
nebbiolo1Linux (Ubuntu 20.04.5 LTS)x86_64R Under development (unstable) (2022-10-25 r83175) -- "Unsuffered Consequences" 4462
palomino3Windows Server 2022 Datacenterx64R Under development (unstable) (2022-10-11 r83083 ucrt) -- "Unsuffered Consequences" 4201
merida1macOS 10.14.6 Mojavex86_64R Under development (unstable) (2022-11-13 r83342) -- "Unsuffered Consequences" 4231
Click on any hostname to see more info about the system (e.g. compilers)      (*) as reported by 'uname -p', except on Windows and Mac OS X

CHECK results for isomiRs on merida1


To the developers/maintainers of the isomiRs package:
- Please allow up to 24 hours (and sometimes 48 hours) for your latest push to git@git.bioconductor.org:packages/isomiRs.git to
reflect on this report. See How and When does the builder pull? When will my changes propagate? for more information.
- Make sure to use the following settings in order to reproduce any error or warning you see on this page.

raw results

Package 994/2154HostnameOS / ArchINSTALLBUILDCHECKBUILD BIN
isomiRs 1.27.0  (landing page)
Lorena Pantano
Snapshot Date: 2022-11-25 14:00:12 -0500 (Fri, 25 Nov 2022)
git_url: https://git.bioconductor.org/packages/isomiRs
git_branch: master
git_last_commit: 940a697
git_last_commit_date: 2022-11-01 11:13:22 -0500 (Tue, 01 Nov 2022)
nebbiolo1Linux (Ubuntu 20.04.5 LTS) / x86_64  OK    OK    WARNINGS  UNNEEDED, same version is already published
palomino3Windows Server 2022 Datacenter / x64  OK    OK    WARNINGS    OK  NO, package depends on 'SummarizedExperiment' which is not available
merida1macOS 10.14.6 Mojave / x86_64  OK    OK    WARNINGS    OK  NO, package depends on 'DEGreport' which is not available

Summary

Package: isomiRs
Version: 1.27.0
Command: /Library/Frameworks/R.framework/Resources/bin/R CMD check --install=check:isomiRs.install-out.txt --library=/Library/Frameworks/R.framework/Resources/library --no-vignettes --timings isomiRs_1.27.0.tar.gz
StartedAt: 2022-11-26 02:31:22 -0500 (Sat, 26 Nov 2022)
EndedAt: 2022-11-26 02:43:25 -0500 (Sat, 26 Nov 2022)
EllapsedTime: 722.8 seconds
RetCode: 0
Status:   WARNINGS  
CheckDir: isomiRs.Rcheck
Warnings: 1

Command output

##############################################################################
##############################################################################
###
### Running command:
###
###   /Library/Frameworks/R.framework/Resources/bin/R CMD check --install=check:isomiRs.install-out.txt --library=/Library/Frameworks/R.framework/Resources/library --no-vignettes --timings isomiRs_1.27.0.tar.gz
###
##############################################################################
##############################################################################


* using log directory ‘/Users/biocbuild/bbs-3.17-bioc/meat/isomiRs.Rcheck’
* using R Under development (unstable) (2022-11-13 r83342)
* using platform: x86_64-apple-darwin17.0 (64-bit)
* using session charset: UTF-8
* using option ‘--no-vignettes’
* checking for file ‘isomiRs/DESCRIPTION’ ... OK
* checking extension type ... Package
* this is package ‘isomiRs’ version ‘1.27.0’
* package encoding: UTF-8
* checking package namespace information ... OK
* checking package dependencies ... OK
* checking if this is a source package ... OK
* checking if there is a namespace ... OK
* checking for hidden files and directories ... NOTE
Found the following hidden files and directories:
  .travis.yml
These were most likely included in error. See section ‘Package
structure’ in the ‘Writing R Extensions’ manual.
* checking for portable file names ... OK
* checking for sufficient/correct file permissions ... OK
* checking whether package ‘isomiRs’ can be installed ... WARNING
Found the following significant warnings:
  Warning: S3 methods ‘effectiveLibSizes.default’, ‘effectiveLibSizes.DGEList’, ‘effectiveLibSizes.DGEGLM’, ‘effectiveLibSizes.DGELRT’ were declared in NAMESPACE but not found
See ‘/Users/biocbuild/bbs-3.17-bioc/meat/isomiRs.Rcheck/00install.out’ for details.
* checking installed package size ... OK
* checking package directory ... OK
* checking ‘build’ directory ... OK
* checking DESCRIPTION meta-information ... OK
* checking top-level files ... OK
* checking for left-over files ... OK
* checking index information ... OK
* checking package subdirectories ... OK
* checking R files for non-ASCII characters ... OK
* checking R files for syntax errors ... OK
* checking whether the package can be loaded ... OK
* checking whether the package can be loaded with stated dependencies ... OK
* checking whether the package can be unloaded cleanly ... OK
* checking whether the namespace can be loaded with stated dependencies ... OK
* checking whether the namespace can be unloaded cleanly ... OK
* checking dependencies in R code ... OK
* checking S3 generic/method consistency ... OK
* checking replacement functions ... OK
* checking foreign function calls ... OK
* checking R code for possible problems ... NOTE
.clean_noise: no visible binding for global variable ‘total’
.clean_noise: no visible binding for global variable ‘hits’
.remove_gt_n_changes: no visible binding for global variable ‘changes’
isoAnnotate: no visible binding for global variable ‘pct’
isoCounts: no visible global function definition for ‘as.tibble’
isoPlot: no visible binding for global variable ‘iso_sample’
isoPlotPosition: no visible binding for global variable ‘iso_sample’
mirna2targetscan: no visible binding for global variable
  ‘targetscan.Hs.egMIRNA’
mirna2targetscan: no visible binding for global variable
  ‘targetscan.Hs.egMIRBASE2FAMILY’
mirna2targetscan: no visible binding for global variable
  ‘targetscan.Hs.egTARGETS’
mirna2targetscan: no visible binding for global variable
  ‘targetscan.Hs.egTARGETSFULL’
mirna2targetscan: no visible binding for global variable
  ‘targetscan.Mm.egMIRNA’
mirna2targetscan: no visible binding for global variable
  ‘targetscan.Mm.egMIRBASE2FAMILY’
mirna2targetscan: no visible binding for global variable
  ‘targetscan.Mm.egTARGETS’
mirna2targetscan: no visible binding for global variable
  ‘targetscan.Mm.egTARGETSFULL’
Undefined global functions or variables:
  as.tibble changes hits iso_sample pct targetscan.Hs.egMIRBASE2FAMILY
  targetscan.Hs.egMIRNA targetscan.Hs.egTARGETS
  targetscan.Hs.egTARGETSFULL targetscan.Mm.egMIRBASE2FAMILY
  targetscan.Mm.egMIRNA targetscan.Mm.egTARGETS
  targetscan.Mm.egTARGETSFULL total
* checking Rd files ... OK
* checking Rd metadata ... OK
* checking Rd cross-references ... OK
* checking for missing documentation entries ... OK
* checking for code/documentation mismatches ... OK
* checking Rd \usage sections ... OK
* checking Rd contents ... OK
* checking for unstated dependencies in examples ... OK
* checking contents of ‘data’ directory ... OK
* checking data for non-ASCII characters ... OK
* checking LazyData ... OK
* checking data for ASCII and uncompressed saves ... OK
* checking files in ‘vignettes’ ... OK
* checking examples ... OK
Examples with CPU (user + system) or elapsed time > 5s
                           user system elapsed
isoNetwork               22.336  0.230  30.530
isoDE                    12.317  0.070  16.790
isoAnnotate              10.005  0.201  13.631
IsomirDataSeqFromRawData  9.436  0.073  12.876
IsomirDataSeqFromFiles    9.435  0.064  12.704
IsomirDataSeq             7.511  0.124  10.450
IsomirDataSeqFromMirtop   5.677  0.030   7.590
mirna2targetscan          4.116  0.085   5.847
* checking for unstated dependencies in ‘tests’ ... OK
* checking tests ...
  Running ‘testthat.R’
 OK
* checking for unstated dependencies in vignettes ... OK
* checking package vignettes in ‘inst/doc’ ... OK
* checking running R code from vignettes ... SKIPPED
* checking re-building of vignette outputs ... SKIPPED
* checking PDF version of manual ... OK
* DONE

Status: 1 WARNING, 2 NOTEs
See
  ‘/Users/biocbuild/bbs-3.17-bioc/meat/isomiRs.Rcheck/00check.log’
for details.



Installation output

isomiRs.Rcheck/00install.out

##############################################################################
##############################################################################
###
### Running command:
###
###   /Library/Frameworks/R.framework/Resources/bin/R CMD INSTALL isomiRs
###
##############################################################################
##############################################################################


* installing to library ‘/Library/Frameworks/R.framework/Versions/4.3/Resources/library’
* installing *source* package ‘isomiRs’ ...
** using staged installation
** R
** data
*** moving datasets to lazyload DB
Registered S3 method overwritten by 'GGally':
  method from   
  +.gg   ggplot2
Warning: S3 methods ‘effectiveLibSizes.default’, ‘effectiveLibSizes.DGEList’, ‘effectiveLibSizes.DGEGLM’, ‘effectiveLibSizes.DGELRT’ were declared in NAMESPACE but not found
** inst
** byte-compile and prepare package for lazy loading
Warning: S3 methods ‘effectiveLibSizes.default’, ‘effectiveLibSizes.DGEList’, ‘effectiveLibSizes.DGEGLM’, ‘effectiveLibSizes.DGELRT’ were declared in NAMESPACE but not found
** help
*** installing help indices
** building package indices
** installing vignettes
** testing if installed package can be loaded from temporary location
Warning: S3 methods ‘effectiveLibSizes.default’, ‘effectiveLibSizes.DGEList’, ‘effectiveLibSizes.DGEGLM’, ‘effectiveLibSizes.DGELRT’ were declared in NAMESPACE but not found
** testing if installed package can be loaded from final location
Warning: S3 methods ‘effectiveLibSizes.default’, ‘effectiveLibSizes.DGEList’, ‘effectiveLibSizes.DGEGLM’, ‘effectiveLibSizes.DGELRT’ were declared in NAMESPACE but not found
** testing if installed package keeps a record of temporary installation path
* DONE (isomiRs)

Tests output

isomiRs.Rcheck/tests/testthat.Rout


R Under development (unstable) (2022-11-13 r83342) -- "Unsuffered Consequences"
Copyright (C) 2022 The R Foundation for Statistical Computing
Platform: x86_64-apple-darwin17.0 (64-bit)

R is free software and comes with ABSOLUTELY NO WARRANTY.
You are welcome to redistribute it under certain conditions.
Type 'license()' or 'licence()' for distribution details.

R is a collaborative project with many contributors.
Type 'contributors()' for more information and
'citation()' on how to cite R or R packages in publications.

Type 'demo()' for some demos, 'help()' for on-line help, or
'help.start()' for an HTML browser interface to help.
Type 'q()' to quit R.

> library(testthat)
> library(isomiRs)
Loading required package: SummarizedExperiment
Loading required package: MatrixGenerics
Loading required package: matrixStats

Attaching package: 'MatrixGenerics'

The following objects are masked from 'package:matrixStats':

    colAlls, colAnyNAs, colAnys, colAvgsPerRowSet, colCollapse,
    colCounts, colCummaxs, colCummins, colCumprods, colCumsums,
    colDiffs, colIQRDiffs, colIQRs, colLogSumExps, colMadDiffs,
    colMads, colMaxs, colMeans2, colMedians, colMins, colOrderStats,
    colProds, colQuantiles, colRanges, colRanks, colSdDiffs, colSds,
    colSums2, colTabulates, colVarDiffs, colVars, colWeightedMads,
    colWeightedMeans, colWeightedMedians, colWeightedSds,
    colWeightedVars, rowAlls, rowAnyNAs, rowAnys, rowAvgsPerColSet,
    rowCollapse, rowCounts, rowCummaxs, rowCummins, rowCumprods,
    rowCumsums, rowDiffs, rowIQRDiffs, rowIQRs, rowLogSumExps,
    rowMadDiffs, rowMads, rowMaxs, rowMeans2, rowMedians, rowMins,
    rowOrderStats, rowProds, rowQuantiles, rowRanges, rowRanks,
    rowSdDiffs, rowSds, rowSums2, rowTabulates, rowVarDiffs, rowVars,
    rowWeightedMads, rowWeightedMeans, rowWeightedMedians,
    rowWeightedSds, rowWeightedVars

Loading required package: GenomicRanges
Loading required package: stats4
Loading required package: BiocGenerics

Attaching package: 'BiocGenerics'

The following objects are masked from 'package:stats':

    IQR, mad, sd, var, xtabs

The following objects are masked from 'package:base':

    Filter, Find, Map, Position, Reduce, anyDuplicated, aperm, append,
    as.data.frame, basename, cbind, colnames, dirname, do.call,
    duplicated, eval, evalq, get, grep, grepl, intersect, is.unsorted,
    lapply, mapply, match, mget, order, paste, pmax, pmax.int, pmin,
    pmin.int, rank, rbind, rownames, sapply, setdiff, sort, table,
    tapply, union, unique, unsplit, which.max, which.min

Loading required package: S4Vectors

Attaching package: 'S4Vectors'

The following objects are masked from 'package:base':

    I, expand.grid, unname

Loading required package: IRanges
Loading required package: GenomeInfoDb
Loading required package: Biobase
Welcome to Bioconductor

    Vignettes contain introductory material; view with
    'browseVignettes()'. To cite Bioconductor, see
    'citation("Biobase")', and for packages 'citation("pkgname")'.


Attaching package: 'Biobase'

The following object is masked from 'package:MatrixGenerics':

    rowMedians

The following objects are masked from 'package:matrixStats':

    anyMissing, rowMedians

Warning message:
S3 methods 'effectiveLibSizes.default', 'effectiveLibSizes.DGEList', 'effectiveLibSizes.DGEGLM', 'effectiveLibSizes.DGELRT' were declared in NAMESPACE but not found 
> 
> test_check("isomiRs")
Dimmension of cor matrix: 20 20 
Dimmension of cor matrix: 3 2 
Dimmension of cor matrix: 3 2 
Dimmension of cor matrix: 0 0 
[ FAIL 0 | WARN 7 | SKIP 0 | PASS 25 ]

[ FAIL 0 | WARN 7 | SKIP 0 | PASS 25 ]
> 
> proc.time()
   user  system elapsed 
 33.597   1.175  47.478 

Example timings

isomiRs.Rcheck/isomiRs-Ex.timings

nameusersystemelapsed
IsomirDataSeq 7.511 0.12410.450
IsomirDataSeqFromFiles 9.435 0.06412.704
IsomirDataSeqFromMirtop5.6770.0307.590
IsomirDataSeqFromRawData 9.436 0.07312.876
counts0.1840.0180.276
design0.3180.0170.457
findTargets0.1840.0040.265
isoAnnotate10.005 0.20113.631
isoCounts1.2370.0251.667
isoDE12.317 0.07016.790
isoNetwork22.336 0.23030.530
isoNorm3.4550.0224.888
isoPlot1.5890.0222.147
isoPlotPosition1.1080.0181.516
isoSelect0.3030.0090.436
isoTop0.4510.0200.632
mirna2targetscan4.1160.0855.847