Back to Multiple platform build/check report for BioC 3.15
ABCDEFG[H]IJKLMNOPQRSTUVWXYZ

This page was generated on 2022-01-18 11:11:12 -0500 (Tue, 18 Jan 2022).

HostnameOSArch (*)R versionInstalled pkgs
nebbiolo1Linux (Ubuntu 20.04.4 LTS)x86_64R Under development (unstable) (2022-01-05 r81451) -- "Unsuffered Consequences" 4161
riesling1Windows Server 2019 Standardx64R Under development (unstable) (2021-11-21 r81221) -- "Unsuffered Consequences" 4056
palomino3Windows Server 2022 Datacenterx64R Under development (unstable) (2021-12-21 r81400 ucrt) -- "Unsuffered Consequences" 3998
merida1macOS 10.14.6 Mojavex86_64R Under development (unstable) (2022-01-05 r81451) -- "Unsuffered Consequences" 4115
Click on any hostname to see more info about the system (e.g. compilers)      (*) as reported by 'uname -p', except on Windows and Mac OS X

CHECK results for h5vc on merida1


To the developers/maintainers of the h5vc package:
- Please allow up to 24 hours (and sometimes 48 hours) for your latest push to git@git.bioconductor.org:packages/h5vc.git to
reflect on this report. See How and When does the builder pull? When will my changes propagate? here for more information.
- Make sure to use the following settings in order to reproduce any error or warning you see on this page.

raw results

Package 847/2074HostnameOS / ArchINSTALLBUILDCHECKBUILD BIN
h5vc 2.29.0  (landing page)
Paul Theodor Pyl
Snapshot Date: 2022-01-17 13:55:17 -0500 (Mon, 17 Jan 2022)
git_url: https://git.bioconductor.org/packages/h5vc
git_branch: master
git_last_commit: 08307f2
git_last_commit_date: 2021-10-26 12:10:50 -0500 (Tue, 26 Oct 2021)
nebbiolo1Linux (Ubuntu 20.04.4 LTS) / x86_64  OK    OK    WARNINGS  UNNEEDED, same version is already published
riesling1Windows Server 2019 Standard / x64  OK    OK    WARNINGS    OK  
palomino3Windows Server 2022 Datacenter / x64  OK    OK    WARNINGS    OK  NO, package depends on 'S4Vectors' which is not available
merida1macOS 10.14.6 Mojave / x86_64  OK    OK    WARNINGS    OK  UNNEEDED, same version is already published

Summary

Package: h5vc
Version: 2.29.0
Command: /Library/Frameworks/R.framework/Resources/bin/R CMD check --install=check:h5vc.install-out.txt --library=/Library/Frameworks/R.framework/Resources/library --no-vignettes --timings h5vc_2.29.0.tar.gz
StartedAt: 2022-01-18 01:36:54 -0500 (Tue, 18 Jan 2022)
EndedAt: 2022-01-18 01:42:09 -0500 (Tue, 18 Jan 2022)
EllapsedTime: 314.9 seconds
RetCode: 0
Status:   WARNINGS  
CheckDir: h5vc.Rcheck
Warnings: 1

Command output

##############################################################################
##############################################################################
###
### Running command:
###
###   /Library/Frameworks/R.framework/Resources/bin/R CMD check --install=check:h5vc.install-out.txt --library=/Library/Frameworks/R.framework/Resources/library --no-vignettes --timings h5vc_2.29.0.tar.gz
###
##############################################################################
##############################################################################


* using log directory ‘/Users/biocbuild/bbs-3.15-bioc/meat/h5vc.Rcheck’
* using R Under development (unstable) (2022-01-05 r81451)
* using platform: x86_64-apple-darwin17.0 (64-bit)
* using session charset: UTF-8
* using option ‘--no-vignettes’
* checking for file ‘h5vc/DESCRIPTION’ ... OK
* checking extension type ... Package
* this is package ‘h5vc’ version ‘2.29.0’
* checking package namespace information ... OK
* checking package dependencies ... OK
* checking if this is a source package ... OK
* checking if there is a namespace ... OK
* checking for hidden files and directories ... NOTE
Found the following hidden files and directories:
  .git_fetch_output.txt
  .git_merge_output.txt
These were most likely included in error. See section ‘Package
structure’ in the ‘Writing R Extensions’ manual.
* checking for portable file names ... OK
* checking for sufficient/correct file permissions ... OK
* checking whether package ‘h5vc’ can be installed ... WARNING
Found the following significant warnings:
  Warning: replacing previous import ‘Biostrings::pattern’ by ‘grid::pattern’ when loading ‘h5vc’
See ‘/Users/biocbuild/bbs-3.15-bioc/meat/h5vc.Rcheck/00install.out’ for details.
* checking installed package size ... OK
* checking package directory ... OK
* checking ‘build’ directory ... OK
* checking DESCRIPTION meta-information ... NOTE
Versioned 'LinkingTo' value for ‘Rhtslib’ is only usable in R >= 3.0.2
* checking top-level files ... OK
* checking for left-over files ... OK
* checking index information ... OK
* checking package subdirectories ... OK
* checking R files for non-ASCII characters ... OK
* checking R files for syntax errors ... OK
* checking whether the package can be loaded ... OK
* checking whether the package can be loaded with stated dependencies ... OK
* checking whether the package can be unloaded cleanly ... OK
* checking whether the namespace can be loaded with stated dependencies ... OK
* checking whether the namespace can be unloaded cleanly ... OK
* checking dependencies in R code ... OK
* checking S3 generic/method consistency ... OK
* checking replacement functions ... OK
* checking foreign function calls ... OK
* checking R code for possible problems ... NOTE
.h5dapplyIRanges: no visible binding for global variable ‘Sample’
binnedAFs : <anonymous>: no visible global function definition for
  ‘hist’
callVariantsPaired : <anonymous> : <anonymous>: no visible global
  function definition for ‘binom.test’
callVariantsPairedFisher : <anonymous> : <anonymous> : <anonymous>: no
  visible global function definition for ‘fisher.test’
callVariantsPairedFisher : <anonymous> : <anonymous>: no visible
  binding for global variable ‘pValue’
callVariantsPairedFisher : <anonymous> : <anonymous>: no visible
  binding for global variable ‘BlockID’
callVariantsSingle : <anonymous> : <anonymous>: no visible binding for
  global variable ‘Support’
callVariantsSingle : <anonymous> : <anonymous>: no visible binding for
  global variable ‘AF’
callVariantsSingle : <anonymous> : <anonymous>: no visible binding for
  global variable ‘SupFwd’
callVariantsSingle : <anonymous> : <anonymous>: no visible binding for
  global variable ‘SupRev’
callVariantsSingle : <anonymous> : <anonymous> : binom.test.safe: no
  visible global function definition for ‘binom.test’
callVariantsSingle : <anonymous> : <anonymous> : <anonymous>: no
  visible global function definition for ‘fisher.test’
callVariantsSingle : <anonymous> : <anonymous>: no visible binding for
  global variable ‘BlockID’
mergeTallyFiles : <anonymous>: no visible binding for global variable
  ‘group’
mergeTallyFiles: no visible binding for global variable ‘SourceFile’
mismatchPlot: no visible binding for global variable ‘Sample’
plotMutationSpectrum: no visible binding for global variable
  ‘altAllele’
plotMutationSpectrum: no visible binding for global variable ‘tmp’
rerunBatchTallies: no visible binding for global variable ‘regID’
resizeCohort: no visible binding for global variable ‘newSamples’
tallyRangesBatch : <anonymous>: no visible binding for global variable
  ‘bamFiles’
tallyRangesBatch: no visible binding for global variable ‘verbose’
Undefined global functions or variables:
  AF BlockID Sample SourceFile SupFwd SupRev Support altAllele bamFiles
  binom.test fisher.test group hist newSamples pValue regID tmp verbose
Consider adding
  importFrom("graphics", "hist")
  importFrom("stats", "binom.test", "fisher.test")
to your NAMESPACE file.
* checking Rd files ... OK
* checking Rd metadata ... OK
* checking Rd cross-references ... OK
* checking for missing documentation entries ... OK
* checking for code/documentation mismatches ... OK
* checking Rd \usage sections ... OK
* checking Rd contents ... OK
* checking for unstated dependencies in examples ... OK
* checking contents of ‘data’ directory ... OK
* checking data for non-ASCII characters ... OK
* checking data for ASCII and uncompressed saves ... OK
* checking line endings in C/C++/Fortran sources/headers ... OK
* checking line endings in Makefiles ... OK
* checking compilation flags in Makevars ... OK
* checking for GNU extensions in Makefiles ... NOTE
GNU make is a SystemRequirements.
* checking for portable use of $(BLAS_LIBS) and $(LAPACK_LIBS) ... OK
* checking use of PKG_*FLAGS in Makefiles ... OK
* checking compiled code ... NOTE
Note: information on .o files is not available
File ‘/Library/Frameworks/R.framework/Versions/4.2/Resources/library/h5vc/libs/h5vc.so’:
  Found ‘___assert_rtn’, possibly from ‘assert’ (C)
  Found ‘___stderrp’, possibly from ‘stderr’ (C)
  Found ‘___stdoutp’, possibly from ‘stdout’ (C)
  Found ‘_abort’, possibly from ‘abort’ (C)
  Found ‘_exit’, possibly from ‘exit’ (C)
  Found ‘_printf’, possibly from ‘printf’ (C)
  Found ‘_putchar’, possibly from ‘putchar’ (C)
  Found ‘_puts’, possibly from ‘printf’ (C), ‘puts’ (C)
  Found ‘_srand48’, possibly from ‘srand48’ (C)

Compiled code should not call entry points which might terminate R nor
write to stdout/stderr instead of to the console, nor use Fortran I/O
nor system RNGs. The detected symbols are linked into the code but
might come from libraries and not actually be called.

See ‘Writing portable packages’ in the ‘Writing R Extensions’ manual.
* checking installed files from ‘inst/doc’ ... OK
* checking files in ‘vignettes’ ... OK
* checking examples ... OK
Examples with CPU (user + system) or elapsed time > 5s
                       user system elapsed
applyTallies         17.241  1.829  18.021
callVariantsFisher   17.537  0.092  17.654
writeToTallyFile     12.974  4.130  17.094
tallyRanges           9.175  3.319  11.880
mismatchPlot          8.189  0.093   8.300
plotMutationSpectrum  6.583  0.880   7.971
binnedAFs             6.392  0.577   7.004
mutationSpectrum      4.143  1.217   5.668
coverage              4.822  0.221   5.055
* checking for unstated dependencies in ‘tests’ ... OK
* checking tests ...
  Running ‘runTests.R’
 OK
* checking for unstated dependencies in vignettes ... OK
* checking package vignettes in ‘inst/doc’ ... OK
* checking running R code from vignettes ... SKIPPED
* checking re-building of vignette outputs ... SKIPPED
* checking PDF version of manual ... OK
* DONE

Status: 1 WARNING, 5 NOTEs
See
  ‘/Users/biocbuild/bbs-3.15-bioc/meat/h5vc.Rcheck/00check.log’
for details.



Installation output

h5vc.Rcheck/00install.out

##############################################################################
##############################################################################
###
### Running command:
###
###   /Library/Frameworks/R.framework/Resources/bin/R CMD INSTALL h5vc
###
##############################################################################
##############################################################################


* installing to library ‘/Library/Frameworks/R.framework/Versions/4.2/Resources/library’
* installing *source* package ‘h5vc’ ...
** using staged installation
** libs
clang -mmacosx-version-min=10.13 -I"/Library/Frameworks/R.framework/Resources/include" -DNDEBUG -D_FILE_OFFSET_BITS=64 -I'/Library/Frameworks/R.framework/Versions/4.2/Resources/library/Rhtslib/include' -I/usr/local/include   -fPIC  -Wall -g -O2  -c bam.c -o bam.o
clang -mmacosx-version-min=10.13 -I"/Library/Frameworks/R.framework/Resources/include" -DNDEBUG -D_FILE_OFFSET_BITS=64 -I'/Library/Frameworks/R.framework/Versions/4.2/Resources/library/Rhtslib/include' -I/usr/local/include   -fPIC  -Wall -g -O2  -c bam_plbuf.c -o bam_plbuf.o
clang -mmacosx-version-min=10.13 -I"/Library/Frameworks/R.framework/Resources/include" -DNDEBUG -D_FILE_OFFSET_BITS=64 -I'/Library/Frameworks/R.framework/Versions/4.2/Resources/library/Rhtslib/include' -I/usr/local/include   -fPIC  -Wall -g -O2  -c sam.c -o sam.o
clang++ -mmacosx-version-min=10.13 -std=gnu++14 -I"/Library/Frameworks/R.framework/Resources/include" -DNDEBUG -D_FILE_OFFSET_BITS=64 -I'/Library/Frameworks/R.framework/Versions/4.2/Resources/library/Rhtslib/include' -I/usr/local/include   -fPIC  -Wall -g -O2  -c tallyBAM.cpp -o tallyBAM.o
tallyBAM.cpp:47:7: warning: unused variable 'len' [-Wunused-variable]
  int len = nttable->end - nttable->beg;
      ^
tallyBAM.cpp:60:18: warning: variable 'c' is used uninitialized whenever 'if' condition is false [-Wsometimes-uninitialized]
        }else if(p->indel > 0){
                 ^~~~~~~~~~~~
tallyBAM.cpp:64:16: note: uninitialized use occurs here
        str += c;
               ^
tallyBAM.cpp:60:15: note: remove the 'if' if its condition is always true
        }else if(p->indel > 0){
              ^~~~~~~~~~~~~~~~
tallyBAM.cpp:55:15: note: initialize the variable 'c' to silence this warning
        char c;
              ^
               = '\0'
tallyBAM.cpp:96:7: warning: unused variable 'len' [-Wunused-variable]
  int len = nttable->end - nttable->beg;
      ^
tallyBAM.cpp:140:6: warning: unused variable 'c' [-Wunused-variable]
        int c = 0;
            ^
tallyBAM.cpp:43:12: warning: unused function 'pileup_func_old' [-Wunused-function]
static int pileup_func_old(uint32_t tid, uint32_t pos, int n, const bam_pileup1_t *pl, void *data)
           ^
5 warnings generated.
clang++ -mmacosx-version-min=10.13 -std=gnu++14 -dynamiclib -Wl,-headerpad_max_install_names -undefined dynamic_lookup -single_module -multiply_defined suppress -L/Library/Frameworks/R.framework/Resources/lib -L/usr/local/lib -o h5vc.so bam.o bam_plbuf.o sam.o tallyBAM.o /Library/Frameworks/R.framework/Versions/4.2/Resources/library/Rhtslib/usrlib/libhts.a -lcurl -F/Library/Frameworks/R.framework/.. -framework R -Wl,-framework -Wl,CoreFoundation
installing to /Library/Frameworks/R.framework/Versions/4.2/Resources/library/00LOCK-h5vc/00new/h5vc/libs
** R
** data
** inst
** byte-compile and prepare package for lazy loading
Warning: replacing previous import ‘Biostrings::pattern’ by ‘grid::pattern’ when loading ‘h5vc’
** help
*** installing help indices
** building package indices
** installing vignettes
** testing if installed package can be loaded from temporary location
Warning: replacing previous import ‘Biostrings::pattern’ by ‘grid::pattern’ when loading ‘h5vc’
** checking absolute paths in shared objects and dynamic libraries
** testing if installed package can be loaded from final location
Warning: replacing previous import ‘Biostrings::pattern’ by ‘grid::pattern’ when loading ‘h5vc’
** testing if installed package keeps a record of temporary installation path
* DONE (h5vc)

Tests output

h5vc.Rcheck/tests/runTests.Rout


R Under development (unstable) (2022-01-05 r81451) -- "Unsuffered Consequences"
Copyright (C) 2022 The R Foundation for Statistical Computing
Platform: x86_64-apple-darwin17.0 (64-bit)

R is free software and comes with ABSOLUTELY NO WARRANTY.
You are welcome to redistribute it under certain conditions.
Type 'license()' or 'licence()' for distribution details.

R is a collaborative project with many contributors.
Type 'contributors()' for more information and
'citation()' on how to cite R or R packages in publications.

Type 'demo()' for some demos, 'help()' for on-line help, or
'help.start()' for an HTML browser interface to help.
Type 'q()' to quit R.

> BiocGenerics:::testPackage("h5vc")


RUNIT TEST PROTOCOL -- Tue Jan 18 01:41:59 2022 
*********************************************** 
Number of test functions: 1 
Number of errors: 0 
Number of failures: 0 

 
1 Test Suite : 
h5vc RUnit Tests - 1 test function, 0 errors, 0 failures
Number of test functions: 1 
Number of errors: 0 
Number of failures: 0 
Warning message:
replacing previous import 'Biostrings::pattern' by 'grid::pattern' when loading 'h5vc' 
> 
> proc.time()
   user  system elapsed 
  8.852   0.458  10.122 

Example timings

h5vc.Rcheck/h5vc-Ex.timings

nameusersystemelapsed
applyTallies17.241 1.82918.021
batchTallies000
binGenome0.4130.0490.465
binnedAFs6.3920.5777.004
callVariants0.8740.0740.965
callVariantsFisher17.537 0.09217.654
callVariantsSingle1.5550.0651.623
coverage4.8220.2215.055
geom_h5vc1.1010.0201.122
getSampleData0.0620.0700.139
h5dapply1.5020.0381.543
h5readBlock0.3120.0220.334
helpers0.2190.0100.230
mergeTallies1.4830.0551.539
mergeTallyFiles000
mismatchPlot8.1890.0938.300
mutationSpectrum4.1431.2175.668
plotMutationSpectrum6.5830.8807.971
prepareForHDF51.4710.0271.571
prepareTallyFile0.1790.0370.235
tallyBAM0.0750.0020.086
tallyRanges 9.175 3.31911.880
writeReference0.4980.0880.607
writeToTallyFile12.974 4.13017.094