Back to Multiple platform build/check report for BioC 3.19: simplified long |
|
This page was generated on 2024-03-28 11:40:27 -0400 (Thu, 28 Mar 2024).
Hostname | OS | Arch (*) | R version | Installed pkgs |
---|---|---|---|---|
nebbiolo1 | Linux (Ubuntu 22.04.3 LTS) | x86_64 | R Under development (unstable) (2024-03-18 r86148) -- "Unsuffered Consequences" | 4708 |
palomino3 | Windows Server 2022 Datacenter | x64 | R Under development (unstable) (2024-03-16 r86144 ucrt) -- "Unsuffered Consequences" | 4446 |
lconway | macOS 12.7.1 Monterey | x86_64 | R Under development (unstable) (2024-03-18 r86148) -- "Unsuffered Consequences" | 4471 |
kunpeng2 | Linux (openEuler 22.03 LTS-SP1) | aarch64 | R Under development (unstable) (2024-03-19 r86153) -- "Unsuffered Consequences" | 4426 |
Click on any hostname to see more info about the system (e.g. compilers) (*) as reported by 'uname -p', except on Windows and Mac OS X |
Package 370/2270 | Hostname | OS / Arch | INSTALL | BUILD | CHECK | BUILD BIN | ||||||||
clusterExperiment 2.23.0 (landing page) Elizabeth Purdom
| nebbiolo1 | Linux (Ubuntu 22.04.3 LTS) / x86_64 | OK | OK | WARNINGS | |||||||||
palomino3 | Windows Server 2022 Datacenter / x64 | OK | OK | WARNINGS | OK | |||||||||
lconway | macOS 12.7.1 Monterey / x86_64 | OK | OK | WARNINGS | OK | |||||||||
kunpeng2 | Linux (openEuler 22.03 LTS-SP1) / aarch64 | OK | OK | WARNINGS | ||||||||||
To the developers/maintainers of the clusterExperiment package: - Allow up to 24 hours (and sometimes 48 hours) for your latest push to git@git.bioconductor.org:packages/clusterExperiment.git to reflect on this report. See Troubleshooting Build Report for more information. - Use the following Renviron settings to reproduce errors and warnings. - If 'R CMD check' started to fail recently on the Linux builder(s) over a missing dependency, add the missing dependency to 'Suggests:' in your DESCRIPTION file. See Renviron.bioc for more information. - See Martin Grigorov's blog post for how to debug Linux ARM64 related issues on a x86_64 host. |
Package: clusterExperiment |
Version: 2.23.0 |
Command: /home/biocbuild/R/R-4.4-devel-2024.03.20/bin/R CMD check --install=check:clusterExperiment.install-out.txt --library=/home/biocbuild/R/R-4.4-devel-2024.03.20/site-library --no-vignettes --timings clusterExperiment_2.23.0.tar.gz |
StartedAt: 2024-03-28 03:55:26 -0000 (Thu, 28 Mar 2024) |
EndedAt: 2024-03-28 04:20:12 -0000 (Thu, 28 Mar 2024) |
EllapsedTime: 1486.7 seconds |
RetCode: 0 |
Status: WARNINGS |
CheckDir: clusterExperiment.Rcheck |
Warnings: 1 |
############################################################################## ############################################################################## ### ### Running command: ### ### /home/biocbuild/R/R-4.4-devel-2024.03.20/bin/R CMD check --install=check:clusterExperiment.install-out.txt --library=/home/biocbuild/R/R-4.4-devel-2024.03.20/site-library --no-vignettes --timings clusterExperiment_2.23.0.tar.gz ### ############################################################################## ############################################################################## * using log directory ‘/home/biocbuild/bbs-3.19-bioc/meat/clusterExperiment.Rcheck’ * using R Under development (unstable) (2024-03-19 r86153) * using platform: aarch64-unknown-linux-gnu * R was compiled by gcc (GCC) 10.3.1 GNU Fortran (GCC) 10.3.1 * running under: openEuler 22.03 (LTS-SP1) * using session charset: UTF-8 * using option ‘--no-vignettes’ * checking for file ‘clusterExperiment/DESCRIPTION’ ... OK * this is package ‘clusterExperiment’ version ‘2.23.0’ * package encoding: UTF-8 * checking package namespace information ... OK * checking package dependencies ... OK * checking if this is a source package ... OK * checking if there is a namespace ... OK * checking for hidden files and directories ... NOTE Found the following hidden files and directories: .BBSoptions These were most likely included in error. See section ‘Package structure’ in the ‘Writing R Extensions’ manual. * checking for portable file names ... OK * checking for sufficient/correct file permissions ... OK * checking whether package ‘clusterExperiment’ can be installed ... OK * used C++ compiler: ‘g++ (GCC) 10.3.1’ * checking C++ specification ... NOTE Specified C++11: please drop specification unless essential * checking installed package size ... NOTE installed size is 7.8Mb sub-directories of 1Mb or more: R 1.3Mb data 3.6Mb libs 2.4Mb * checking package directory ... OK * checking ‘build’ directory ... OK * checking DESCRIPTION meta-information ... OK * checking top-level files ... OK * checking for left-over files ... OK * checking index information ... OK * checking package subdirectories ... OK * checking code files for non-ASCII characters ... OK * checking R files for syntax errors ... OK * checking whether the package can be loaded ... OK * checking whether the package can be loaded with stated dependencies ... OK * checking whether the package can be unloaded cleanly ... OK * checking whether the namespace can be loaded with stated dependencies ... OK * checking whether the namespace can be unloaded cleanly ... OK * checking loading without being on the library search path ... OK * checking dependencies in R code ... OK * checking S3 generic/method consistency ... OK * checking replacement functions ... OK * checking foreign function calls ... NOTE Foreign function calls to a different package: .C(ape::node_depth, ...) .C(ape::node_depth_edgelength, ...) .C(ape::node_height, ...) .C(ape::node_height_clado, ...) See chapter ‘System and foreign language interfaces’ in the ‘Writing R Extensions’ manual. * checking R code for possible problems ... OK * checking Rd files ... NOTE checkRd: (-1) ClusterExperiment-class.Rd:175-178: Lost braces in \itemize; meant \describe ? checkRd: (-1) ClusterExperiment-class.Rd:179-180: Lost braces in \itemize; meant \describe ? checkRd: (-1) ClusterFunction-class.Rd:70: Lost braces in \itemize; meant \describe ? checkRd: (-1) ClusterFunction-class.Rd:71-77: Lost braces in \itemize; meant \describe ? checkRd: (-1) ClusterFunction-class.Rd:78-84: Lost braces in \itemize; meant \describe ? checkRd: (-1) ClusterFunction-class.Rd:85-94: Lost braces in \itemize; meant \describe ? checkRd: (-1) ClusterFunction-class.Rd:95-97: Lost braces in \itemize; meant \describe ? checkRd: (-1) ClusterFunction-class.Rd:98-99: Lost braces in \itemize; meant \describe ? checkRd: (-1) ClusterFunction-class.Rd:104-105: Lost braces in \itemize; meant \describe ? checkRd: (-1) ClusterFunction-class.Rd:106: Lost braces in \itemize; meant \describe ? checkRd: (-1) ClusterFunction-class.Rd:107-111: Lost braces in \itemize; meant \describe ? checkRd: (-1) builtInClusteringFunctions.Rd:60-63: Lost braces in \itemize; meant \describe ? checkRd: (-1) builtInClusteringFunctions.Rd:64-73: Lost braces in \itemize; meant \describe ? checkRd: (-1) builtInClusteringFunctions.Rd:74-77: Lost braces in \itemize; meant \describe ? checkRd: (-1) builtInClusteringFunctions.Rd:78: Lost braces in \itemize; meant \describe ? checkRd: (-1) builtInClusteringFunctions.Rd:79-92: Lost braces in \itemize; meant \describe ? checkRd: (-1) builtInClusteringFunctions.Rd:93-96: Lost braces in \itemize; meant \describe ? checkRd: (-1) builtInClusteringFunctions.Rd:97-105: Lost braces in \itemize; meant \describe ? checkRd: (-1) builtInClusteringFunctions.Rd:106-110: Lost braces in \itemize; meant \describe ? checkRd: (-1) clusterContrasts.Rd:55-59: Lost braces in \itemize; \value handles \item{}{} directly checkRd: (-1) clusterContrasts.Rd:60-61: Lost braces in \itemize; \value handles \item{}{} directly checkRd: (-1) clusterDendrogram.Rd:125-132: Lost braces in \itemize; meant \describe ? checkRd: (-1) clusterDendrogram.Rd:133-150: Lost braces in \itemize; meant \describe ? checkRd: (-1) clusterDendrogram.Rd:137-138: Lost braces in \itemize; meant \describe ? checkRd: (-1) clusterDendrogram.Rd:139-142: Lost braces in \itemize; meant \describe ? checkRd: (-1) clusterDendrogram.Rd:143-147: Lost braces in \itemize; meant \describe ? checkRd: (-1) clusterDendrogram.Rd:148-150: Lost braces in \itemize; meant \describe ? checkRd: (-1) clusterDendrogram.Rd:154-158: Lost braces in \itemize; meant \describe ? checkRd: (-1) clusterDendrogram.Rd:159-172: Lost braces in \itemize; meant \describe ? checkRd: (-1) clusterDendrogram.Rd:163-165: Lost braces in \itemize; meant \describe ? checkRd: (-1) clusterDendrogram.Rd:166-168: Lost braces in \itemize; meant \describe ? checkRd: (-1) clusterDendrogram.Rd:169-170: Lost braces in \itemize; meant \describe ? checkRd: (-1) clusterMany.Rd:210-213: Lost braces in \itemize; \value handles \item{}{} directly checkRd: (-1) clusterMany.Rd:214-215: Lost braces in \itemize; \value handles \item{}{} directly checkRd: (-1) clusterMany.Rd:216-217: Lost braces in \itemize; \value handles \item{}{} directly checkRd: (-1) clusterMany.Rd:218-219: Lost braces in \itemize; \value handles \item{}{} directly checkRd: (-1) clusterSingle.Rd:177-191: Lost braces in \itemize; meant \describe ? checkRd: (-1) clusterSingle.Rd:192-197: Lost braces in \itemize; meant \describe ? checkRd: (-1) clusterSingle.Rd:198-203: Lost braces in \itemize; meant \describe ? checkRd: (-1) clusterSingle.Rd:205-213: Lost braces in \itemize; meant \describe ? checkRd: (-1) clusterSingle.Rd:215-233: Lost braces in \itemize; meant \describe ? checkRd: (-1) clusterSingle.Rd:140: Lost braces in \itemize; \value handles \item{}{} directly checkRd: (-1) clusterSingle.Rd:141-142: Lost braces in \itemize; \value handles \item{}{} directly checkRd: (-1) clusterSingle.Rd:143: Lost braces in \itemize; \value handles \item{}{} directly checkRd: (-1) getBestFeatures.Rd:99-100: Lost braces in \itemize; \value handles \item{}{} directly checkRd: (-1) getBestFeatures.Rd:102-103: Lost braces in \itemize; \value handles \item{}{} directly checkRd: (-1) getBestFeatures.Rd:105-106: Lost braces in \itemize; \value handles \item{}{} directly checkRd: (-1) getBestFeatures.Rd:108-111: Lost braces in \itemize; \value handles \item{}{} directly checkRd: (-1) getBestFeatures.Rd:113-117: Lost braces in \itemize; \value handles \item{}{} directly checkRd: (-1) getBestFeatures.Rd:119-120: Lost braces in \itemize; \value handles \item{}{} directly checkRd: (-1) getBestFeatures.Rd:122-123: Lost braces in \itemize; \value handles \item{}{} directly checkRd: (-1) getClusterIndex.Rd:53: Lost braces in \itemize; meant \describe ? checkRd: (-1) getClusterIndex.Rd:54: Lost braces in \itemize; meant \describe ? checkRd: (-1) getClusterIndex.Rd:55: Lost braces in \itemize; meant \describe ? checkRd: (-1) getClusterIndex.Rd:56: Lost braces in \itemize; meant \describe ? checkRd: (-1) getClusterIndex.Rd:57: Lost braces in \itemize; meant \describe ? checkRd: (-1) mainClustering.Rd:107-108: Lost braces in \itemize; meant \describe ? checkRd: (-1) mainClustering.Rd:109-114: Lost braces in \itemize; meant \describe ? checkRd: (-1) mainClustering.Rd:115-117: Lost braces in \itemize; meant \describe ? checkRd: (-1) mainClustering.Rd:118-119: Lost braces in \itemize; meant \describe ? checkRd: (-1) mainClustering.Rd:88: Lost braces in \itemize; \value handles \item{}{} directly checkRd: (-1) mainClustering.Rd:89: Lost braces in \itemize; \value handles \item{}{} directly checkRd: (-1) makeConsensus.Rd:84-85: Lost braces in \itemize; \value handles \item{}{} directly checkRd: (-1) makeConsensus.Rd:87-89: Lost braces in \itemize; \value handles \item{}{} directly checkRd: (-1) makeConsensus.Rd:89-92: Lost braces 89 | out of those not '-1'} \item{\code{noUnassignedCorrection}{ a vector of | ^ checkRd: (-1) mergeClusters.Rd:186-188: Lost braces in \itemize; \value handles \item{}{} directly checkRd: (-1) mergeClusters.Rd:189-190: Lost braces in \itemize; \value handles \item{}{} directly checkRd: (-1) mergeClusters.Rd:191-195: Lost braces in \itemize; \value handles \item{}{} directly checkRd: (-1) mergeClusters.Rd:196-205: Lost braces in \itemize; \value handles \item{}{} directly checkRd: (-1) mergeClusters.Rd:206-208: Lost braces in \itemize; \value handles \item{}{} directly checkRd: (-1) mergeClusters.Rd:209-211: Lost braces in \itemize; \value handles \item{}{} directly checkRd: (-1) mergeClusters.Rd:223: Lost braces in \itemize; \value handles \item{}{} directly checkRd: (-1) mergeClusters.Rd:224-225: Lost braces in \itemize; \value handles \item{}{} directly checkRd: (-1) mergeClusters.Rd:226-227: Lost braces in \itemize; \value handles \item{}{} directly checkRd: (-1) mergeClusters.Rd:228-230: Lost braces in \itemize; \value handles \item{}{} directly checkRd: (-1) mergeClusters.Rd:231-233: Lost braces in \itemize; \value handles \item{}{} directly checkRd: (-1) plotClusters.Rd:169-172: Lost braces in \itemize; \value handles \item{}{} directly checkRd: (-1) plotClusters.Rd:174-177: Lost braces in \itemize; \value handles \item{}{} directly checkRd: (-1) plotClusters.Rd:179-183: Lost braces in \itemize; \value handles \item{}{} directly checkRd: (-1) plotClusters.Rd:185-189: Lost braces in \itemize; \value handles \item{}{} directly checkRd: (-1) plotClusters.Rd:191-192: Lost braces in \itemize; \value handles \item{}{} directly checkRd: (-1) plotDendrogram.Rd:91: Lost braces in \itemize; \value handles \item{}{} directly checkRd: (-1) plotDendrogram.Rd:92-93: Lost braces in \itemize; \value handles \item{}{} directly checkRd: (-1) plotHeatmap.Rd:294-295: Lost braces in \itemize; meant \describe ? checkRd: (-1) plotHeatmap.Rd:296-299: Lost braces in \itemize; meant \describe ? checkRd: (-1) plotHeatmap.Rd:299-302: Lost braces in \itemize; meant \describe ? checkRd: (-1) plotHeatmap.Rd:302: Lost braces in \itemize; meant \describe ? checkRd: (-1) plotHeatmap.Rd:303: Lost braces in \itemize; meant \describe ? checkRd: (-1) plotHeatmap.Rd:304-307: Lost braces in \itemize; meant \describe ? checkRd: (-1) plotHeatmap.Rd:218-219: Lost braces in \itemize; \value handles \item{}{} directly checkRd: (-1) plotHeatmap.Rd:220-221: Lost braces in \itemize; \value handles \item{}{} directly checkRd: (-1) plotHeatmap.Rd:222-223: Lost braces in \itemize; \value handles \item{}{} directly checkRd: (-1) plotHeatmap.Rd:224-225: Lost braces in \itemize; \value handles \item{}{} directly checkRd: (-1) plottingFunctions.Rd:144-145: Lost braces in \itemize; \value handles \item{}{} directly checkRd: (-1) plottingFunctions.Rd:146-150: Lost braces in \itemize; \value handles \item{}{} directly checkRd: (-1) plottingFunctions.Rd:151-154: Lost braces in \itemize; \value handles \item{}{} directly checkRd: (-1) plottingFunctions.Rd:155-161: Lost braces in \itemize; \value handles \item{}{} directly checkRd: (-1) plottingFunctions.Rd:162-167: Lost braces in \itemize; \value handles \item{}{} directly checkRd: (-1) plottingFunctions.Rd:173-174: Lost braces in \itemize; \value handles \item{}{} directly checkRd: (-1) plottingFunctions.Rd:175-176: Lost braces in \itemize; \value handles \item{}{} directly checkRd: (-1) plottingFunctions.Rd:177-178: Lost braces in \itemize; \value handles \item{}{} directly checkRd: (-1) reduceFunctions.Rd:191-192: Lost braces in \itemize; \value handles \item{}{} directly checkRd: (-1) reduceFunctions.Rd:193-194: Lost braces in \itemize; \value handles \item{}{} directly checkRd: (-1) seqCluster.Rd:80-83: Lost braces in \itemize; \value handles \item{}{} directly checkRd: (-1) seqCluster.Rd:85-88: Lost braces in \itemize; \value handles \item{}{} directly checkRd: (-1) seqCluster.Rd:90-91: Lost braces in \itemize; \value handles \item{}{} directly * checking Rd metadata ... OK * checking Rd cross-references ... OK * checking for missing documentation entries ... OK * checking for code/documentation mismatches ... OK * checking Rd \usage sections ... OK * checking Rd contents ... OK * checking for unstated dependencies in examples ... OK * checking contents of ‘data’ directory ... WARNING Output for data("rsecFluidigm", package = "clusterExperiment"): Search path was changed * checking data for non-ASCII characters ... OK * checking data for ASCII and uncompressed saves ... OK * checking line endings in C/C++/Fortran sources/headers ... OK * checking line endings in Makefiles ... OK * checking compilation flags in Makevars ... OK * checking for GNU extensions in Makefiles ... OK * checking for portable use of $(BLAS_LIBS) and $(LAPACK_LIBS) ... OK * checking use of PKG_*FLAGS in Makefiles ... OK * checking compiled code ... NOTE Note: information on .o files is not available * checking files in ‘vignettes’ ... OK * checking examples ... OK Examples with CPU (user + system) or elapsed time > 5s user system elapsed mergeClusters 6.810 0.144 6.970 getBestFeatures 6.333 0.222 6.567 plotClustersTable 6.352 0.084 6.453 plotReducedDims 5.492 0.052 5.558 plotFeatureBoxplot 5.242 0.036 5.290 * checking for unstated dependencies in ‘tests’ ... OK * checking tests ... Running ‘testthat_a-c.R’ Running ‘testthat_d-i.R’ Running ‘testthat_j-z.R’ OK * checking for unstated dependencies in vignettes ... OK * checking package vignettes ... OK * checking running R code from vignettes ... SKIPPED * checking re-building of vignette outputs ... SKIPPED * checking PDF version of manual ... OK * DONE Status: 1 WARNING, 6 NOTEs See ‘/home/biocbuild/bbs-3.19-bioc/meat/clusterExperiment.Rcheck/00check.log’ for details.
clusterExperiment.Rcheck/00install.out
############################################################################## ############################################################################## ### ### Running command: ### ### /home/biocbuild/R/R-4.4-devel-2024.03.20/bin/R CMD INSTALL clusterExperiment ### ############################################################################## ############################################################################## * installing to library ‘/home/biocbuild/R/R-4.4-devel-2024.03.20/site-library’ * installing *source* package ‘clusterExperiment’ ... ** using staged installation ** libs using C++ compiler: ‘g++ (GCC) 10.3.1’ using C++11 g++ -std=gnu++11 -I"/home/biocbuild/R/R-4.4-devel-2024.03.20/include" -DNDEBUG -I'/home/biocbuild/R/R-4.4-devel-2024.03.20/site-library/Rcpp/include' -I/usr/local/include -fPIC -g -O2 -Wall -c RcppExports.cpp -o RcppExports.o g++ -std=gnu++11 -I"/home/biocbuild/R/R-4.4-devel-2024.03.20/include" -DNDEBUG -I'/home/biocbuild/R/R-4.4-devel-2024.03.20/site-library/Rcpp/include' -I/usr/local/include -fPIC -g -O2 -Wall -c search_pairs.cpp -o search_pairs.o g++ -std=gnu++11 -I"/home/biocbuild/R/R-4.4-devel-2024.03.20/include" -DNDEBUG -I'/home/biocbuild/R/R-4.4-devel-2024.03.20/site-library/Rcpp/include' -I/usr/local/include -fPIC -g -O2 -Wall -c subsampleLoop.cpp -o subsampleLoop.o g++ -std=gnu++11 -shared -L/home/biocbuild/R/R-4.4-devel-2024.03.20/lib -L/usr/local/lib -o clusterExperiment.so RcppExports.o search_pairs.o subsampleLoop.o -lopenblas -lgfortran -lm -L/home/biocbuild/R/R-4.4-devel-2024.03.20/lib -lR installing to /home/biocbuild/R/R-4.4-devel-2024.03.20/site-library/00LOCK-clusterExperiment/00new/clusterExperiment/libs ** R ** data ** byte-compile and prepare package for lazy loading Found more than one class "Annotated" in cache; using the first, from namespace 'S4Vectors' Also defined by ‘RNeXML’ Found more than one class "Annotated" in cache; using the first, from namespace 'S4Vectors' Also defined by ‘RNeXML’ Found more than one class "Annotated" in cache; using the first, from namespace 'S4Vectors' Also defined by ‘RNeXML’ Found more than one class "Annotated" in cache; using the first, from namespace 'S4Vectors' Also defined by ‘RNeXML’ ** help *** installing help indices ** building package indices ** installing vignettes ** testing if installed package can be loaded from temporary location ** checking absolute paths in shared objects and dynamic libraries ** testing if installed package can be loaded from final location ** testing if installed package keeps a record of temporary installation path * DONE (clusterExperiment)
clusterExperiment.Rcheck/tests/testthat_a-c.Rout
R Under development (unstable) (2024-03-19 r86153) -- "Unsuffered Consequences" Copyright (C) 2024 The R Foundation for Statistical Computing Platform: aarch64-unknown-linux-gnu R is free software and comes with ABSOLUTELY NO WARRANTY. You are welcome to redistribute it under certain conditions. Type 'license()' or 'licence()' for distribution details. R is a collaborative project with many contributors. Type 'contributors()' for more information and 'citation()' on how to cite R or R packages in publications. Type 'demo()' for some demos, 'help()' for on-line help, or 'help.start()' for an HTML browser interface to help. Type 'q()' to quit R. > library(testthat) > test_check("clusterExperiment",filter = "^[A-Ca-c]") Loading required package: clusterExperiment Loading required package: SingleCellExperiment Loading required package: SummarizedExperiment Loading required package: MatrixGenerics Loading required package: matrixStats Attaching package: 'MatrixGenerics' The following objects are masked from 'package:matrixStats': colAlls, colAnyNAs, colAnys, colAvgsPerRowSet, colCollapse, colCounts, colCummaxs, colCummins, colCumprods, colCumsums, colDiffs, colIQRDiffs, colIQRs, colLogSumExps, colMadDiffs, colMads, colMaxs, colMeans2, colMedians, colMins, colOrderStats, colProds, colQuantiles, colRanges, colRanks, colSdDiffs, colSds, colSums2, colTabulates, colVarDiffs, colVars, colWeightedMads, colWeightedMeans, colWeightedMedians, colWeightedSds, colWeightedVars, rowAlls, rowAnyNAs, rowAnys, rowAvgsPerColSet, rowCollapse, rowCounts, rowCummaxs, rowCummins, rowCumprods, rowCumsums, rowDiffs, rowIQRDiffs, rowIQRs, rowLogSumExps, rowMadDiffs, rowMads, rowMaxs, rowMeans2, rowMedians, rowMins, rowOrderStats, rowProds, rowQuantiles, rowRanges, rowRanks, rowSdDiffs, rowSds, rowSums2, rowTabulates, rowVarDiffs, rowVars, rowWeightedMads, rowWeightedMeans, rowWeightedMedians, rowWeightedSds, rowWeightedVars Loading required package: GenomicRanges Loading required package: stats4 Loading required package: BiocGenerics Attaching package: 'BiocGenerics' The following objects are masked from 'package:stats': IQR, mad, sd, var, xtabs The following objects are masked from 'package:base': Filter, Find, Map, Position, Reduce, anyDuplicated, aperm, append, as.data.frame, basename, cbind, colnames, dirname, do.call, duplicated, eval, evalq, get, grep, grepl, intersect, is.unsorted, lapply, mapply, match, mget, order, paste, pmax, pmax.int, pmin, pmin.int, rank, rbind, rownames, sapply, setdiff, table, tapply, union, unique, unsplit, which.max, which.min Loading required package: S4Vectors Attaching package: 'S4Vectors' The following object is masked from 'package:utils': findMatches The following objects are masked from 'package:base': I, expand.grid, unname Loading required package: IRanges Loading required package: GenomeInfoDb Loading required package: Biobase Welcome to Bioconductor Vignettes contain introductory material; view with 'browseVignettes()'. To cite Bioconductor, see 'citation("Biobase")', and for packages 'citation("pkgname")'. Attaching package: 'Biobase' The following object is masked from 'package:MatrixGenerics': rowMedians The following objects are masked from 'package:matrixStats': anyMissing, rowMedians Found more than one class "Annotated" in cache; using the first, from namespace 'S4Vectors' Also defined by 'RNeXML' [ FAIL 0 | WARN 0 | SKIP 0 | PASS 832 ] > > proc.time() user system elapsed 481.156 4.612 486.950
clusterExperiment.Rcheck/tests/testthat_d-i.Rout
R Under development (unstable) (2024-03-19 r86153) -- "Unsuffered Consequences" Copyright (C) 2024 The R Foundation for Statistical Computing Platform: aarch64-unknown-linux-gnu R is free software and comes with ABSOLUTELY NO WARRANTY. You are welcome to redistribute it under certain conditions. Type 'license()' or 'licence()' for distribution details. R is a collaborative project with many contributors. Type 'contributors()' for more information and 'citation()' on how to cite R or R packages in publications. Type 'demo()' for some demos, 'help()' for on-line help, or 'help.start()' for an HTML browser interface to help. Type 'q()' to quit R. > library(testthat) > test_check("clusterExperiment",filter = "^[D-Id-i]") Loading required package: clusterExperiment Loading required package: SingleCellExperiment Loading required package: SummarizedExperiment Loading required package: MatrixGenerics Loading required package: matrixStats Attaching package: 'MatrixGenerics' The following objects are masked from 'package:matrixStats': colAlls, colAnyNAs, colAnys, colAvgsPerRowSet, colCollapse, colCounts, colCummaxs, colCummins, colCumprods, colCumsums, colDiffs, colIQRDiffs, colIQRs, colLogSumExps, colMadDiffs, colMads, colMaxs, colMeans2, colMedians, colMins, colOrderStats, colProds, colQuantiles, colRanges, colRanks, colSdDiffs, colSds, colSums2, colTabulates, colVarDiffs, colVars, colWeightedMads, colWeightedMeans, colWeightedMedians, colWeightedSds, colWeightedVars, rowAlls, rowAnyNAs, rowAnys, rowAvgsPerColSet, rowCollapse, rowCounts, rowCummaxs, rowCummins, rowCumprods, rowCumsums, rowDiffs, rowIQRDiffs, rowIQRs, rowLogSumExps, rowMadDiffs, rowMads, rowMaxs, rowMeans2, rowMedians, rowMins, rowOrderStats, rowProds, rowQuantiles, rowRanges, rowRanks, rowSdDiffs, rowSds, rowSums2, rowTabulates, rowVarDiffs, rowVars, rowWeightedMads, rowWeightedMeans, rowWeightedMedians, rowWeightedSds, rowWeightedVars Loading required package: GenomicRanges Loading required package: stats4 Loading required package: BiocGenerics Attaching package: 'BiocGenerics' The following objects are masked from 'package:stats': IQR, mad, sd, var, xtabs The following objects are masked from 'package:base': Filter, Find, Map, Position, Reduce, anyDuplicated, aperm, append, as.data.frame, basename, cbind, colnames, dirname, do.call, duplicated, eval, evalq, get, grep, grepl, intersect, is.unsorted, lapply, mapply, match, mget, order, paste, pmax, pmax.int, pmin, pmin.int, rank, rbind, rownames, sapply, setdiff, table, tapply, union, unique, unsplit, which.max, which.min Loading required package: S4Vectors Attaching package: 'S4Vectors' The following object is masked from 'package:utils': findMatches The following objects are masked from 'package:base': I, expand.grid, unname Loading required package: IRanges Loading required package: GenomeInfoDb Loading required package: Biobase Welcome to Bioconductor Vignettes contain introductory material; view with 'browseVignettes()'. To cite Bioconductor, see 'citation("Biobase")', and for packages 'citation("pkgname")'. Attaching package: 'Biobase' The following object is masked from 'package:MatrixGenerics': rowMedians The following objects are masked from 'package:matrixStats': anyMissing, rowMedians Found more than one class "Annotated" in cache; using the first, from namespace 'S4Vectors' Also defined by 'RNeXML' [ FAIL 0 | WARN 2 | SKIP 0 | PASS 416 ] [ FAIL 0 | WARN 2 | SKIP 0 | PASS 416 ] > > proc.time() user system elapsed 256.027 3.566 260.166
clusterExperiment.Rcheck/tests/testthat_j-z.Rout
R Under development (unstable) (2024-03-19 r86153) -- "Unsuffered Consequences" Copyright (C) 2024 The R Foundation for Statistical Computing Platform: aarch64-unknown-linux-gnu R is free software and comes with ABSOLUTELY NO WARRANTY. You are welcome to redistribute it under certain conditions. Type 'license()' or 'licence()' for distribution details. R is a collaborative project with many contributors. Type 'contributors()' for more information and 'citation()' on how to cite R or R packages in publications. Type 'demo()' for some demos, 'help()' for on-line help, or 'help.start()' for an HTML browser interface to help. Type 'q()' to quit R. > library(testthat) > test_check("clusterExperiment",filter = "^[J-Zj-z]") Loading required package: clusterExperiment Loading required package: SingleCellExperiment Loading required package: SummarizedExperiment Loading required package: MatrixGenerics Loading required package: matrixStats Attaching package: 'MatrixGenerics' The following objects are masked from 'package:matrixStats': colAlls, colAnyNAs, colAnys, colAvgsPerRowSet, colCollapse, colCounts, colCummaxs, colCummins, colCumprods, colCumsums, colDiffs, colIQRDiffs, colIQRs, colLogSumExps, colMadDiffs, colMads, colMaxs, colMeans2, colMedians, colMins, colOrderStats, colProds, colQuantiles, colRanges, colRanks, colSdDiffs, colSds, colSums2, colTabulates, colVarDiffs, colVars, colWeightedMads, colWeightedMeans, colWeightedMedians, colWeightedSds, colWeightedVars, rowAlls, rowAnyNAs, rowAnys, rowAvgsPerColSet, rowCollapse, rowCounts, rowCummaxs, rowCummins, rowCumprods, rowCumsums, rowDiffs, rowIQRDiffs, rowIQRs, rowLogSumExps, rowMadDiffs, rowMads, rowMaxs, rowMeans2, rowMedians, rowMins, rowOrderStats, rowProds, rowQuantiles, rowRanges, rowRanks, rowSdDiffs, rowSds, rowSums2, rowTabulates, rowVarDiffs, rowVars, rowWeightedMads, rowWeightedMeans, rowWeightedMedians, rowWeightedSds, rowWeightedVars Loading required package: GenomicRanges Loading required package: stats4 Loading required package: BiocGenerics Attaching package: 'BiocGenerics' The following objects are masked from 'package:stats': IQR, mad, sd, var, xtabs The following objects are masked from 'package:base': Filter, Find, Map, Position, Reduce, anyDuplicated, aperm, append, as.data.frame, basename, cbind, colnames, dirname, do.call, duplicated, eval, evalq, get, grep, grepl, intersect, is.unsorted, lapply, mapply, match, mget, order, paste, pmax, pmax.int, pmin, pmin.int, rank, rbind, rownames, sapply, setdiff, table, tapply, union, unique, unsplit, which.max, which.min Loading required package: S4Vectors Attaching package: 'S4Vectors' The following object is masked from 'package:utils': findMatches The following objects are masked from 'package:base': I, expand.grid, unname Loading required package: IRanges Loading required package: GenomeInfoDb Loading required package: Biobase Welcome to Bioconductor Vignettes contain introductory material; view with 'browseVignettes()'. To cite Bioconductor, see 'citation("Biobase")', and for packages 'citation("pkgname")'. Attaching package: 'Biobase' The following object is masked from 'package:MatrixGenerics': rowMedians The following objects are masked from 'package:matrixStats': anyMissing, rowMedians Found more than one class "Annotated" in cache; using the first, from namespace 'S4Vectors' Also defined by 'RNeXML' [ FAIL 0 | WARN 0 | SKIP 0 | PASS 367 ] > > proc.time() user system elapsed 236.039 3.945 240.376
clusterExperiment.Rcheck/clusterExperiment-Ex.timings
name | user | system | elapsed | |
ClusterExperiment-class | 0.510 | 0.024 | 0.535 | |
ClusterExperiment-methods | 3.370 | 0.200 | 3.578 | |
ClusterFunction-class | 0.011 | 0.004 | 0.015 | |
addClusterings | 1.610 | 0.044 | 1.657 | |
assignUnassigned | 0 | 0 | 0 | |
builtInClusteringFunctions | 0.000 | 0.000 | 0.001 | |
clusterContrasts | 0 | 0 | 0 | |
clusterDendrogram | 0.943 | 0.000 | 0.945 | |
clusterMany | 0 | 0 | 0 | |
clusterSingle | 0.536 | 0.008 | 0.545 | |
fluidigmData | 0 | 0 | 0 | |
getBestFeatures | 6.333 | 0.222 | 6.567 | |
getClusterIndex | 0.867 | 0.008 | 0.876 | |
getClusterManyParams | 0 | 0 | 0 | |
mainClustering | 2.116 | 0.024 | 2.143 | |
makeConsensus | 0 | 0 | 0 | |
makeDendrogram | 4.232 | 0.192 | 4.432 | |
mergeClusters | 6.810 | 0.144 | 6.970 | |
numericalAsCharacter | 0.001 | 0.000 | 0.000 | |
plotBarplot | 0 | 0 | 0 | |
plotClusters | 0 | 0 | 0 | |
plotClustersTable | 6.352 | 0.084 | 6.453 | |
plotClustersWorkflow | 0.001 | 0.000 | 0.000 | |
plotContrastHeatmap | 4.047 | 0.095 | 4.152 | |
plotDendrogram | 4.280 | 0.004 | 4.294 | |
plotFeatureBoxplot | 5.242 | 0.036 | 5.290 | |
plotFeatureScatter | 4.641 | 0.088 | 4.740 | |
plotHeatmap | 0 | 0 | 0 | |
plotReducedDims | 5.492 | 0.052 | 5.558 | |
plottingFunctions | 1.198 | 0.008 | 1.209 | |
reduceFunctions | 0.932 | 0.020 | 0.957 | |
renameClusters | 0.501 | 0.004 | 0.507 | |
rsecFluidigm | 0.001 | 0.000 | 0.000 | |
seqCluster | 0 | 0 | 0 | |
simData | 0 | 0 | 0 | |
subsampleClustering | 0 | 0 | 0 | |
subset | 1.081 | 0.004 | 1.087 | |
transformData | 0.276 | 0.000 | 0.278 | |
workflowClusters | 0.000 | 0.000 | 0.001 | |