Back to Multiple platform build/check report for BioC 3.19:   simplified   long
A[B]CDEFGHIJKLMNOPQRSTUVWXYZ

This page was generated on 2023-12-07 12:27:14 -0500 (Thu, 07 Dec 2023).

HostnameOSArch (*)R versionInstalled pkgs
nebbiolo1Linux (Ubuntu 22.04.2 LTS)x86_64R Under development (unstable) (2023-11-11 r85510) -- "Unsuffered Consequences" 4609
palomino3Windows Server 2022 Datacenterx64R Under development (unstable) (2023-11-14 r85524 ucrt) -- "Unsuffered Consequences" 4369
merida1macOS 12.7.1 Montereyx86_64R Under development (unstable) (2023-11-11 r85510) -- "Unsuffered Consequences" 4375
kunpeng2Linux (openEuler 22.03 LTS-SP1)aarch64R Under development (unstable) (2023-11-01 r85459) -- "Unsuffered Consequences" 4262
Click on any hostname to see more info about the system (e.g. compilers)      (*) as reported by 'uname -p', except on Windows and Mac OS X

Package 233/2229HostnameOS / ArchINSTALLBUILDCHECKBUILD BIN
brainflowprobes 1.17.0  (landing page)
Amanda Price
Snapshot Date: 2023-12-06 14:00:17 -0500 (Wed, 06 Dec 2023)
git_url: https://git.bioconductor.org/packages/brainflowprobes
git_branch: devel
git_last_commit: 4f150c7
git_last_commit_date: 2023-10-24 11:18:05 -0500 (Tue, 24 Oct 2023)
nebbiolo1Linux (Ubuntu 22.04.2 LTS) / x86_64  OK    OK    OK  UNNEEDED, same version is already published
palomino3Windows Server 2022 Datacenter / x64  OK    OK    OK    OK  UNNEEDED, same version is already published
merida1macOS 12.7.1 Monterey / x86_64  OK    OK    OK    OK  UNNEEDED, same version is already published
kunpeng2Linux (openEuler 22.03 LTS-SP1) / aarch64  OK    ERROR  skipped

BUILD results for brainflowprobes on kunpeng2


To the developers/maintainers of the brainflowprobes package:
- Allow up to 24 hours (and sometimes 48 hours) for your latest push to git@git.bioconductor.org:packages/brainflowprobes.git to reflect on this report. See Troubleshooting Build Report for more information.
- Use the following Renviron settings to reproduce errors and warnings.
- If 'R CMD check' started to fail recently on the Linux builder(s) over a missing dependency, add the missing dependency to 'Suggests:' in your DESCRIPTION file. See Renviron.bioc for more information.
- See Martin Grigorov's blog post for how to debug Linux ARM64 related issues on a x86_64 host.

raw results


Summary

Package: brainflowprobes
Version: 1.17.0
Command: /home/biocbuild/R/R-4.4-devel-2023.11.02/bin/R CMD build --keep-empty-dirs --no-resave-data brainflowprobes
StartedAt: 2023-12-06 21:50:45 -0000 (Wed, 06 Dec 2023)
EndedAt: 2023-12-06 21:52:23 -0000 (Wed, 06 Dec 2023)
EllapsedTime: 98.1 seconds
RetCode: 1
Status:   ERROR  
PackageFile: None
PackageFileSize: NA

Command output

##############################################################################
##############################################################################
###
### Running command:
###
###   /home/biocbuild/R/R-4.4-devel-2023.11.02/bin/R CMD build --keep-empty-dirs --no-resave-data brainflowprobes
###
##############################################################################
##############################################################################


* checking for file ‘brainflowprobes/DESCRIPTION’ ... OK
* preparing ‘brainflowprobes’:
* checking DESCRIPTION meta-information ... OK
* installing the package to build vignettes
* creating vignettes ... ERROR
--- re-building ‘brainflowprobes-vignette.Rmd’ using rmarkdown

Quitting from lines 129-130 [annotate] (brainflowprobes-vignette.Rmd)
Error: processing vignette 'brainflowprobes-vignette.Rmd' failed with diagnostics:
Corrupt Cache: index file
  See AnnotationHub's TroubleshootingTheCache vignette section on corrupt cache
  cache: /home/biocbuild/.cache/R/AnnotationHub
  filename: annotationhub.index.rds
--- failed re-building ‘brainflowprobes-vignette.Rmd’

SUMMARY: processing the following file failed:
  ‘brainflowprobes-vignette.Rmd’

Error: Vignette re-building failed.
Execution halted