Back to Multiple platform build/check report for BioC 3.19:   simplified   long
ABCDEFGHIJKLMNO[P]QRSTUVWXYZ

This page was generated on 2024-02-18 02:29:02 -0500 (Sun, 18 Feb 2024).

HostnameOSArch (*)R versionInstalled pkgs
nebbiolo1Linux (Ubuntu 22.04.3 LTS)x86_64R Under development (unstable) (2024-01-16 r85808) -- "Unsuffered Consequences" 4657
palomino3Windows Server 2022 Datacenterx64R Under development (unstable) (2024-01-14 r85805 ucrt) -- "Unsuffered Consequences" 4397
merida1macOS 12.7.1 Montereyx86_64R Under development (unstable) (2024-01-16 r85808) -- "Unsuffered Consequences" 4424
kunpeng2Linux (openEuler 22.03 LTS-SP1)aarch64R Under development (unstable) (2024-01-16 r85812) -- "Unsuffered Consequences" 4400
Click on any hostname to see more info about the system (e.g. compilers)      (*) as reported by 'uname -p', except on Windows and Mac OS X

Package 1586/2244HostnameOS / ArchINSTALLBUILDCHECKBUILD BIN
ProteoDisco 1.9.0  (landing page)
Job van Riet
Snapshot Date: 2024-02-16 14:10:20 -0500 (Fri, 16 Feb 2024)
git_url: https://git.bioconductor.org/packages/ProteoDisco
git_branch: devel
git_last_commit: 1285cb1
git_last_commit_date: 2023-10-24 11:36:01 -0500 (Tue, 24 Oct 2023)
nebbiolo1Linux (Ubuntu 22.04.3 LTS) / x86_64  OK    OK    WARNINGS  UNNEEDED, same version is already published
palomino3Windows Server 2022 Datacenter / x64  OK    OK    WARNINGS    OK  UNNEEDED, same version is already published
merida1macOS 12.7.1 Monterey / x86_64  OK    OK    WARNINGS    OK  UNNEEDED, same version is already published
kunpeng2Linux (openEuler 22.03 LTS-SP1) / aarch64  OK    OK    WARNINGS  

CHECK results for ProteoDisco on merida1


To the developers/maintainers of the ProteoDisco package:
- Allow up to 24 hours (and sometimes 48 hours) for your latest push to git@git.bioconductor.org:packages/ProteoDisco.git to reflect on this report. See Troubleshooting Build Report for more information.
- Use the following Renviron settings to reproduce errors and warnings.
- If 'R CMD check' started to fail recently on the Linux builder(s) over a missing dependency, add the missing dependency to 'Suggests:' in your DESCRIPTION file. See Renviron.bioc for more information.

raw results


Summary

Package: ProteoDisco
Version: 1.9.0
Command: /Library/Frameworks/R.framework/Resources/bin/R CMD check --install=check:ProteoDisco.install-out.txt --library=/Library/Frameworks/R.framework/Resources/library --no-vignettes --timings ProteoDisco_1.9.0.tar.gz
StartedAt: 2024-02-17 08:43:59 -0500 (Sat, 17 Feb 2024)
EndedAt: 2024-02-17 09:01:57 -0500 (Sat, 17 Feb 2024)
EllapsedTime: 1077.5 seconds
RetCode: 0
Status:   WARNINGS  
CheckDir: ProteoDisco.Rcheck
Warnings: 2

Command output

##############################################################################
##############################################################################
###
### Running command:
###
###   /Library/Frameworks/R.framework/Resources/bin/R CMD check --install=check:ProteoDisco.install-out.txt --library=/Library/Frameworks/R.framework/Resources/library --no-vignettes --timings ProteoDisco_1.9.0.tar.gz
###
##############################################################################
##############################################################################


* using log directory ‘/Users/biocbuild/bbs-3.19-bioc/meat/ProteoDisco.Rcheck’
* using R Under development (unstable) (2024-01-16 r85808)
* using platform: x86_64-apple-darwin20
* R was compiled by
    Apple clang version 14.0.0 (clang-1400.0.29.202)
    GNU Fortran (GCC) 12.2.0
* running under: macOS Monterey 12.7.1
* using session charset: UTF-8
* using option ‘--no-vignettes’
* checking for file ‘ProteoDisco/DESCRIPTION’ ... OK
* checking extension type ... Package
* this is package ‘ProteoDisco’ version ‘1.9.0’
* package encoding: UTF-8
* checking package namespace information ... OK
* checking package dependencies ... OK
* checking if this is a source package ... OK
* checking if there is a namespace ... OK
* checking for hidden files and directories ... OK
* checking for portable file names ... OK
* checking for sufficient/correct file permissions ... OK
* checking whether package ‘ProteoDisco’ can be installed ... WARNING
Found the following significant warnings:
  Warning: replacing previous import ‘dplyr::rename’ by ‘plyr::rename’ when loading ‘ProteoDisco’
  Warning: replacing previous import ‘dplyr::count’ by ‘plyr::count’ when loading ‘ProteoDisco’
  Warning: replacing previous import ‘dplyr::failwith’ by ‘plyr::failwith’ when loading ‘ProteoDisco’
  Warning: replacing previous import ‘dplyr::id’ by ‘plyr::id’ when loading ‘ProteoDisco’
  Warning: replacing previous import ‘dplyr::summarize’ by ‘plyr::summarize’ when loading ‘ProteoDisco’
  Warning: replacing previous import ‘dplyr::summarise’ by ‘plyr::summarise’ when loading ‘ProteoDisco’
  Warning: replacing previous import ‘dplyr::mutate’ by ‘plyr::mutate’ when loading ‘ProteoDisco’
  Warning: replacing previous import ‘dplyr::desc’ by ‘plyr::desc’ when loading ‘ProteoDisco’
  Warning: replacing previous import ‘dplyr::arrange’ by ‘plyr::arrange’ when loading ‘ProteoDisco’
See ‘/Users/biocbuild/bbs-3.19-bioc/meat/ProteoDisco.Rcheck/00install.out’ for details.
* checking installed package size ... OK
* checking package directory ... OK
* checking ‘build’ directory ... OK
* checking DESCRIPTION meta-information ... OK
* checking top-level files ... OK
* checking for left-over files ... OK
* checking index information ... OK
* checking package subdirectories ... OK
* checking R files for non-ASCII characters ... OK
* checking R files for syntax errors ... OK
* checking whether the package can be loaded ... OK
* checking whether the package can be loaded with stated dependencies ... OK
* checking whether the package can be unloaded cleanly ... OK
* checking whether the namespace can be loaded with stated dependencies ... NOTE
Warning: no function found corresponding to methods exports from ‘ProteoDisco’ for: ‘show’

A namespace must be able to be loaded with just the base namespace
loaded: otherwise if the namespace gets loaded by a saved object, the
session will be unable to start.

Probably some imports need to be declared in the NAMESPACE file.
* checking whether the namespace can be unloaded cleanly ... OK
* checking dependencies in R code ... OK
* checking S3 generic/method consistency ... OK
* checking replacement functions ... OK
* checking foreign function calls ... OK
* checking R code for possible problems ... OK
* checking Rd files ... OK
* checking Rd metadata ... OK
* checking Rd cross-references ... OK
* checking for missing documentation entries ... WARNING
Undocumented S4 methods:
  generic 'show' and siglist 'ProteoDiscography'
All user-level objects in a package (including S4 classes and methods)
should have documentation entries.
See chapter ‘Writing R documentation files’ in the ‘Writing R
Extensions’ manual.
* checking for code/documentation mismatches ... OK
* checking Rd \usage sections ... OK
* checking Rd contents ... OK
* checking for unstated dependencies in examples ... OK
* checking contents of ‘data’ directory ... OK
* checking data for non-ASCII characters ... NOTE
  Error loading dataset 'ProteoDiscographyExample.hg19':
   Error in h(simpleError(msg, call)) : 
    error in evaluating the argument 'x' in selecting a method for function 'seqlevels': UCSC library operation failed
  
* checking data for ASCII and uncompressed saves ... OK
* checking installed files from ‘inst/doc’ ... OK
* checking files in ‘vignettes’ ... OK
* checking examples ... OK
Examples with CPU (user + system) or elapsed time > 5s
                             user system elapsed
incorporateGenomicVariants 79.373  2.090  92.712
generateJunctionModels     33.092  4.390  44.226
importGenomicVariants.MAF   7.292  0.650   8.653
importGenomicVariants       6.720  0.179   7.567
importGenomicVariants.VCF   6.465  0.165   7.255
* checking for unstated dependencies in ‘tests’ ... OK
* checking tests ...
  Running ‘testthat.R’
 OK
* checking for unstated dependencies in vignettes ... OK
* checking package vignettes ... OK
* checking running R code from vignettes ... SKIPPED
* checking re-building of vignette outputs ... SKIPPED
* checking PDF version of manual ... OK
* DONE

Status: 2 WARNINGs, 2 NOTEs
See
  ‘/Users/biocbuild/bbs-3.19-bioc/meat/ProteoDisco.Rcheck/00check.log’
for details.



Installation output

ProteoDisco.Rcheck/00install.out

##############################################################################
##############################################################################
###
### Running command:
###
###   /Library/Frameworks/R.framework/Resources/bin/R CMD INSTALL ProteoDisco
###
##############################################################################
##############################################################################


* installing to library ‘/Library/Frameworks/R.framework/Versions/4.4-x86_64/Resources/library’
* installing *source* package ‘ProteoDisco’ ...
** using staged installation
** R
** data
** inst
** byte-compile and prepare package for lazy loading
Warning: replacing previous import ‘dplyr::rename’ by ‘plyr::rename’ when loading ‘ProteoDisco’
Warning: replacing previous import ‘dplyr::count’ by ‘plyr::count’ when loading ‘ProteoDisco’
Warning: replacing previous import ‘dplyr::failwith’ by ‘plyr::failwith’ when loading ‘ProteoDisco’
Warning: replacing previous import ‘dplyr::id’ by ‘plyr::id’ when loading ‘ProteoDisco’
Warning: replacing previous import ‘dplyr::summarize’ by ‘plyr::summarize’ when loading ‘ProteoDisco’
Warning: replacing previous import ‘dplyr::summarise’ by ‘plyr::summarise’ when loading ‘ProteoDisco’
Warning: replacing previous import ‘dplyr::mutate’ by ‘plyr::mutate’ when loading ‘ProteoDisco’
Warning: replacing previous import ‘dplyr::desc’ by ‘plyr::desc’ when loading ‘ProteoDisco’
Warning: replacing previous import ‘dplyr::arrange’ by ‘plyr::arrange’ when loading ‘ProteoDisco’
** help
*** installing help indices
** building package indices
** installing vignettes
** testing if installed package can be loaded from temporary location
Warning: replacing previous import ‘dplyr::rename’ by ‘plyr::rename’ when loading ‘ProteoDisco’
Warning: replacing previous import ‘dplyr::count’ by ‘plyr::count’ when loading ‘ProteoDisco’
Warning: replacing previous import ‘dplyr::failwith’ by ‘plyr::failwith’ when loading ‘ProteoDisco’
Warning: replacing previous import ‘dplyr::id’ by ‘plyr::id’ when loading ‘ProteoDisco’
Warning: replacing previous import ‘dplyr::summarize’ by ‘plyr::summarize’ when loading ‘ProteoDisco’
Warning: replacing previous import ‘dplyr::summarise’ by ‘plyr::summarise’ when loading ‘ProteoDisco’
Warning: replacing previous import ‘dplyr::mutate’ by ‘plyr::mutate’ when loading ‘ProteoDisco’
Warning: replacing previous import ‘dplyr::desc’ by ‘plyr::desc’ when loading ‘ProteoDisco’
Warning: replacing previous import ‘dplyr::arrange’ by ‘plyr::arrange’ when loading ‘ProteoDisco’
** testing if installed package can be loaded from final location
Warning: replacing previous import ‘dplyr::rename’ by ‘plyr::rename’ when loading ‘ProteoDisco’
Warning: replacing previous import ‘dplyr::count’ by ‘plyr::count’ when loading ‘ProteoDisco’
Warning: replacing previous import ‘dplyr::failwith’ by ‘plyr::failwith’ when loading ‘ProteoDisco’
Warning: replacing previous import ‘dplyr::id’ by ‘plyr::id’ when loading ‘ProteoDisco’
Warning: replacing previous import ‘dplyr::summarize’ by ‘plyr::summarize’ when loading ‘ProteoDisco’
Warning: replacing previous import ‘dplyr::summarise’ by ‘plyr::summarise’ when loading ‘ProteoDisco’
Warning: replacing previous import ‘dplyr::mutate’ by ‘plyr::mutate’ when loading ‘ProteoDisco’
Warning: replacing previous import ‘dplyr::desc’ by ‘plyr::desc’ when loading ‘ProteoDisco’
Warning: replacing previous import ‘dplyr::arrange’ by ‘plyr::arrange’ when loading ‘ProteoDisco’
** testing if installed package keeps a record of temporary installation path
* DONE (ProteoDisco)

Tests output

ProteoDisco.Rcheck/tests/testthat.Rout


R Under development (unstable) (2024-01-16 r85808) -- "Unsuffered Consequences"
Copyright (C) 2024 The R Foundation for Statistical Computing
Platform: x86_64-apple-darwin20

R is free software and comes with ABSOLUTELY NO WARRANTY.
You are welcome to redistribute it under certain conditions.
Type 'license()' or 'licence()' for distribution details.

R is a collaborative project with many contributors.
Type 'contributors()' for more information and
'citation()' on how to cite R or R packages in publications.

Type 'demo()' for some demos, 'help()' for on-line help, or
'help.start()' for an HTML browser interface to help.
Type 'q()' to quit R.

> Sys.setenv("R_TESTS" = "")
> 
> library(testthat)
> library(ProteoDisco)
Warning messages:
1: replacing previous import 'dplyr::rename' by 'plyr::rename' when loading 'ProteoDisco' 
2: replacing previous import 'dplyr::count' by 'plyr::count' when loading 'ProteoDisco' 
3: replacing previous import 'dplyr::failwith' by 'plyr::failwith' when loading 'ProteoDisco' 
4: replacing previous import 'dplyr::id' by 'plyr::id' when loading 'ProteoDisco' 
5: replacing previous import 'dplyr::summarize' by 'plyr::summarize' when loading 'ProteoDisco' 
6: replacing previous import 'dplyr::summarise' by 'plyr::summarise' when loading 'ProteoDisco' 
7: replacing previous import 'dplyr::mutate' by 'plyr::mutate' when loading 'ProteoDisco' 
8: replacing previous import 'dplyr::desc' by 'plyr::desc' when loading 'ProteoDisco' 
9: replacing previous import 'dplyr::arrange' by 'plyr::arrange' when loading 'ProteoDisco' 
> 
> testthat::test_check("ProteoDisco")
ProteoDisco - Importing manual transcript sequences to the ProteoDiscography.
ProteoDisco - Importing splice-junctions to the ProteoDiscography.
ProteoDisco - Generating splice-junctions models based on 9 unique (sample-specific or aggregated) splice-junctions.
Retrieving all CDS-records from the TxDb.

  |                                                                            
  |                                                                      |   0%Retrieving overlapping or adjacent CDS for each splice-junction: testSJ
Retrieving 5'-adjacent or overlapping CDS.
Retrieving 3'-adjacent or overlapping CDS.

  |                                                                            
  |======================================================================| 100%

ProteoDisco - Ignoring subsetting on shared seqlevels as a BSgenome was given.
ProteoDisco - Generating the annotation database (ProteoDiscography)
ProteoDisco - Importing genomic variants from 1 file(s) to the ProteoDiscography.
ProteoDisco - Importing 1 VCF file(s).

  |                                                                            
  |                                                                      |   0%ProteoDisco - Importing /Library/Frameworks/R.framework/Versions/4.4-x86_64/Resources/library/ProteoDisco/extdata/validationSet_hg19.vcf
ProteoDisco - Checking sanity of reference anchors for validationSet_hg19.vcf.
ProteoDisco - Checking sanity of reference anchors in chr1 (using 1 threads)
ProteoDisco - Checking sanity of reference anchors in chr2 (using 1 threads)
ProteoDisco - Checking sanity of reference anchors in chr3 (using 1 threads)
ProteoDisco - Checking sanity of reference anchors in chr6 (using 1 threads)
ProteoDisco - Checking sanity of reference anchors in chr7 (using 1 threads)
ProteoDisco - Checking sanity of reference anchors in chr10 (using 1 threads)
ProteoDisco - Checking sanity of reference anchors in chr11 (using 1 threads)
ProteoDisco - Checking sanity of reference anchors in chr13 (using 1 threads)
ProteoDisco - Checking sanity of reference anchors in chr14 (using 1 threads)
ProteoDisco - Checking sanity of reference anchors in chr17 (using 1 threads)
ProteoDisco - Checking sanity of reference anchors in chr19 (using 1 threads)
ProteoDisco - Checking sanity of reference anchors in chrX (using 1 threads)

  |                                                                            
  |======================================================================| 100%

	ProteoDisco - Calculating a prelim. overlap of genomic mutations with given annotations
ProteoDisco - Adding SNV/MNV and InDel mutations to transcript sequences.
	ProteoDisco - Finding overlap of mutations with CDS within the TxDb.
	ProteoDisco - Incorporating mutations within the CDS sequence(s).
		Working on sample: validationSet_hg19.vcf (28 overlapping CDS; 4 threads)

  |                                                                            
  |                                                                      |   0%
  |                                                                            
  |==                                                                    |   3%
  |                                                                            
  |====                                                                  |   6%
  |                                                                            
  |======                                                                |   9%
  |                                                                            
  |========                                                              |  12%
  |                                                                            
  |===========                                                           |  15%
  |                                                                            
  |=============                                                         |  18%
  |                                                                            
  |===============                                                       |  21%
  |                                                                            
  |=================                                                     |  24%
  |                                                                            
  |===================                                                   |  27%
  |                                                                            
  |=====================                                                 |  30%
  |                                                                            
  |=======================                                               |  33%
  |                                                                            
  |=========================                                             |  36%
  |                                                                            
  |============================                                          |  39%
  |                                                                            
  |==============================                                        |  42%
  |                                                                            
  |================================                                      |  45%
  |                                                                            
  |==================================                                    |  48%
  |                                                                            
  |====================================                                  |  52%
  |                                                                            
  |======================================                                |  55%
  |                                                                            
  |========================================                              |  58%
  |                                                                            
  |==========================================                            |  61%
  |                                                                            
  |=============================================                         |  64%
  |                                                                            
  |===============================================                       |  67%
  |                                                                            
  |=================================================                     |  70%
  |                                                                            
  |===================================================                   |  73%
  |                                                                            
  |=====================================================                 |  76%
  |                                                                            
  |=======================================================               |  79%
  |                                                                            
  |=========================================================             |  82%
  |                                                                            
  |===========================================================           |  85%
  |                                                                            
  |==============================================================        |  88%
  |                                                                            
  |================================================================      |  91%
  |                                                                            
  |==================================================================    |  94%
  |                                                                            
  |====================================================================  |  97%
  |                                                                            
  |======================================================================| 100%

	ProteoDisco - Generating mutant transcript sequence(s) by replacing wild-type to mutant CDS.
		Working on sample: validationSet_hg19.vcf (33 mutant CDS; 4 threads)

  |                                                                            
  |                                                                      |   0%
  |                                                                            
  |=                                                                     |   1%
  |                                                                            
  |==                                                                    |   3%
  |                                                                            
  |===                                                                   |   4%
  |                                                                            
  |====                                                                  |   6%
  |                                                                            
  |=====                                                                 |   7%
  |                                                                            
  |======                                                                |   9%
  |                                                                            
  |=======                                                               |  10%
  |                                                                            
  |========                                                              |  11%
  |                                                                            
  |=========                                                             |  13%
  |                                                                            
  |==========                                                            |  14%
  |                                                                            
  |===========                                                           |  16%
  |                                                                            
  |============                                                          |  17%
  |                                                                            
  |=============                                                         |  19%
  |                                                                            
  |==============                                                        |  20%
  |                                                                            
  |===============                                                       |  21%
  |                                                                            
  |================                                                      |  23%
  |                                                                            
  |=================                                                     |  24%
  |                                                                            
  |==================                                                    |  26%
  |                                                                            
  |===================                                                   |  27%
  |                                                                            
  |====================                                                  |  29%
  |                                                                            
  |=====================                                                 |  30%
  |                                                                            
  |======================                                                |  31%
  |                                                                            
  |=======================                                               |  33%
  |                                                                            
  |========================                                              |  34%
  |                                                                            
  |=========================                                             |  36%
  |                                                                            
  |==========================                                            |  37%
  |                                                                            
  |===========================                                           |  39%
  |                                                                            
  |============================                                          |  40%
  |                                                                            
  |=============================                                         |  41%
  |                                                                            
  |==============================                                        |  43%
  |                                                                            
  |===============================                                       |  44%
  |                                                                            
  |================================                                      |  46%
  |                                                                            
  |=================================                                     |  47%
  |                                                                            
  |==================================                                    |  49%
  |                                                                            
  |===================================                                   |  50%
  |                                                                            
  |====================================                                  |  51%
  |                                                                            
  |=====================================                                 |  53%
  |                                                                            
  |======================================                                |  54%
  |                                                                            
  |=======================================                               |  56%
  |                                                                            
  |========================================                              |  57%
  |                                                                            
  |=========================================                             |  59%
  |                                                                            
  |==========================================                            |  60%
  |                                                                            
  |===========================================                           |  61%
  |                                                                            
  |============================================                          |  63%
  |                                                                            
  |=============================================                         |  64%
  |                                                                            
  |==============================================                        |  66%
  |                                                                            
  |===============================================                       |  67%
  |                                                                            
  |================================================                      |  69%
  |                                                                            
  |=================================================                     |  70%
  |                                                                            
  |==================================================                    |  71%
  |                                                                            
  |===================================================                   |  73%
  |                                                                            
  |====================================================                  |  74%
  |                                                                            
  |=====================================================                 |  76%
  |                                                                            
  |======================================================                |  77%
  |                                                                            
  |=======================================================               |  79%
  |                                                                            
  |========================================================              |  80%
  |                                                                            
  |=========================================================             |  81%
  |                                                                            
  |==========================================================            |  83%
  |                                                                            
  |===========================================================           |  84%
  |                                                                            
  |============================================================          |  86%
  |                                                                            
  |=============================================================         |  87%
  |                                                                            
  |==============================================================        |  89%
  |                                                                            
  |===============================================================       |  90%
  |                                                                            
  |================================================================      |  91%
  |                                                                            
  |=================================================================     |  93%
  |                                                                            
  |==================================================================    |  94%
  |                                                                            
  |===================================================================   |  96%
  |                                                                            
  |====================================================================  |  97%
  |                                                                            
  |===================================================================== |  99%
  |                                                                            
  |======================================================================| 100%

Retrieving 3' UTR
	ProteoDisco - Adding mutant transcripts to the ProteoDiscography.
ProteoDisco - Adding SNV/MNV and InDel mutations to transcript sequences.
	ProteoDisco - Finding overlap of mutations with CDS within the TxDb.
	ProteoDisco - Incorporating mutations within the CDS sequence(s).
		Working on sample: validationSet_hg19.vcf (28 overlapping CDS; 4 threads)

  |                                                                            
  |                                                                      |   0%
  |                                                                            
  |==                                                                    |   3%
  |                                                                            
  |====                                                                  |   6%
  |                                                                            
  |======                                                                |   9%
  |                                                                            
  |========                                                              |  12%
  |                                                                            
  |===========                                                           |  15%
  |                                                                            
  |=============                                                         |  18%
  |                                                                            
  |===============                                                       |  21%
  |                                                                            
  |=================                                                     |  24%
  |                                                                            
  |===================                                                   |  27%
  |                                                                            
  |=====================                                                 |  30%
  |                                                                            
  |=======================                                               |  33%
  |                                                                            
  |=========================                                             |  36%
  |                                                                            
  |============================                                          |  39%
  |                                                                            
  |==============================                                        |  42%
  |                                                                            
  |================================                                      |  45%
  |                                                                            
  |==================================                                    |  48%
  |                                                                            
  |====================================                                  |  52%
  |                                                                            
  |======================================                                |  55%
  |                                                                            
  |========================================                              |  58%
  |                                                                            
  |==========================================                            |  61%
  |                                                                            
  |=============================================                         |  64%
  |                                                                            
  |===============================================                       |  67%
  |                                                                            
  |=================================================                     |  70%
  |                                                                            
  |===================================================                   |  73%
  |                                                                            
  |=====================================================                 |  76%
  |                                                                            
  |=======================================================               |  79%
  |                                                                            
  |=========================================================             |  82%
  |                                                                            
  |===========================================================           |  85%
  |                                                                            
  |==============================================================        |  88%
  |                                                                            
  |================================================================      |  91%
  |                                                                            
  |==================================================================    |  94%
  |                                                                            
  |====================================================================  |  97%
  |                                                                            
  |======================================================================| 100%

	ProteoDisco - Generating mutant transcript sequence(s) by replacing wild-type to mutant CDS.
		Working on sample: validationSet_hg19.vcf (34 mutant CDS; 4 threads)

  |                                                                            
  |                                                                      |   0%
  |                                                                            
  |=                                                                     |   1%
  |                                                                            
  |==                                                                    |   3%
  |                                                                            
  |===                                                                   |   4%
  |                                                                            
  |====                                                                  |   6%
  |                                                                            
  |=====                                                                 |   7%
  |                                                                            
  |======                                                                |   9%
  |                                                                            
  |=======                                                               |  10%
  |                                                                            
  |========                                                              |  11%
  |                                                                            
  |=========                                                             |  13%
  |                                                                            
  |==========                                                            |  14%
  |                                                                            
  |===========                                                           |  16%
  |                                                                            
  |============                                                          |  17%
  |                                                                            
  |=============                                                         |  19%
  |                                                                            
  |==============                                                        |  20%
  |                                                                            
  |===============                                                       |  21%
  |                                                                            
  |================                                                      |  23%
  |                                                                            
  |=================                                                     |  24%
  |                                                                            
  |==================                                                    |  26%
  |                                                                            
  |===================                                                   |  27%
  |                                                                            
  |====================                                                  |  29%
  |                                                                            
  |=====================                                                 |  30%
  |                                                                            
  |======================                                                |  31%
  |                                                                            
  |=======================                                               |  33%
  |                                                                            
  |========================                                              |  34%
  |                                                                            
  |=========================                                             |  36%
  |                                                                            
  |==========================                                            |  37%
  |                                                                            
  |===========================                                           |  39%
  |                                                                            
  |============================                                          |  40%
  |                                                                            
  |=============================                                         |  41%
  |                                                                            
  |==============================                                        |  43%
  |                                                                            
  |===============================                                       |  44%
  |                                                                            
  |================================                                      |  46%
  |                                                                            
  |=================================                                     |  47%
  |                                                                            
  |==================================                                    |  49%
  |                                                                            
  |===================================                                   |  50%
  |                                                                            
  |====================================                                  |  51%
  |                                                                            
  |=====================================                                 |  53%
  |                                                                            
  |======================================                                |  54%
  |                                                                            
  |=======================================                               |  56%
  |                                                                            
  |========================================                              |  57%
  |                                                                            
  |=========================================                             |  59%
  |                                                                            
  |==========================================                            |  60%
  |                                                                            
  |===========================================                           |  61%
  |                                                                            
  |============================================                          |  63%
  |                                                                            
  |=============================================                         |  64%
  |                                                                            
  |==============================================                        |  66%
  |                                                                            
  |===============================================                       |  67%
  |                                                                            
  |================================================                      |  69%
  |                                                                            
  |=================================================                     |  70%
  |                                                                            
  |==================================================                    |  71%
  |                                                                            
  |===================================================                   |  73%
  |                                                                            
  |====================================================                  |  74%
  |                                                                            
  |=====================================================                 |  76%
  |                                                                            
  |======================================================                |  77%
  |                                                                            
  |=======================================================               |  79%
  |                                                                            
  |========================================================              |  80%
  |                                                                            
  |=========================================================             |  81%
  |                                                                            
  |==========================================================            |  83%
  |                                                                            
  |===========================================================           |  84%
  |                                                                            
  |============================================================          |  86%
  |                                                                            
  |=============================================================         |  87%
  |                                                                            
  |==============================================================        |  89%
  |                                                                            
  |===============================================================       |  90%
  |                                                                            
  |================================================================      |  91%
  |                                                                            
  |=================================================================     |  93%
  |                                                                            
  |==================================================================    |  94%
  |                                                                            
  |===================================================================   |  96%
  |                                                                            
  |====================================================================  |  97%
  |                                                                            
  |===================================================================== |  99%
  |                                                                            
  |======================================================================| 100%

Retrieving 3' UTR
	ProteoDisco - Adding mutant transcripts to the ProteoDiscography.
ProteoDisco - Exporting mutant protein isoforms.
	Exporting 99 mutant protein sequences.
	Writing to test.FASTA.
[ FAIL 0 | WARN 3 | SKIP 0 | PASS 11 ]

[ FAIL 0 | WARN 3 | SKIP 0 | PASS 11 ]
> 
> proc.time()
   user  system elapsed 
311.941 109.723 271.098 

Example timings

ProteoDisco.Rcheck/ProteoDisco-Ex.timings

nameusersystemelapsed
checkProteotypicFragments0.6950.0520.869
exportProteoDiscography0.8310.0280.968
generateJunctionModels33.092 4.39044.226
generateProteoDiscography0.0040.0070.011
getDiscography0.6320.1070.812
importGenomicVariants.MAF7.2920.6508.653
importGenomicVariants6.7200.1797.567
importGenomicVariants.VCF6.4650.1657.255
importSpliceJunctions0.9340.0761.158
importTranscriptSequences0.5180.0110.576
incorporateGenomicVariants79.373 2.09092.712
mutantTranscripts0.5340.0130.596
setGenomicSequences0.4820.0120.551
setMutantTranscripts0.7250.0200.829
setTxDb0.4740.0150.544