Back to Multiple platform build/check report for BioC 3.19:   simplified   long
ABCDEFGHIJK[L]MNOPQRSTUVWXYZ

This page was generated on 2023-12-05 11:39:07 -0500 (Tue, 05 Dec 2023).

HostnameOSArch (*)R versionInstalled pkgs
nebbiolo1Linux (Ubuntu 22.04.2 LTS)x86_64R Under development (unstable) (2023-11-11 r85510) -- "Unsuffered Consequences" 4605
palomino3Windows Server 2022 Datacenterx64R Under development (unstable) (2023-11-14 r85524 ucrt) -- "Unsuffered Consequences" 4346
merida1macOS 12.7.1 Montereyx86_64R Under development (unstable) (2023-11-11 r85510) -- "Unsuffered Consequences" 4371
kunpeng2Linux (openEuler 22.03 LTS-SP1)aarch64R Under development (unstable) (2023-11-01 r85459) -- "Unsuffered Consequences" 4258
Click on any hostname to see more info about the system (e.g. compilers)      (*) as reported by 'uname -p', except on Windows and Mac OS X

Package 1096/2226HostnameOS / ArchINSTALLBUILDCHECKBUILD BIN
LRBaseDbi 2.13.0  (landing page)
Koki Tsuyuzaki
Snapshot Date: 2023-12-04 14:00:14 -0500 (Mon, 04 Dec 2023)
git_url: https://git.bioconductor.org/packages/LRBaseDbi
git_branch: devel
git_last_commit: 3a90c41
git_last_commit_date: 2023-10-24 11:06:45 -0500 (Tue, 24 Oct 2023)
nebbiolo1Linux (Ubuntu 22.04.2 LTS) / x86_64  OK    OK    WARNINGS  UNNEEDED, same version is already published
palomino3Windows Server 2022 Datacenter / x64  OK    OK    OK    OK  UNNEEDED, same version is already published
merida1macOS 12.7.1 Monterey / x86_64  OK    OK    OK    OK  UNNEEDED, same version is already published
kunpeng2Linux (openEuler 22.03 LTS-SP1) / aarch64  OK    ERROR  skipped

BUILD results for LRBaseDbi on kunpeng2


To the developers/maintainers of the LRBaseDbi package:
- Allow up to 24 hours (and sometimes 48 hours) for your latest push to git@git.bioconductor.org:packages/LRBaseDbi.git to reflect on this report. See Troubleshooting Build Report for more information.
- Use the following Renviron settings to reproduce errors and warnings.
- If 'R CMD check' started to fail recently on the Linux builder(s) over a missing dependency, add the missing dependency to 'Suggests:' in your DESCRIPTION file. See Renviron.bioc for more information.
- See Martin Grigorov's blog post for how to debug Linux ARM64 related issues on a x86_64 host.

raw results


Summary

Package: LRBaseDbi
Version: 2.13.0
Command: /home/biocbuild/R/R-4.4-devel-2023.11.02/bin/R CMD build --keep-empty-dirs --no-resave-data LRBaseDbi
StartedAt: 2023-12-04 23:33:17 -0000 (Mon, 04 Dec 2023)
EndedAt: 2023-12-04 23:33:45 -0000 (Mon, 04 Dec 2023)
EllapsedTime: 28.0 seconds
RetCode: 1
Status:   ERROR  
PackageFile: None
PackageFileSize: NA

Command output

##############################################################################
##############################################################################
###
### Running command:
###
###   /home/biocbuild/R/R-4.4-devel-2023.11.02/bin/R CMD build --keep-empty-dirs --no-resave-data LRBaseDbi
###
##############################################################################
##############################################################################


* checking for file ‘LRBaseDbi/DESCRIPTION’ ... OK
* preparing ‘LRBaseDbi’:
* checking DESCRIPTION meta-information ... OK
* installing the package to build vignettes
* creating vignettes ... ERROR
--- re-building ‘LRBaseDbi.Rnw’ using Sweave
LRBase.XXX.eg.db-type packages are deprecated since Bioconductor 3.14. Use AnnotationHub instead. For details, check the vignette of LRBaseDbi
Loading required package: BiocGenerics

Attaching package: ‘BiocGenerics’

The following objects are masked from ‘package:stats’:

    IQR, mad, sd, var, xtabs

The following objects are masked from ‘package:base’:

    Filter, Find, Map, Position, Reduce, anyDuplicated, aperm, append,
    as.data.frame, basename, cbind, colnames, dirname, do.call,
    duplicated, eval, evalq, get, grep, grepl, intersect, is.unsorted,
    lapply, mapply, match, mget, order, paste, pmax, pmax.int, pmin,
    pmin.int, rank, rbind, rownames, sapply, setdiff, table, tapply,
    union, unique, unsplit, which.max, which.min

Loading required package: BiocFileCache
Loading required package: dbplyr

Error: processing vignette 'LRBaseDbi.Rnw' failed with diagnostics:
 chunk 2 
Error : Corrupt Cache: index file
  See AnnotationHub's TroubleshootingTheCache vignette section on corrupt cache
  cache: /home/biocbuild/.cache/R/AnnotationHub
  filename: annotationhub.index.rds

--- failed re-building ‘LRBaseDbi.Rnw’

SUMMARY: processing the following file failed:
  ‘LRBaseDbi.Rnw’

Error: Vignette re-building failed.
Execution halted